000
CDUS45 KLKN 280939
CLITPH


CLIMATE REPORT
NATIONAL WEATHER SERVICE ELKO NV
235 AM PDT FRI JUL 28 2017


...................................

...THE TONOPAH AIRPORT NV CLIMATE SUMMARY FOR JULY 27 2017...

CLIMATE NORMAL PERIOD 1981 TO 2010
CLIMATE RECORD PERIOD 1954 TO 2017


WEATHER ITEM   OBSERVED TIME   RECORD YEAR NORMAL DEPARTURE LAST
                VALUE   (LST)  VALUE       VALUE  FROM      YEAR
                                                  NORMAL
..................................................................
TEMPERATURE (F)
 YESTERDAY
  MAXIMUM         84    610 PM 101    2016  93     -9      101
  MINIMUM         60    610 AM  44    1965  58      2       65
  AVERAGE         72                        75     -3       83

PRECIPITATION (IN)
  YESTERDAY        T             0.45 2013   0.01  -0.01     0.00
  MONTH TO DATE    0.66                      0.37   0.29     0.08
  SINCE OCT 1      3.44                      4.27  -0.83     5.74
  SINCE JAN 1      2.91                      3.18  -0.27     2.36

DEGREE DAYS
 HEATING
  YESTERDAY        0                         0      0        0
  MONTH TO DATE    0                         0      0        0
  SINCE JUN 1     31                        50    -19       10
  SINCE JUL 1      0                         0      0        0

 COOLING
  YESTERDAY        7                        10     -3       18
  MONTH TO DATE  389                       258    131      305
  SINCE JUN 1    676                       403    273      575
  SINCE JAN 1    709                       430    279      583
..................................................................


WIND (MPH)
  HIGHEST WIND SPEED    14   HIGHEST WIND DIRECTION     N (350)
  HIGHEST GUST SPEED    24   HIGHEST GUST DIRECTION     N (350)
  AVERAGE WIND SPEED     3.0



WEATHER CONDITIONS
 THE FOLLOWING WEATHER WAS RECORDED YESTERDAY.
  THUNDERSTORM
  HEAVY RAIN
  LIGHT RAIN


RELATIVE HUMIDITY (PERCENT)
 HIGHEST    82           510 AM
 LOWEST     24           600 PM
 AVERAGE    53

..........................................................


THE TONOPAH AIRPORT NV CLIMATE NORMALS FOR TODAY
                         NORMAL    RECORD    YEAR
 MAXIMUM TEMPERATURE (F)   92       104      2016
 MINIMUM TEMPERATURE (F)   58        47      1965


SUNRISE AND SUNSET
JULY 28 2017..........SUNRISE   548 AM PDT   SUNSET   801 PM PDT
JULY 29 2017..........SUNRISE   549 AM PDT   SUNSET   800 PM PDT


-  INDICATES NEGATIVE NUMBERS.
R  INDICATES RECORD WAS SET OR TIED.
MM INDICATES DATA IS MISSING.
T  INDICATES TRACE AMOUNT.




$$
