000
CDUS45 KLKN 250027
CLITPH


CLIMATE REPORT
NATIONAL WEATHER SERVICE ELKO NV
526 PM PDT THU APR 24 2014


...................................

...THE TONOPAH AIRPORT NV CLIMATE SUMMARY FOR APRIL 24 2014...
VALID TODAY AS OF 500 PM LOCAL TIME.

CLIMATE NORMAL PERIOD 1981 TO 2010
CLIMATE RECORD PERIOD 1954 TO 2014


WEATHER ITEM   OBSERVED TIME   RECORD YEAR NORMAL DEPARTURE LAST
                VALUE   (LST)  VALUE       VALUE  FROM      YEAR
                                                  NORMAL
..................................................................
TEMPERATURE (F)
 TODAY
  MAXIMUM         71    313 PM  83    1996  67      4       67
  MINIMUM         36    505 AM  19    1964  37     -1       39
  AVERAGE         54                        52      2       53

PRECIPITATION (IN)
  TODAY            0.00          0.16 1994   0.01  -0.01     0.00
  MONTH TO DATE    0.01                      0.34  -0.33     0.15
  SINCE OCT 1      1.16                      3.01  -1.85     1.98
  SINCE JAN 1      0.70                      1.92  -1.22     0.76

DEGREE DAYS
 HEATING
  TODAY           11                        13     -2       12
  MONTH TO DATE  290                       393   -103      357
  SINCE MAR 1    904                      1078   -174      883
  SINCE JUL 1   4677                      5120   -443     4717

 COOLING
  TODAY            0                         0      0        0
  MONTH TO DATE    0                         0      0        0
  SINCE MAR 1      0                         0      0        0
  SINCE JAN 1      0                         0      0        0
..................................................................


WIND (MPH)
  HIGHEST WIND SPEED    15   HIGHEST WIND DIRECTION    SE (150)
  HIGHEST GUST SPEED    21   HIGHEST GUST DIRECTION     W (260)



WEATHER CONDITIONS
 THE FOLLOWING WEATHER WAS RECORDED TODAY.
  NO SIGNIFICANT WEATHER WAS OBSERVED.


RELATIVE HUMIDITY (PERCENT)
 HIGHEST    29           500 AM
 LOWEST     10           300 PM
 AVERAGE    20

..........................................................


THE TONOPAH AIRPORT NV CLIMATE NORMALS FOR TOMORROW
                         NORMAL    RECORD    YEAR
 MAXIMUM TEMPERATURE (F)   67        79      1992
                                             1987
                                             1966
 MINIMUM TEMPERATURE (F)   37        18      1989


SUNRISE AND SUNSET
APRIL 24 2014.........SUNRISE   601 AM PDT   SUNSET   733 PM PDT
APRIL 25 2014.........SUNRISE   559 AM PDT   SUNSET   734 PM PDT


-  INDICATES NEGATIVE NUMBERS.
R  INDICATES RECORD WAS SET OR TIED.
MM INDICATES DATA IS MISSING.
T  INDICATES TRACE AMOUNT.




$$
