000
CDUS45 KLKN 260928
CLITPH


CLIMATE REPORT
NATIONAL WEATHER SERVICE ELKO NV
227 AM PDT SAT JUL 26 2014


...................................

...THE TONOPAH AIRPORT NV CLIMATE SUMMARY FOR JULY 25 2014...

CLIMATE NORMAL PERIOD 1981 TO 2010
CLIMATE RECORD PERIOD 1954 TO 2014


WEATHER ITEM   OBSERVED TIME   RECORD YEAR NORMAL DEPARTURE LAST
                VALUE   (LST)  VALUE       VALUE  FROM      YEAR
                                                  NORMAL
..................................................................
TEMPERATURE (F)
 YESTERDAY
  MAXIMUM         98    314 PM 102    1980  93      5       97
  MINIMUM         60    511 AM  45    1983  58      2       66
  AVERAGE         79                        75      4       82

PRECIPITATION (IN)
  YESTERDAY        0.00          1.27 1982   0.02  -0.02     0.00
  MONTH TO DATE    1.08                      0.34   0.74     0.44
  SINCE OCT 1      2.46                      4.24  -1.78     2.61
  SINCE JAN 1      2.00                      3.15  -1.15     1.39

DEGREE DAYS
 HEATING
  YESTERDAY        0                         0      0        0
  MONTH TO DATE    0                         0      0        0
  SINCE JUN 1     15                        50    -35        3
  SINCE JUL 1      0                         0      0        0

 COOLING
  YESTERDAY       14                        10      4       17
  MONTH TO DATE  336                       238     98      346
  SINCE JUN 1    552                       383    169      598
  SINCE JAN 1    586                       410    176      621
..................................................................


WIND (MPH)
  HIGHEST WIND SPEED    25   HIGHEST WIND DIRECTION    SW (240)
  HIGHEST GUST SPEED    31   HIGHEST GUST DIRECTION    SW (240)
  AVERAGE WIND SPEED     8.4



WEATHER CONDITIONS
 THE FOLLOWING WEATHER WAS RECORDED YESTERDAY.
  NO SIGNIFICANT WEATHER WAS OBSERVED.


RELATIVE HUMIDITY (PERCENT)
 HIGHEST    24           200 AM
 LOWEST      5           100 PM
 AVERAGE    15

..........................................................


THE TONOPAH AIRPORT NV CLIMATE NORMALS FOR TODAY
                         NORMAL    RECORD    YEAR
 MAXIMUM TEMPERATURE (F)   93       101      1980
 MINIMUM TEMPERATURE (F)   58        43      1983


SUNRISE AND SUNSET
JULY 26 2014..........SUNRISE   546 AM PDT   SUNSET   803 PM PDT
JULY 27 2014..........SUNRISE   547 AM PDT   SUNSET   802 PM PDT


-  INDICATES NEGATIVE NUMBERS.
R  INDICATES RECORD WAS SET OR TIED.
MM INDICATES DATA IS MISSING.
T  INDICATES TRACE AMOUNT.




$$
