000
CDUS45 KLKN 010041
CLITPH


CLIMATE REPORT
NATIONAL WEATHER SERVICE ELKO NV
440 PM PST SAT FEB 28 2015


...................................

...THE TONOPAH AIRPORT NV CLIMATE SUMMARY FOR FEBRUARY 28 2015...
VALID TODAY AS OF 0400 PM LOCAL TIME.

CLIMATE NORMAL PERIOD 1981 TO 2010
CLIMATE RECORD PERIOD 1954 TO 2015


WEATHER ITEM   OBSERVED TIME   RECORD YEAR NORMAL DEPARTURE LAST
                VALUE   (LST)  VALUE       VALUE  FROM      YEAR
                                                  NORMAL
..................................................................
TEMPERATURE (F)
 TODAY
  MAXIMUM         46   1147 AM  71    1986  53     -7       45
  MINIMUM         26    617 AM   5    1962  27     -1       33
  AVERAGE         36                        40     -4       39

PRECIPITATION (IN)
  TODAY            T             0.43 1973   0.02  -0.02     0.34
  MONTH TO DATE    0.01                      0.52  -0.51     0.55
  SINCE OCT 1      0.66                      2.10  -1.44     1.12
  SINCE JAN 1      0.18                      1.01  -0.83     0.66

DEGREE DAYS
 HEATING
  TODAY           29                        25      4       26
  MONTH TO DATE  553                       790   -237      700
  SINCE DEC 1   2209                      2825   -616     2546
  SINCE JUL 1   3122                      4042   -920     3773

 COOLING
  TODAY            0                         0      0        0
  MONTH TO DATE    0                         0      0        0
  SINCE DEC 1      0                         0      0        0
  SINCE JAN 1      0                         0      0        0
..................................................................


WIND (MPH)
  HIGHEST WIND SPEED    24   HIGHEST WIND DIRECTION    SW (210)
  HIGHEST GUST SPEED    30   HIGHEST GUST DIRECTION     S (200)



WEATHER CONDITIONS
 THE FOLLOWING WEATHER WAS RECORDED TODAY.
  FOG
  FOG W/VISIBILITY <= 1/4 MILE


RELATIVE HUMIDITY (PERCENT)
 HIGHEST    92           800 AM
 LOWEST     33          1200 PM
 AVERAGE    63

..........................................................


THE TONOPAH AIRPORT NV CLIMATE NORMALS FOR TOMORROW
                         NORMAL    RECORD    YEAR
 MAXIMUM TEMPERATURE (F)   53        70      1986
 MINIMUM TEMPERATURE (F)   27         6      1962


SUNRISE AND SUNSET
FEBRUARY 28 2015......SUNRISE   622 AM PST   SUNSET   541 PM PST
MARCH  1 2015.........SUNRISE   620 AM PST   SUNSET   542 PM PST


-  INDICATES NEGATIVE NUMBERS.
R  INDICATES RECORD WAS SET OR TIED.
MM INDICATES DATA IS MISSING.
T  INDICATES TRACE AMOUNT.




$$
