000
CDUS45 KLKN 280930
CLITPH


CLIMATE REPORT
NATIONAL WEATHER SERVICE ELKO NV
129 AM PST SUN DEC 28 2014


...................................

...THE TONOPAH AIRPORT NV CLIMATE SUMMARY FOR DECEMBER 27 2014...

CLIMATE NORMAL PERIOD 1981 TO 2010
CLIMATE RECORD PERIOD 1954 TO 2014


WEATHER ITEM   OBSERVED TIME   RECORD YEAR NORMAL DEPARTURE LAST
                VALUE   (LST)  VALUE       VALUE  FROM      YEAR
                                                  NORMAL
..................................................................
TEMPERATURE (F)
 YESTERDAY
  MAXIMUM         34    310 PM  58    1980  44    -10       52
                                      1956
  MINIMUM         12    703 AM  -4    1988  19     -7       19
  AVERAGE         23                        31     -8       36

PRECIPITATION (IN)
  YESTERDAY        0.00          0.10 1971   0.01  -0.01     0.00
  MONTH TO DATE    0.35                      0.27   0.08     0.04
  SINCE OCT 1      0.48                      1.05  -0.57     0.46
  SINCE JAN 1      4.19                      5.20  -1.01     4.49

DEGREE DAYS
 HEATING
  YESTERDAY       42                        34      8       29
  MONTH TO DATE  738                       894   -156      940
  SINCE DEC 1    738                       894   -156      940
  SINCE JUL 1   1651                      2111   -460     2167

 COOLING
  YESTERDAY        0                         0      0        0
  MONTH TO DATE    0                         0      0        0
  SINCE DEC 1      0                         0      0        0
  SINCE JAN 1   1004                       783    221     1042
..................................................................


WIND (MPH)
  HIGHEST WIND SPEED    14   HIGHEST WIND DIRECTION    NE (30)
  HIGHEST GUST SPEED    17   HIGHEST GUST DIRECTION     N (20)
  AVERAGE WIND SPEED     6.9



WEATHER CONDITIONS
 THE FOLLOWING WEATHER WAS RECORDED YESTERDAY.
  NO SIGNIFICANT WEATHER WAS OBSERVED.


RELATIVE HUMIDITY (PERCENT)
 HIGHEST    70           200 AM
 LOWEST     32           300 PM
 AVERAGE    51

..........................................................


THE TONOPAH AIRPORT NV CLIMATE NORMALS FOR TODAY
                         NORMAL    RECORD    YEAR
 MAXIMUM TEMPERATURE (F)   44        64      1980
 MINIMUM TEMPERATURE (F)   19         0      1971


SUNRISE AND SUNSET
DECEMBER 28 2014......SUNRISE   704 AM PST   SUNSET   436 PM PST
DECEMBER 29 2014......SUNRISE   704 AM PST   SUNSET   437 PM PST


-  INDICATES NEGATIVE NUMBERS.
R  INDICATES RECORD WAS SET OR TIED.
MM INDICATES DATA IS MISSING.
T  INDICATES TRACE AMOUNT.




$$
