000
CDUS45 KLKN 280931
CLITPH


CLIMATE REPORT
NATIONAL WEATHER SERVICE ELKO NV
229 AM PDT SUN MAY 28 2017


...................................

...THE TONOPAH AIRPORT NV CLIMATE SUMMARY FOR MAY 27 2017...

CLIMATE NORMAL PERIOD 1981 TO 2010
CLIMATE RECORD PERIOD 1954 TO 2017


WEATHER ITEM   OBSERVED TIME   RECORD YEAR NORMAL DEPARTURE LAST
                VALUE   (LST)  VALUE       VALUE  FROM      YEAR
                                                  NORMAL
..................................................................
TEMPERATURE (F)
 YESTERDAY
  MAXIMUM         77    510 PM  94    2003  78     -1       75
  MINIMUM         48    507 AM  29    1998  46      2       43
  AVERAGE         63                        62      1       59

PRECIPITATION (IN)
  YESTERDAY        0.00          0.48 1996   0.02  -0.02     0.00
  MONTH TO DATE    0.79                      0.46   0.33     0.31
  SINCE OCT 1      2.78                      3.55  -0.77     5.54
  SINCE JAN 1      2.25                      2.46  -0.21     2.16

DEGREE DAYS
 HEATING
  YESTERDAY        2                         5     -3        6
  MONTH TO DATE  160                       204    -44      229
  SINCE MAR 1   1113                      1355   -242     1208
  SINCE JUL 1   4978                      5397   -419     5135

 COOLING
  YESTERDAY        0                         2     -2        0
  MONTH TO DATE   21                        16      5        1
  SINCE MAR 1     21                        17      4        1
  SINCE JAN 1     21                        17      4        1
..................................................................


WIND (MPH)
  HIGHEST WIND SPEED    17   HIGHEST WIND DIRECTION     N (10)
  HIGHEST GUST SPEED    21   HIGHEST GUST DIRECTION     N (10)
  AVERAGE WIND SPEED     8.8



WEATHER CONDITIONS
 THE FOLLOWING WEATHER WAS RECORDED YESTERDAY.
  NO SIGNIFICANT WEATHER WAS OBSERVED.


RELATIVE HUMIDITY (PERCENT)
 HIGHEST    46           500 AM
 LOWEST      9           600 PM
 AVERAGE    28

..........................................................


THE TONOPAH AIRPORT NV CLIMATE NORMALS FOR TODAY
                         NORMAL    RECORD    YEAR
 MAXIMUM TEMPERATURE (F)   78        96      2003
 MINIMUM TEMPERATURE (F)   46        30      1971


SUNRISE AND SUNSET
MAY 28 2017...........SUNRISE   529 AM PDT   SUNSET   803 PM PDT
MAY 29 2017...........SUNRISE   528 AM PDT   SUNSET   804 PM PDT


-  INDICATES NEGATIVE NUMBERS.
R  INDICATES RECORD WAS SET OR TIED.
MM INDICATES DATA IS MISSING.
T  INDICATES TRACE AMOUNT.




$$
