000
CDUS45 KLKN 211245
CLITPH


CLIMATE REPORT
NATIONAL WEATHER SERVICE ELKO NV
545 AM PDT THU SEP 1  2017


...................................

...THE TONOPAH AIRPORT NV CLIMATE SUMMARY FOR SEPTEMBER 20 2017...

CLIMATE NORMAL PERIOD 1981 TO 2010
CLIMATE RECORD PERIOD 1954 TO 2017


WEATHER ITEM   OBSERVED TIME   RECORD YEAR NORMAL DEPARTURE LAST
                VALUE   (LST)  VALUE       VALUE  FROM      YEAR
                                                  NORMAL
..................................................................
TEMPERATURE (F)
 YESTERDAY
  MAXIMUM         81        MM  89    1991  79      2       84
  MINIMUM         45        MM  30    1978  47     -2       49
  AVERAGE         63                        63      0       67

PRECIPITATION (IN)
  YESTERDAY        0.00          0.45 2014   0.01  -0.01     0.00
  MONTH TO DATE    0.09                      0.26  -0.17     0.04
  SINCE OCT 1      4.04                      5.12  -1.08     5.78
  SINCE JAN 1      3.51                      4.03  -0.52     2.40

DEGREE DAYS
 HEATING
  YESTERDAY        2                         3     -1        0
  MONTH TO DATE   12                        36    -24       30
  SINCE SEP 1     12                        36    -24       30
  SINCE JUL 1     12                        42    -30       30

 COOLING
  YESTERDAY        0                         1     -1        2
  MONTH TO DATE  117                        61     56       58
  SINCE SEP 1    117                        61     56       58
  SINCE JAN 1   1222                       774    448     1021
..................................................................


WIND (MPH)
  HIGHEST WIND SPEED    21   HIGHEST WIND DIRECTION     S (200)
  HIGHEST GUST SPEED    38   HIGHEST GUST DIRECTION     S (170)
  AVERAGE WIND SPEED     8.8



WEATHER CONDITIONS
 THE FOLLOWING WEATHER WAS RECORDED YESTERDAY.
  NO SIGNIFICANT WEATHER WAS OBSERVED.


RELATIVE HUMIDITY (PERCENT)
 HIGHEST    41           300 AM
 LOWEST     19           400 PM
 AVERAGE    30

..........................................................


THE TONOPAH AIRPORT NV CLIMATE NORMALS FOR TODAY
                         NORMAL    RECORD    YEAR
 MAXIMUM TEMPERATURE (F)   79        89      1987
 MINIMUM TEMPERATURE (F)   46        30      1968


SUNRISE AND SUNSET
SEPTEMBER 21 2017.....SUNRISE   636 AM PDT   SUNSET   646 PM PDT
SEPTEMBER 22 2017.....SUNRISE   636 AM PDT   SUNSET   645 PM PDT


-  INDICATES NEGATIVE NUMBERS.
R  INDICATES RECORD WAS SET OR TIED.
MM INDICATES DATA IS MISSING.
T  INDICATES TRACE AMOUNT.




$$
