000
CDUS45 KLKN 230928
CLITPH


CLIMATE REPORT
NATIONAL WEATHER SERVICE ELKO NV
128 AM PST SUN NOV 23 2014


...................................

...THE TONOPAH AIRPORT NV CLIMATE SUMMARY FOR NOVEMBER 22 2014...

CLIMATE NORMAL PERIOD 1981 TO 2010
CLIMATE RECORD PERIOD 1954 TO 2014


WEATHER ITEM   OBSERVED TIME   RECORD YEAR NORMAL DEPARTURE LAST
                VALUE   (LST)  VALUE       VALUE  FROM      YEAR
                                                  NORMAL
..................................................................
TEMPERATURE (F)
 YESTERDAY
  MAXIMUM         64    248 PM  66    1954  51     13       40
  MINIMUM         27    620 AM  11    1983  24      3       30
                                      1979
  AVERAGE         46                        37      9       35

PRECIPITATION (IN)
  YESTERDAY        0.00          0.37 1965   0.01  -0.01     0.00
  MONTH TO DATE    0.13                      0.32  -0.19     0.27
  SINCE OCT 1      0.13                      0.66  -0.53     0.42
  SINCE JAN 1      3.84                      4.81  -0.97     4.45

DEGREE DAYS
 HEATING
  YESTERDAY       19                        28     -9       30
  MONTH TO DATE  451                       511    -60      466
  SINCE SEP 1    727                       977   -250     1028
  SINCE JUL 1    727                       983   -256     1028

 COOLING
  YESTERDAY        0                         0      0        0
  MONTH TO DATE    0                         0      0        0
  SINCE SEP 1    141                        70     71      121
  SINCE JAN 1   1004                       783    221     1042
..................................................................


WIND (MPH)
  HIGHEST WIND SPEED    35   HIGHEST WIND DIRECTION     N (350)
  HIGHEST GUST SPEED    46   HIGHEST GUST DIRECTION     N (350)
  AVERAGE WIND SPEED    14.0



WEATHER CONDITIONS
 THE FOLLOWING WEATHER WAS RECORDED YESTERDAY.
  NO SIGNIFICANT WEATHER WAS OBSERVED.


RELATIVE HUMIDITY (PERCENT)
 HIGHEST    63           400 AM
 LOWEST     17           500 PM
 AVERAGE    40

..........................................................


THE TONOPAH AIRPORT NV CLIMATE NORMALS FOR TODAY
                         NORMAL    RECORD    YEAR
 MAXIMUM TEMPERATURE (F)   50        68      1954
 MINIMUM TEMPERATURE (F)   24        11      1994


SUNRISE AND SUNSET
NOVEMBER 23 2014......SUNRISE   638 AM PST   SUNSET   432 PM PST
NOVEMBER 24 2014......SUNRISE   639 AM PST   SUNSET   431 PM PST


-  INDICATES NEGATIVE NUMBERS.
R  INDICATES RECORD WAS SET OR TIED.
MM INDICATES DATA IS MISSING.
T  INDICATES TRACE AMOUNT.




$$
