000
CDUS45 KLKN 270031
CLITPH


CLIMATE REPORT
NATIONAL WEATHER SERVICE ELKO NV
527 PM PDT THU MAY 26 2016


...................................

...THE TONOPAH AIRPORT NV CLIMATE SUMMARY FOR MAY 26 2016...
VALID TODAY AS OF 500 PM LOCAL TIME.

CLIMATE NORMAL PERIOD 1981 TO 2010
CLIMATE RECORD PERIOD 1954 TO 2016


WEATHER ITEM   OBSERVED TIME   RECORD YEAR NORMAL DEPARTURE LAST
                VALUE   (LST)  VALUE       VALUE  FROM      YEAR
                                                  NORMAL
..................................................................
TEMPERATURE (F)
 TODAY
  MAXIMUM         70    342 PM  91    1986  78     -8       78
  MINIMUM         40    400 AM  31    1980  46     -6       47
  AVERAGE         55                        62     -7       63

PRECIPITATION (IN)
  TODAY            0.00          0.41 1981   0.02  -0.02     0.00
  MONTH TO DATE    0.31                      0.44  -0.13     1.24
  SINCE OCT 1      5.54                      3.53   2.01     2.29
  SINCE JAN 1      2.16                      2.44  -0.28     1.81

DEGREE DAYS
 HEATING
  TODAY           10                         5      5        2
  MONTH TO DATE  223                       199     24      241
  SINCE MAR 1   1202                      1350   -148     1127
  SINCE JUL 1   5129                      5392   -263     4249

 COOLING
  TODAY            0                         2     -2        0
  MONTH TO DATE    1                        14    -13        0
  SINCE MAR 1      1                        15    -14        0
  SINCE JAN 1      1                        15    -14        0
..................................................................


WIND (MPH)
  HIGHEST WIND SPEED    22   HIGHEST WIND DIRECTION    NW (330)
  HIGHEST GUST SPEED    30   HIGHEST GUST DIRECTION    NW (320)



WEATHER CONDITIONS
 THE FOLLOWING WEATHER WAS RECORDED TODAY.
  NO SIGNIFICANT WEATHER WAS OBSERVED.


RELATIVE HUMIDITY (PERCENT)
 HIGHEST    85           400 AM
 LOWEST     22           200 PM
 AVERAGE    54

..........................................................


THE TONOPAH AIRPORT NV CLIMATE NORMALS FOR TOMORROW
                         NORMAL    RECORD    YEAR
 MAXIMUM TEMPERATURE (F)   78        94      2003
 MINIMUM TEMPERATURE (F)   46        29      1998


SUNRISE AND SUNSET
MAY 26 2016...........SUNRISE   530 AM PDT   SUNSET   802 PM PDT
MAY 27 2016...........SUNRISE   529 AM PDT   SUNSET   802 PM PDT


-  INDICATES NEGATIVE NUMBERS.
R  INDICATES RECORD WAS SET OR TIED.
MM INDICATES DATA IS MISSING.
T  INDICATES TRACE AMOUNT.




$$
