000
CDUS44 KMRX 162227
CLITRI


CLIMATE REPORT
NATIONAL WEATHER SERVICE MORRISTOWN TN
527 PM EST MON JAN 16 2017


...................................

...THE TRI-CITIES      ASOS CLIMATE SUMMARY FOR JANUARY 16 2017...
VALID TODAY AS OF 0500 PM LOCAL TIME.

CLIMATE NORMAL PERIOD 1981 TO 2010
CLIMATE RECORD PERIOD 1934 TO 2017


WEATHER ITEM   OBSERVED TIME   RECORD YEAR NORMAL DEPARTURE LAST
                VALUE   (LST)  VALUE       VALUE  FROM      YEAR
                                                  NORMAL
..................................................................
TEMPERATURE (F)
 TODAY
  MAXIMUM         69    128 PM  72    1949  45     24       45
  MINIMUM         52    816 AM  -4    1964  25     27       34
  AVERAGE         61                        35     26       40

PRECIPITATION (IN)
  TODAY            0.00          1.05 2013   0.12  -0.12     0.04
  MONTH TO DATE    1.28                      1.71  -0.43     1.16
  SINCE DEC 1      6.64                      5.08   1.56     6.43
  SINCE JAN 1      1.28                      1.71  -0.43     1.16

SNOWFALL (IN)
  TODAY            0.0                       0.2   -0.2      0.0
  MONTH TO DATE    3.7                       2.4    1.3       T
  SINCE DEC 1      3.7                       4.8   -1.1       T
  SINCE JUL 1      3.7                       5.1   -1.4       T
  SNOW DEPTH       0

DEGREE DAYS
 HEATING
  TODAY            4                        30    -26       25
  MONTH TO DATE  346                       480   -134      479
  SINCE DEC 1   1124                      1323   -199      922
  SINCE JUL 1   1743                      2209   -466     1565

 COOLING
  TODAY            0                         0      0        0
  MONTH TO DATE    0                         0      0        0
  SINCE DEC 1      0                         0      0        0
  SINCE JAN 1      0                         0      0        0
..................................................................


WIND (MPH)
  HIGHEST WIND SPEED    20   HIGHEST WIND DIRECTION    SW (240)
  HIGHEST GUST SPEED    23   HIGHEST GUST DIRECTION    SW (240)
  AVERAGE WIND SPEED     2.4


SKY COVER
  POSSIBLE SUNSHINE  MM
  AVERAGE SKY COVER 0.9


WEATHER CONDITIONS
 THE FOLLOWING WEATHER WAS RECORDED TODAY.
  FOG
  FOG W/VISIBILITY <= 1/4 MILE


RELATIVE HUMIDITY (PERCENT)
 HIGHEST   100           400 AM
 LOWEST     45           200 PM
 AVERAGE    73

..........................................................


THE TRI-CITIES      ASOS CLIMATE NORMALS FOR TOMORROW
                         NORMAL    RECORD    YEAR
 MAXIMUM TEMPERATURE (F)   45        71      1943
 MINIMUM TEMPERATURE (F)   25        -8      1982


SUNRISE AND SUNSET
JANUARY 16 2017.......SUNRISE   740 AM EST   SUNSET   539 PM EST
JANUARY 17 2017.......SUNRISE   740 AM EST   SUNSET   540 PM EST


-  INDICATES NEGATIVE NUMBERS.
R  INDICATES RECORD WAS SET OR TIED.
MM INDICATES DATA IS MISSING.
T  INDICATES TRACE AMOUNT.




$$
