000
CDUS44 KMRX 231211
CLITRI

CLIMATE REPORT NATIONAL WEATHER SERVICE MORRISTOWN TN
811 AM EDT WED JUL 23 2014

...................................

...THE TRI-CITIES CLIMATE SUMMARY FOR JULY 22 2014...

CLIMATE NORMAL PERIOD 1981 TO 2010
CLIMATE RECORD PERIOD 1934 TO 2014


WEATHER ITEM   OBSERVED TIME   RECORD YEAR NORMAL DEPARTURE LAST
                VALUE   (LST)  VALUE       VALUE  FROM      YEAR
                                                  NORMAL
..................................................................
TEMPERATURE (F)
 YESTERDAY
  MAXIMUM         90    421 PM  98    1952  86      4       85
  MINIMUM         65    608 AM  52    1944  64      1       67
  AVERAGE         78                        75      3       76

PRECIPITATION (IN)
  YESTERDAY        0.00          2.76 1942   0.15  -0.15     0.13
  MONTH TO DATE    3.20                      3.32  -0.12     6.22
  SINCE JUN 1      6.78                      7.22  -0.44    14.59
  SINCE JAN 1     18.78                     24.61  -5.83    39.28

SNOWFALL (IN)
  YESTERDAY        0.0                       0.0    0.0      0.0
  MONTH TO DATE    0.0                       0.0    0.0      0.0
  SINCE JUN 1      0.0                       0.0    0.0      0.0
  SINCE JUL 1      0.0                       0.0    0.0      0.0
  SNOW DEPTH       0

DEGREE DAYS
 HEATING
  YESTERDAY        0                         0      0        0
  MONTH TO DATE    0                         0      0        0
  SINCE JUN 1      0                        11    -11        0
  SINCE JUL 1      0                         0      0        0

 COOLING
  YESTERDAY       13                        10      3       11
  MONTH TO DATE  201                       217    -16      229
  SINCE JUN 1    497                       423     74      452
  SINCE JAN 1    631                       496    135      524
..................................................................


WIND (MPH)
  HIGHEST WIND SPEED    12   HIGHEST WIND DIRECTION     S (200)
  HIGHEST GUST SPEED    14   HIGHEST GUST DIRECTION     S (200)
  AVERAGE WIND SPEED     1.4


SKY COVER
  POSSIBLE SUNSHINE  MM
  AVERAGE SKY COVER  MM


WEATHER CONDITIONS
 THE FOLLOWING WEATHER WAS RECORDED YESTERDAY.
  FOG


RELATIVE HUMIDITY (PERCENT)
 HIGHEST    93           600 AM
 LOWEST     44           300 PM
 AVERAGE    69

..........................................................


THE TRI-CITIES      ASOS CLIMATE NORMALS FOR TODAY
                         NORMAL    RECORD    YEAR
 MAXIMUM TEMPERATURE (F)   86        99      1952
 MINIMUM TEMPERATURE (F)   64        45      1947


SUNRISE AND SUNSET
JULY 23 2014..........SUNRISE   629 AM EDT   SUNSET   843 PM EDT
JULY 24 2014..........SUNRISE   630 AM EDT   SUNSET   842 PM EDT


-  INDICATES NEGATIVE NUMBERS.
R  INDICATES RECORD WAS SET OR TIED.
MM INDICATES DATA IS MISSING.
T  INDICATES TRACE AMOUNT.

&&

THE LOW TEMPERATURE THIS MORNING WAS 66.
THERE HAS BEEN NO PRECIPITATION SINCE MIDNIGHT.


$$
