000
CDUS44 KMRX 240819
CLITRI


CLIMATE REPORT
NATIONAL WEATHER SERVICE MORRISTOWN TN
419 AM EDT FRI MAR 24 2017


...................................

...THE TRI-CITIES      ASOS CLIMATE SUMMARY FOR MARCH 23 2017...

CLIMATE NORMAL PERIOD 1981 TO 2010
CLIMATE RECORD PERIOD 1934 TO 2017


WEATHER ITEM   OBSERVED TIME   RECORD YEAR NORMAL DEPARTURE LAST
                VALUE   (LST)  VALUE       VALUE  FROM      YEAR
                                                  NORMAL
..................................................................
TEMPERATURE (F)
 YESTERDAY
  MAXIMUM         65    444 PM  79    1966  61      4       71
  MINIMUM         30    513 AM  18    2004  36     -6       31
                                      2002
  AVERAGE         48                        49     -1       51

PRECIPITATION (IN)
  YESTERDAY        0.00          1.04 2011   0.11  -0.11     0.00
  MONTH TO DATE    3.67                      2.53   1.14     0.75
  SINCE MAR 1      3.67                      2.53   1.14     0.75
  SINCE JAN 1      8.35                      9.35  -1.00     8.15

SNOWFALL (IN)
  YESTERDAY        0.0                       0.0    0.0      0.0
  MONTH TO DATE    0.3                       1.1   -0.8       T
  SINCE MAR 1      0.3                       1.1   -0.8       T
  SINCE JUL 1      4.3                      11.9   -7.6     18.4
  SNOW DEPTH       0

DEGREE DAYS
 HEATING
  YESTERDAY       17                        16      1       14
  MONTH TO DATE  499                       446     53      314
  SINCE MAR 1    499                       446     53      314
  SINCE JUL 1   3066                      3828   -762     3134

 COOLING
  YESTERDAY        0                         0      0        0
  MONTH TO DATE    0                         0      0        5
  SINCE MAR 1      0                         0      0        5
  SINCE JAN 1      0                         0      0        5
..................................................................


WIND (MPH)
  HIGHEST WIND SPEED    13   HIGHEST WIND DIRECTION    SW (220)
  HIGHEST GUST SPEED    16   HIGHEST GUST DIRECTION    SW (210)
  AVERAGE WIND SPEED     3.6


SKY COVER
  POSSIBLE SUNSHINE  MM
  AVERAGE SKY COVER 0.3


WEATHER CONDITIONS
 THE FOLLOWING WEATHER WAS RECORDED YESTERDAY.
  NO SIGNIFICANT WEATHER WAS OBSERVED.


RELATIVE HUMIDITY (PERCENT)
 HIGHEST    63           400 AM
 LOWEST     25          1200 PM
 AVERAGE    44

..........................................................


THE TRI-CITIES      ASOS CLIMATE NORMALS FOR TODAY
                         NORMAL    RECORD    YEAR
 MAXIMUM TEMPERATURE (F)   62        80      1949
 MINIMUM TEMPERATURE (F)   36        21      1940


SUNRISE AND SUNSET
MARCH 24 2017.........SUNRISE   727 AM EDT   SUNSET   745 PM EDT
MARCH 25 2017.........SUNRISE   725 AM EDT   SUNSET   746 PM EDT


-  INDICATES NEGATIVE NUMBERS.
R  INDICATES RECORD WAS SET OR TIED.
MM INDICATES DATA IS MISSING.
T  INDICATES TRACE AMOUNT.




$$
