000
CDUS44 KMRX 181212
CLITRI

CLIMATE REPORT NATIONAL WEATHER SERVICE MORRISTOWN TN
812 AM EDT FRI APR 18 2014

...................................

...THE TRI-CITIES  CLIMATE SUMMARY FOR APRIL 17 2014...

CLIMATE NORMAL PERIOD 1981 TO 2010
CLIMATE RECORD PERIOD 1934 TO 2014


WEATHER ITEM   OBSERVED TIME   RECORD YEAR NORMAL DEPARTURE LAST
                VALUE   (LST)  VALUE       VALUE  FROM      YEAR
                                                  NORMAL
..................................................................
TEMPERATURE (F)
 YESTERDAY
  MAXIMUM         70    528 PM  85    2002  69      1       68
  MINIMUM         31    609 AM  24    1949  43    -12       55
  AVERAGE         51                        56     -5       62

PRECIPITATION (IN)
  YESTERDAY        0.00          1.30 2003   0.11  -0.11     0.70
  MONTH TO DATE    1.63                      1.86  -0.23     2.76
  SINCE MAR 1      3.90                      5.30  -1.40     7.38
  SINCE JAN 1      8.96                     12.12  -3.16    19.23

SNOWFALL (IN)
  YESTERDAY        0.0                       0.0    0.0      0.0
  MONTH TO DATE    T                         0.8   -0.8      0.0
  SINCE MAR 1      0.7                       2.2   -1.5      1.5
  SINCE JUL 1     13.0                      13.0    0.0      9.2
  SNOW DEPTH       0

DEGREE DAYS
 HEATING
  YESTERDAY       14                        10      4        3
  MONTH TO DATE  151                       202    -51      165
  SINCE MAR 1    767                       770     -3      911
  SINCE JUL 1   4262                      4152    110     4080

 COOLING
  YESTERDAY        0                         0      0        0
  MONTH TO DATE    6                         0      6        5
  SINCE MAR 1      6                         1      5        5
  SINCE JAN 1      6                         1      5        5
..................................................................


WIND (MPH)
  HIGHEST WIND SPEED    14   HIGHEST WIND DIRECTION    SE (120)
  HIGHEST GUST SPEED    21   HIGHEST GUST DIRECTION    SE (130)
  AVERAGE WIND SPEED     5.3


SKY COVER
  POSSIBLE SUNSHINE  MM
  AVERAGE SKY COVER  MM


WEATHER CONDITIONS
 THE FOLLOWING WEATHER WAS RECORDED YESTERDAY.
  NO SIGNIFICANT WEATHER WAS OBSERVED.


RELATIVE HUMIDITY (PERCENT)
 HIGHEST    63           500 AM
 LOWEST     12           300 PM
 AVERAGE    38

..........................................................


THE TRI-CITIES      ASOS CLIMATE NORMALS FOR TODAY
                         NORMAL    RECORD    YEAR
 MAXIMUM TEMPERATURE (F)   69        87      2002
 MINIMUM TEMPERATURE (F)   43        29      1951


SUNRISE AND SUNSET
APRIL 18 2014.........SUNRISE   652 AM EDT   SUNSET   806 PM EDT
APRIL 19 2014.........SUNRISE   651 AM EDT   SUNSET   807 PM EDT


-  INDICATES NEGATIVE NUMBERS.
R  INDICATES RECORD WAS SET OR TIED.
MM INDICATES DATA IS MISSING.
T  INDICATES TRACE AMOUNT.

&&

THE LOW TEMPERATURE THIS MORNING WAS 40.
THERE HAS BEEN NO PRECIPITATION SINCE MIDNIGHT.


$$
