000
CDUS44 KMRX 262112
CLITRI


CLIMATE REPORT
NATIONAL WEATHER SERVICE MORRISTOWN TN
512 PM EDT FRI MAY 26 2017


...................................

...THE TRI-CITIES      ASOS CLIMATE SUMMARY FOR MAY 26 2017...
VALID TODAY AS OF 0500 PM LOCAL TIME.

CLIMATE NORMAL PERIOD 1981 TO 2010
CLIMATE RECORD PERIOD 1934 TO 2017


WEATHER ITEM   OBSERVED TIME   RECORD YEAR NORMAL DEPARTURE LAST
                VALUE   (LST)  VALUE       VALUE  FROM      YEAR
                                                  NORMAL
..................................................................
TEMPERATURE (F)
 TODAY
  MAXIMUM         75    359 PM  91    2012  78     -3       77
  MINIMUM         52    447 AM  39    1988  54     -2       60
  AVERAGE         64                        66     -2       69

PRECIPITATION (IN)
  TODAY            0.00          2.86 1997   0.13  -0.13      T
  MONTH TO DATE    6.44                      3.17   3.27     3.62
  SINCE MAR 1     16.17                      9.94   6.23     8.15
  SINCE JAN 1     20.85                     16.76   4.09    15.55

SNOWFALL (IN)
  TODAY            0.0                       0.0    0.0      0.0
  MONTH TO DATE    0.0                       0.0    0.0      0.0
  SINCE MAR 1      0.3                       2.5   -2.2       T
  SINCE JUL 1      4.3                      13.3   -9.0     18.4
  SNOW DEPTH       0

DEGREE DAYS
 HEATING
  TODAY            1                         2     -1        0
  MONTH TO DATE   79                       101    -22       91
  SINCE MAR 1    744                       973   -229      725
  SINCE JUL 1   3311                      4355  -1044     3545

 COOLING
  TODAY            0                         3     -3        4
  MONTH TO DATE   66                        46     20       33
  SINCE MAR 1     98                        57     41       59
  SINCE JAN 1     98                        57     41       59
..................................................................


WIND (MPH)
  HIGHEST WIND SPEED    18   HIGHEST WIND DIRECTION    SW (240)
  HIGHEST GUST SPEED    26   HIGHEST GUST DIRECTION    NW (300)
  AVERAGE WIND SPEED     7.7


SKY COVER
  POSSIBLE SUNSHINE  MM
  AVERAGE SKY COVER 0.5


WEATHER CONDITIONS
 THE FOLLOWING WEATHER WAS RECORDED TODAY.
  NO SIGNIFICANT WEATHER WAS OBSERVED.


RELATIVE HUMIDITY (PERCENT)
 HIGHEST    93           300 AM
 LOWEST     43           300 PM
 AVERAGE    68

..........................................................


THE TRI-CITIES      ASOS CLIMATE NORMALS FOR TOMORROW
                         NORMAL    RECORD    YEAR
 MAXIMUM TEMPERATURE (F)   79        91      2012
 MINIMUM TEMPERATURE (F)   54        38      1961


SUNRISE AND SUNSET
MAY 26 2017...........SUNRISE   615 AM EDT   SUNSET   838 PM EDT
MAY 27 2017...........SUNRISE   615 AM EDT   SUNSET   839 PM EDT


-  INDICATES NEGATIVE NUMBERS.
R  INDICATES RECORD WAS SET OR TIED.
MM INDICATES DATA IS MISSING.
T  INDICATES TRACE AMOUNT.




$$
