000
CDUS44 KMRX 250847
CLITRI

CLIMATE REPORT
NATIONAL WEATHER SERVICE MORRISTOWN TN
447 AM EDT FRI APR 25 2014


...................................

...THE TRI-CITIES CLIMATE SUMMARY FOR APRIL 24 2014...

CLIMATE NORMAL PERIOD 1981 TO 2010
CLIMATE RECORD PERIOD 1934 TO 2014


WEATHER ITEM   OBSERVED TIME   RECORD YEAR NORMAL DEPARTURE LAST
                VALUE   (LST)  VALUE       VALUE  FROM      YEAR
                                                  NORMAL
..................................................................
TEMPERATURE (F)
 YESTERDAY
  MAXIMUM         78    425 PM  87    1960  70      8       73
  MINIMUM         34    421 AM  28    1986  45    -11       45
  AVERAGE         56                        58     -2       59

PRECIPITATION (IN)
  YESTERDAY        0.00          1.00 1941   0.11  -0.11     0.25
  MONTH TO DATE    1.70                      2.64  -0.94     3.33
  SINCE MAR 1      3.97                      6.08  -2.11     7.95
  SINCE JAN 1      9.03                     12.90  -3.87    19.80

SNOWFALL (IN)
  YESTERDAY        0.0                       0.0    0.0      0.0
  MONTH TO DATE    T                         1.0   -1.0      0.0
  SINCE MAR 1      0.7                       2.4   -1.7      1.5
  SINCE JUL 1     13.0                      13.2   -0.2      9.2
  SNOW DEPTH       0

DEGREE DAYS
 HEATING
  YESTERDAY        9                         8      1        6
  MONTH TO DATE  206                       262    -56      233
  SINCE MAR 1    822                       830     -8      979
  SINCE JUL 1   4317                      4212    105     4148

 COOLING
  YESTERDAY        0                         1     -1        0
  MONTH TO DATE    6                         3      3        6
  SINCE MAR 1      6                         4      2        6
  SINCE JAN 1      6                         4      2        6
..................................................................


WIND (MPH)
  HIGHEST WIND SPEED    10   HIGHEST WIND DIRECTION     W (270)
  HIGHEST GUST SPEED    16   HIGHEST GUST DIRECTION    SW (230)
  AVERAGE WIND SPEED     2.6


SKY COVER
  POSSIBLE SUNSHINE  MM
  AVERAGE SKY COVER  MM


WEATHER CONDITIONS
 THE FOLLOWING WEATHER WAS RECORDED YESTERDAY.
  NO SIGNIFICANT WEATHER WAS OBSERVED.


RELATIVE HUMIDITY (PERCENT)
 HIGHEST    75           600 AM
 LOWEST     12           400 PM
 AVERAGE    44

..........................................................


THE TRI-CITIES CLIMATE NORMALS FOR TODAY
                         NORMAL    RECORD    YEAR
 MAXIMUM TEMPERATURE (F)   71        87      1960
 MINIMUM TEMPERATURE (F)   45        31      1969
                                             1967


SUNRISE AND SUNSET
APRIL 25 2014.........SUNRISE   643 AM EDT   SUNSET   812 PM EDT
APRIL 26 2014.........SUNRISE   642 AM EDT   SUNSET   813 PM EDT


-  INDICATES NEGATIVE NUMBERS.
R  INDICATES RECORD WAS SET OR TIED.
MM INDICATES DATA IS MISSING.
T  INDICATES TRACE AMOUNT.




$$
