000
CDUS44 KMRX 012215
CLITRI

CLIMATE REPORT
NATIONAL WEATHER SERVICE MORRISTOWN TN
515 PM EST SUN MAR 1 2015


...................................

...THE TRI-CITIES CLIMATE SUMMARY FOR MARCH 1 2015...
VALID TODAY AS OF 0500 PM LOCAL TIME.

CLIMATE NORMAL PERIOD 1981 TO 2010
CLIMATE RECORD PERIOD 1934 TO 2015


WEATHER ITEM   OBSERVED TIME   RECORD YEAR NORMAL DEPARTURE LAST
                VALUE   (LST)  VALUE       VALUE  FROM      YEAR
                                                  NORMAL
..................................................................
TEMPERATURE (F)
 TODAY
  MAXIMUM         56    317 PM  81    1997  54      2       60
  MINIMUM         32    230 AM  13    2002  31      1       30
  AVERAGE         44                        43      1       45

PRECIPITATION (IN)
  TODAY            T             0.94 1991   0.11  -0.11     0.00
  MONTH TO DATE    T                         0.11  -0.11     0.00
  SINCE MAR 1      T                         0.11  -0.11     0.00
  SINCE JAN 1      5.33                      6.93  -1.60     5.06

SNOWFALL (IN)
  TODAY            0.0                       0.1   -0.1      0.0
  MONTH TO DATE    0.0                       0.1   -0.1      0.0
  SINCE MAR 1      0.0                       0.1   -0.1      0.0
  SINCE JUL 1     15.5                      10.9    4.6     12.3
  SNOW DEPTH       T

DEGREE DAYS
 HEATING
  TODAY           21                        22     -1       20
  MONTH TO DATE   21                        22     -1       20
  SINCE MAR 1     21                        22     -1       20
  SINCE JUL 1   3648                      3404    244     3515

 COOLING
  TODAY            0                         0      0        0
  MONTH TO DATE    0                         0      0        0
  SINCE MAR 1      0                         0      0        0
  SINCE JAN 1      0                         0      0        0
..................................................................


WIND (MPH)
  HIGHEST WIND SPEED     9   HIGHEST WIND DIRECTION    NW (310)
  HIGHEST GUST SPEED    12   HIGHEST GUST DIRECTION    NW (310)
  AVERAGE WIND SPEED     1.6


SKY COVER
  POSSIBLE SUNSHINE  MM
  AVERAGE SKY COVER 0.9


WEATHER CONDITIONS
 THE FOLLOWING WEATHER WAS RECORDED TODAY.
  NO SIGNIFICANT WEATHER WAS OBSERVED.


RELATIVE HUMIDITY (PERCENT)
 HIGHEST    75           100 AM
 LOWEST     50           300 PM
 AVERAGE    63

..........................................................


THE TRI-CITIES CLIMATE NORMALS FOR TOMORROW
                         NORMAL    RECORD    YEAR
 MAXIMUM TEMPERATURE (F)   55        77      1976
 MINIMUM TEMPERATURE (F)   31         7      1980


SUNRISE AND SUNSET
MARCH  1 2015.........SUNRISE   700 AM EST   SUNSET   624 PM EST
MARCH  2 2015.........SUNRISE   659 AM EST   SUNSET   625 PM EST


-  INDICATES NEGATIVE NUMBERS.
R  INDICATES RECORD WAS SET OR TIED.
MM INDICATES DATA IS MISSING.
T  INDICATES TRACE AMOUNT.




$$
