000
CDUS44 KMRX 212217
CLITRI

CLIMATE REPORT
NATIONAL WEATHER SERVICE MORRISTOWN TN
514 PM EST FRI NOV 21 2014


...................................

...THE TRI-CITIES CLIMATE SUMMARY FOR NOVEMBER 21 2014...
VALID TODAY AS OF 500 PM LOCAL TIME.

CLIMATE NORMAL PERIOD 1981 TO 2010
CLIMATE RECORD PERIOD 1934 TO 2014


WEATHER ITEM   OBSERVED TIME   RECORD YEAR NORMAL DEPARTURE LAST
                VALUE   (LST)  VALUE       VALUE  FROM      YEAR
                                                  NORMAL
..................................................................
TEMPERATURE (F)
 TODAY
  MAXIMUM         46    356 PM  76    1979  56    -10       69
  MINIMUM         24    654 AM  17    2008  33     -9       33
                                      1968
  AVERAGE         35                        45    -10       51

PRECIPITATION (IN)
  TODAY            0.00          1.94 1952   0.11  -0.11     0.00
  MONTH TO DATE    1.65                      2.08  -0.43     1.27
  SINCE SEP 1      9.27                      7.17   2.10     3.80
  SINCE JAN 1     34.31                     36.62  -2.31    48.67

SNOWFALL (IN)
  TODAY            0.0                       0.0    0.0      0.0
  MONTH TO DATE    1.1                       0.1    1.0      0.0
  SINCE SEP 1      1.1                       0.2    0.9       T
  SINCE JUL 1      1.1                       0.2    0.9       T
  SNOW DEPTH       0

DEGREE DAYS
 HEATING
  TODAY           30                        20     10       14
  MONTH TO DATE  528                       353    175      386
  SINCE SEP 1    790                       687    103      627
  SINCE JUL 1    790                       688    102      627

 COOLING
  TODAY            0                         0      0        0
  MONTH TO DATE    0                         0      0        0
  SINCE SEP 1    184                       128     56      145
  SINCE JAN 1   1141                       980    161     1003
..................................................................


WIND (MPH)
  HIGHEST WIND SPEED     8   HIGHEST WIND DIRECTION     S (190)
  HIGHEST GUST SPEED    11   HIGHEST GUST DIRECTION     W (260)
  AVERAGE WIND SPEED     2.5


SKY COVER
  POSSIBLE SUNSHINE  MM
  AVERAGE SKY COVER  MM


WEATHER CONDITIONS
 THE FOLLOWING WEATHER WAS RECORDED TODAY.
  NO SIGNIFICANT WEATHER WAS OBSERVED.


RELATIVE HUMIDITY (PERCENT)
 HIGHEST    74           700 AM
 LOWEST     22           300 PM
 AVERAGE    48

..........................................................


THE TRI-CITIES      ASOS CLIMATE NORMALS FOR TOMORROW
                         NORMAL    RECORD    YEAR
 MAXIMUM TEMPERATURE (F)   56        73      1999
                                             1979
 MINIMUM TEMPERATURE (F)   33        11      2008


SUNRISE AND SUNSET
NOVEMBER 21 2014......SUNRISE   713 AM EST   SUNSET   518 PM EST
NOVEMBER 22 2014......SUNRISE   714 AM EST   SUNSET   517 PM EST


-  INDICATES NEGATIVE NUMBERS.
R  INDICATES RECORD WAS SET OR TIED.
MM INDICATES DATA IS MISSING.
T  INDICATES TRACE AMOUNT.




$$
