000
CDUS44 KMRX 182226
CLITRI


CLIMATE REPORT
NATIONAL WEATHER SERVICE MORRISTOWN TN
526 PM EST THU JAN 18 2018


...................................

...THE TRI-CITIES      ASOS CLIMATE SUMMARY FOR JANUARY 18 2018...
VALID TODAY AS OF 0500 PM LOCAL TIME.

CLIMATE NORMAL PERIOD 1981 TO 2010
CLIMATE RECORD PERIOD 1934 TO 2018


WEATHER ITEM   OBSERVED TIME   RECORD YEAR NORMAL DEPARTURE LAST
                VALUE   (LST)  VALUE       VALUE  FROM      YEAR
                                                  NORMAL
..................................................................
TEMPERATURE (F)
 TODAY
  MAXIMUM         28    357 PM  71    1949  45    -17       63
  MINIMUM          4    801 AM  -3    1994  25    -21       38
  AVERAGE         16                        35    -19       51

PRECIPITATION (IN)
  TODAY            0.00          0.68 1987   0.10  -0.10     0.15
  MONTH TO DATE    1.05                      1.92  -0.87     1.49
  SINCE DEC 1      2.81                      5.29  -2.48     6.85
  SINCE JAN 1      1.05                      1.92  -0.87     1.49

SNOWFALL (IN)
  TODAY            0.0                       0.2   -0.2      0.0
  MONTH TO DATE    1.9                       2.7   -0.8      3.7
  SINCE DEC 1      3.4                       5.1   -1.7      3.7
  SINCE JUL 1      3.4                       5.4   -2.0      3.7
  SNOW DEPTH       2

DEGREE DAYS
 HEATING
  TODAY           49                        30     19       14
  MONTH TO DATE  688                       540    148      368
  SINCE DEC 1   1501                      1383    118     1146
  SINCE JUL 1   2280                      2269     11     1765

 COOLING
  TODAY            0                         0      0        0
  MONTH TO DATE    0                         0      0        0
  SINCE DEC 1      0                         0      0        0
  SINCE JAN 1      0                         0      0        0
..................................................................


WIND (MPH)
  HIGHEST WIND SPEED    12   HIGHEST WIND DIRECTION    SW (220)
  HIGHEST GUST SPEED    14   HIGHEST GUST DIRECTION     S (200)
  AVERAGE WIND SPEED     2.6


SKY COVER
  POSSIBLE SUNSHINE  MM
  AVERAGE SKY COVER 0.0


WEATHER CONDITIONS
 THE FOLLOWING WEATHER WAS RECORDED TODAY.
  FOG


RELATIVE HUMIDITY (PERCENT)
 HIGHEST    96           500 AM
 LOWEST     50           300 PM
 AVERAGE    73

..........................................................


THE TRI-CITIES      ASOS CLIMATE NORMALS FOR TOMORROW
                         NORMAL    RECORD    YEAR
 MAXIMUM TEMPERATURE (F)   45        66      1951
 MINIMUM TEMPERATURE (F)   25        -8      1994


SUNRISE AND SUNSET
JANUARY 18 2018.......SUNRISE   740 AM EST   SUNSET   541 PM EST
JANUARY 19 2018.......SUNRISE   739 AM EST   SUNSET   542 PM EST


-  INDICATES NEGATIVE NUMBERS.
R  INDICATES RECORD WAS SET OR TIED.
MM INDICATES DATA IS MISSING.
T  INDICATES TRACE AMOUNT.




$$
