000
CDUS44 KMRX 260911
CLITRI

CLIMATE REPORT
NATIONAL WEATHER SERVICE MORRISTOWN TN
411 AM EST FRI DEC 26 2014


...................................

...THE TRI-CITIES CLIMATE SUMMARY FOR DECEMBER 25 2014...

CLIMATE NORMAL PERIOD 1981 TO 2010
CLIMATE RECORD PERIOD 1934 TO 2014


WEATHER ITEM   OBSERVED TIME   RECORD YEAR NORMAL DEPARTURE LAST
                VALUE   (LST)  VALUE       VALUE  FROM      YEAR
                                                  NORMAL
..................................................................
TEMPERATURE (F)
 YESTERDAY
  MAXIMUM         47    425 PM  74    1982  46      1       43
  MINIMUM         28   1048 PM  -6    1983  26      2       16
  AVERAGE         38                        36      2       30

PRECIPITATION (IN)
  YESTERDAY        0.01          0.86 1969   0.10  -0.09     0.00
  MONTH TO DATE    2.35                      2.75  -0.40     5.11
  SINCE DEC 1      2.35                      2.75  -0.40     5.11
  SINCE JAN 1     37.45                     40.39  -2.94    56.45

SNOWFALL (IN)
  YESTERDAY        0.0                       0.1   -0.1      0.0
  MONTH TO DATE    0.0                       1.8   -1.8       T
  SINCE DEC 1      0.0                       1.8   -1.8       T
  SINCE JUL 1      1.2                       2.1   -0.9      1.4
  SNOW DEPTH       0

DEGREE DAYS
 HEATING
  YESTERDAY       27                        29     -2       35
  MONTH TO DATE  577                       668    -91      564
  SINCE DEC 1    577                       668    -91      564
  SINCE JUL 1   1560                      1554      6     1455

 COOLING
  YESTERDAY        0                         0      0        0
  MONTH TO DATE    0                         0      0        0
  SINCE DEC 1      0                         0      0        0
  SINCE JAN 1   1141                       981    160     1003
..................................................................


WIND (MPH)
  HIGHEST WIND SPEED    18   HIGHEST WIND DIRECTION     W (280)
  HIGHEST GUST SPEED    23   HIGHEST GUST DIRECTION     W (290)
  AVERAGE WIND SPEED     6.8


SKY COVER
  POSSIBLE SUNSHINE  MM
  AVERAGE SKY COVER  MM


WEATHER CONDITIONS
 THE FOLLOWING WEATHER WAS RECORDED YESTERDAY.
  LIGHT RAIN


RELATIVE HUMIDITY (PERCENT)
 HIGHEST    92           900 PM
 LOWEST     53           300 PM
 AVERAGE    73

..........................................................


THE TRI-CITIES CLIMATE NORMALS FOR TODAY
                         NORMAL    RECORD    YEAR
 MAXIMUM TEMPERATURE (F)   46        72      1942
 MINIMUM TEMPERATURE (F)   26         0      1983


SUNRISE AND SUNSET
DECEMBER 26 2014......SUNRISE   740 AM EST   SUNSET   521 PM EST
DECEMBER 27 2014......SUNRISE   740 AM EST   SUNSET   521 PM EST


-  INDICATES NEGATIVE NUMBERS.
R  INDICATES RECORD WAS SET OR TIED.
MM INDICATES DATA IS MISSING.
T  INDICATES TRACE AMOUNT.




$$
