000
CDUS46 KSGX 051417
CLITRM


CLIMATE REPORT
NATIONAL WEATHER SERVICE SAN DIEGO, CA
617 AM PST THU MAR 5 2015


...................................

...THE THERMAL AIRPORT CA CLIMATE SUMMARY FOR MARCH 4 2015...

CLIMATE NORMAL PERIOD 1981 TO 2010
CLIMATE RECORD PERIOD 1950 TO 2015


WEATHER ITEM   OBSERVED TIME   RECORD YEAR NORMAL DEPARTURE LAST
                VALUE   (LST)  VALUE       VALUE  FROM      YEAR
                                                  NORMAL
..................................................................
TEMPERATURE (F)
 YESTERDAY
  MAXIMUM         74    427 PM  92    1986  78     -4       83
  MINIMUM         43   1159 PM  24    2002  45     -2       50
  AVERAGE         59                        62     -3       67

PRECIPITATION (IN)
  YESTERDAY        0.00          0.22 1978   0.02  -0.02     0.00
  MONTH TO DATE    0.31                      0.08   0.23      T
  SINCE OCT 1      0.77                      2.22  -1.45     0.16
  SINCE JAN 1      0.62                      1.41  -0.79     0.08

SNOWFALL (IN)
  YESTERDAY        0.0
  MONTH TO DATE    0.0
  SINCE JAN 1      0.0
  SINCE JUL 1      0.0
  SNOW DEPTH       0

DEGREE DAYS
 HEATING
  YESTERDAY        6                         4      2        0
  MONTH TO DATE   37                        19     18       15
  SINCE MAR 1     37                        19     18       15
  SINCE JUL 1    742                      1084   -342      804

 COOLING
  YESTERDAY        0                         1     -1        2
  MONTH TO DATE    0                         4     -4        2
  SINCE MAR 1      0                         4     -4        2
  SINCE JAN 1     22                        16      6       12
..................................................................


WIND (MPH)
  RESULTANT WIND SPEED   5   RESULTANT WIND DIRECTION  NW (310)
  HIGHEST WIND SPEED    16   HIGHEST WIND DIRECTION     N (340)
  HIGHEST GUST SPEED    20   HIGHEST GUST DIRECTION     N (340)
  AVERAGE WIND SPEED     6.3


SKY COVER
  POSSIBLE SUNSHINE  MM
  AVERAGE SKY COVER 0.0


WEATHER CONDITIONS
 THE FOLLOWING WEATHER WAS RECORDED YESTERDAY.
  NO SIGNIFICANT WEATHER WAS OBSERVED.


RELATIVE HUMIDITY (PERCENT)
 HIGHEST    86          1200 AM
 LOWEST      9           400 PM
 AVERAGE    48

..........................................................


THE THERMAL AIRPORT CA CLIMATE NORMALS FOR TODAY
                         NORMAL    RECORD    YEAR
 MAXIMUM TEMPERATURE (F)   79        99      1972
 MINIMUM TEMPERATURE (F)   45        29      1997


SUNRISE AND SUNSET
MARCH  5 2015.........SUNRISE   608 AM PST   SUNSET   544 PM PST
MARCH  6 2015.........SUNRISE   607 AM PST   SUNSET   545 PM PST


-  INDICATES NEGATIVE NUMBERS.
R  INDICATES RECORD WAS SET OR TIED.
MM INDICATES DATA IS MISSING.
T  INDICATES TRACE AMOUNT.




$$
