000
CDUS46 KSGX 011420
CLITRM


CLIMATE REPORT
NATIONAL WEATHER SERVICE SAN DIEGO, CA
720 AM PDT SAT AUG 1 2015


...................................

...THE THERMAL AIRPORT CA CLIMATE SUMMARY FOR JULY 31 2015...

CLIMATE NORMAL PERIOD 1981 TO 2010
CLIMATE RECORD PERIOD 1950 TO 2015


WEATHER ITEM   OBSERVED TIME   RECORD YEAR NORMAL DEPARTURE LAST
                VALUE   (LST)  VALUE       VALUE  FROM      YEAR
                                                  NORMAL
..................................................................
TEMPERATURE (F)
 YESTERDAY
  MAXIMUM        110    425 PM 119    1996 107      3      111
  MINIMUM         84    403 AM  61    1998  75      9       88
  AVERAGE         97                        91      6      100

PRECIPITATION (IN)
  YESTERDAY        0.00          0.66 1955   0.01  -0.01     0.00
  MONTH TO DATE    0.88                      0.14   0.74      T
  SINCE OCT 1      1.72                      2.77  -1.05     0.16
  SINCE JAN 1      1.57                      1.96  -0.39     0.08

DEGREE DAYS
 HEATING
  YESTERDAY        0                         0      0        0
  MONTH TO DATE    0                         0      0        0
  SINCE JUN 1      0                         0      0        0
  SINCE JUL 1      0                         0      0        0

 COOLING
  YESTERDAY       32                        26      6       35
  MONTH TO DATE  805                       786     19      916
  SINCE JUN 1   1478                      1394     84     1600
  SINCE JAN 1   2232                      2067    165     2422
..................................................................


WIND (MPH)
  RESULTANT WIND SPEED   3   RESULTANT WIND DIRECTION   N (340)
  HIGHEST WIND SPEED    15   HIGHEST WIND DIRECTION    NW (320)
  HIGHEST GUST SPEED    19   HIGHEST GUST DIRECTION     N (340)
  AVERAGE WIND SPEED     8.1


SKY COVER
  POSSIBLE SUNSHINE  MM
  AVERAGE SKY COVER 0.0


WEATHER CONDITIONS
 THE FOLLOWING WEATHER WAS RECORDED YESTERDAY.
  NO SIGNIFICANT WEATHER WAS OBSERVED.


RELATIVE HUMIDITY (PERCENT)
 HIGHEST    55           300 AM
 LOWEST     11           500 PM
 AVERAGE    33

..........................................................


THE THERMAL AIRPORT CA CLIMATE NORMALS FOR TODAY
                         NORMAL    RECORD    YEAR
 MAXIMUM TEMPERATURE (F)  107       119      1993
 MINIMUM TEMPERATURE (F)   75        64      1998


SUNRISE AND SUNSET
AUGUST  1 2015........SUNRISE   557 AM PDT   SUNSET   745 PM PDT
AUGUST  2 2015........SUNRISE   557 AM PDT   SUNSET   744 PM PDT


-  INDICATES NEGATIVE NUMBERS.
R  INDICATES RECORD WAS SET OR TIED.
MM INDICATES DATA IS MISSING.
T  INDICATES TRACE AMOUNT.




$$
