000
CDUS46 KSGX 201130
CLITRM


CLIMATE REPORT
NATIONAL WEATHER SERVICE SAN DIEGO, CA
430 AM PDT WED SEP 20 2017


...................................

...THE THERMAL AIRPORT CA CLIMATE SUMMARY FOR SEPTEMBER 19 2017...

CLIMATE NORMAL PERIOD 1981 TO 2010
CLIMATE RECORD PERIOD 1950 TO 2017


WEATHER ITEM   OBSERVED TIME   RECORD YEAR NORMAL DEPARTURE LAST
                VALUE   (LST)  VALUE       VALUE  FROM      YEAR
                                                  NORMAL
..................................................................
TEMPERATURE (F)
 YESTERDAY
  MAXIMUM         97    320 PM 110    1962 101     -4       94
  MINIMUM         73    616 AM  49    1985  65      8       64
  AVERAGE         85                        83      2       79

PRECIPITATION (IN)
  YESTERDAY        0.00          0.02 1989   0.00   0.00     0.00
  MONTH TO DATE    1.28                      0.15   1.13     0.00
  SINCE OCT 1      5.04                      3.11   1.93     1.98
  SINCE JAN 1      3.36                      2.30   1.06     1.55

DEGREE DAYS
 HEATING
  YESTERDAY        0                         0      0        0
  MONTH TO DATE    0                         0      0        0
  SINCE SEP 1      0                         0      0        0
  SINCE JUL 1      0                         0      0        0

 COOLING
  YESTERDAY       20                        18      2       14
  MONTH TO DATE  446                       394     52      385
  SINCE SEP 1    446                       394     52      385
  SINCE JAN 1   3915                      3227    688     3722
..................................................................


WIND (MPH)
  RESULTANT WIND SPEED   7   RESULTANT WIND DIRECTION  NW (330)
  HIGHEST WIND SPEED    21   HIGHEST WIND DIRECTION     N (340)
  HIGHEST GUST SPEED    27   HIGHEST GUST DIRECTION     N (340)
  AVERAGE WIND SPEED     8.4


SKY COVER
  POSSIBLE SUNSHINE  MM
  AVERAGE SKY COVER 0.0


WEATHER CONDITIONS
 THE FOLLOWING WEATHER WAS RECORDED YESTERDAY.
  NO SIGNIFICANT WEATHER WAS OBSERVED.


RELATIVE HUMIDITY (PERCENT)
 HIGHEST    54           700 AM
 LOWEST     19           200 PM
 AVERAGE    37

..........................................................


THE THERMAL AIRPORT CA CLIMATE NORMALS FOR TODAY
                         NORMAL    RECORD    YEAR
 MAXIMUM TEMPERATURE (F)  100       110      1987
 MINIMUM TEMPERATURE (F)   65        53      1971


SUNRISE AND SUNSET
SEPTEMBER 20 2017.....SUNRISE   632 AM PDT   SUNSET   644 PM PDT
SEPTEMBER 21 2017.....SUNRISE   632 AM PDT   SUNSET   642 PM PDT


-  INDICATES NEGATIVE NUMBERS.
R  INDICATES RECORD WAS SET OR TIED.
MM INDICATES DATA IS MISSING.
T  INDICATES TRACE AMOUNT.




$$
