000
CDUS46 KSGX 231418
CLITRM


CLIMATE REPORT
NATIONAL WEATHER SERVICE SAN DIEGO, CA
718 AM PDT WED JUL 23 2014


...................................

...THE THERMAL AIRPORT CA CLIMATE SUMMARY FOR JULY 22 2014...

CLIMATE NORMAL PERIOD 1981 TO 2010
CLIMATE RECORD PERIOD 1950 TO 2014


WEATHER ITEM   OBSERVED TIME   RECORD YEAR NORMAL DEPARTURE LAST
                VALUE   (LST)  VALUE       VALUE  FROM      YEAR
                                                  NORMAL
..................................................................
TEMPERATURE (F)
 YESTERDAY
  MAXIMUM        112    450 PM 120    2006 107      5      101
  MINIMUM         82    504 AM  64    1957  75      7       74
  AVERAGE         97                        91      6       88

PRECIPITATION (IN)
  YESTERDAY        0.00          1.43 1997   0.01  -0.01     0.00
  MONTH TO DATE    T                         0.09  -0.09     0.05
  SINCE JUL 1      T                         0.09  -0.09     0.05
  SINCE JAN 1      0.08                      1.91  -1.83     0.49

SNOWFALL (IN)
  YESTERDAY        0.0
  MONTH TO DATE    0.0
  SINCE JAN 1      0.0
  SINCE JUL 1      0.0
  SNOW DEPTH       0

DEGREE DAYS
 HEATING
  YESTERDAY        0                         0      0        0
  MONTH TO DATE    0                         0      0        0
  SINCE JUN 1      0                         0      0        0
  SINCE JUL 1      0                         0      0        0

 COOLING
  YESTERDAY       32                        26      6       23
  MONTH TO DATE  616                       555     61      628
  SINCE JUN 1   1300                      1163    137     1351
  SINCE JAN 1   2122                      1836    286     2258
..................................................................


WIND (MPH)
  RESULTANT WIND SPEED   7   RESULTANT WIND DIRECTION  NW (330)
  HIGHEST WIND SPEED    20   HIGHEST WIND DIRECTION    NW (330)
  HIGHEST GUST SPEED    26   HIGHEST GUST DIRECTION    NW (330)
  AVERAGE WIND SPEED     9.1


SKY COVER
  POSSIBLE SUNSHINE  MM
  AVERAGE SKY COVER 0.0


WEATHER CONDITIONS
 THE FOLLOWING WEATHER WAS RECORDED YESTERDAY.
  NO SIGNIFICANT WEATHER WAS OBSERVED.


RELATIVE HUMIDITY (PERCENT)
 HIGHEST    35           100 AM
 LOWEST      6           300 PM
 AVERAGE    21

..........................................................


THE THERMAL AIRPORT CA CLIMATE NORMALS FOR TODAY
                         NORMAL    RECORD    YEAR
 MAXIMUM TEMPERATURE (F)  107       118      2006
 MINIMUM TEMPERATURE (F)   75        65      1993


SUNRISE AND SUNSET
JULY 23 2014..........SUNRISE   551 AM PDT   SUNSET   751 PM PDT
JULY 24 2014..........SUNRISE   551 AM PDT   SUNSET   751 PM PDT


-  INDICATES NEGATIVE NUMBERS.
R  INDICATES RECORD WAS SET OR TIED.
MM INDICATES DATA IS MISSING.
T  INDICATES TRACE AMOUNT.




$$
