000
CDUS46 KSGX 301419
CLITRM


CLIMATE REPORT
NATIONAL WEATHER SERVICE SAN DIEGO, CA
719 AM PDT MON MAY 30 2016


...................................

...THE THERMAL AIRPORT CA CLIMATE SUMMARY FOR MAY 29 2016...

CLIMATE NORMAL PERIOD 1981 TO 2010
CLIMATE RECORD PERIOD 1950 TO 2016


WEATHER ITEM   OBSERVED TIME   RECORD YEAR NORMAL DEPARTURE LAST
                VALUE   (LST)  VALUE       VALUE  FROM      YEAR
                                                  NORMAL
..................................................................
TEMPERATURE (F)
 YESTERDAY
  MAXIMUM         93    219 PM 114    2000  99     -6      100
  MINIMUM         68    455 AM  50    1971  64      4       61
  AVERAGE         81                        81      0       81

PRECIPITATION (IN)
  YESTERDAY        0.00          0.00 2002   0.00   0.00     0.00
                                      2000
  MONTH TO DATE    T                         0.03  -0.03     0.07
  SINCE OCT 1      1.98                      2.61  -0.63     0.84
  SINCE JAN 1      1.55                      1.80  -0.25     0.69

DEGREE DAYS
 HEATING
  YESTERDAY        0                         0      0        0
  MONTH TO DATE    0                         0      0       15
  SINCE MAR 1     22                       115    -93       59
  SINCE JUL 1   1047                      1180   -133      764

 COOLING
  YESTERDAY       16                        16      0       16
  MONTH TO DATE  390                       383      7      303
  SINCE MAR 1    770                       627    143      698
  SINCE JAN 1    835                       639    196      720
..................................................................


WIND (MPH)
  RESULTANT WIND SPEED   2   RESULTANT WIND DIRECTION   N (360)
  HIGHEST WIND SPEED    16   HIGHEST WIND DIRECTION    NW (320)
  HIGHEST GUST SPEED    22   HIGHEST GUST DIRECTION    NW (320)
  AVERAGE WIND SPEED     8.2


SKY COVER
  POSSIBLE SUNSHINE  MM
  AVERAGE SKY COVER 0.0


WEATHER CONDITIONS
 THE FOLLOWING WEATHER WAS RECORDED YESTERDAY.
  NO SIGNIFICANT WEATHER WAS OBSERVED.


RELATIVE HUMIDITY (PERCENT)
 HIGHEST    57           600 AM
 LOWEST     11          1200 PM
 AVERAGE    34

..........................................................


THE THERMAL AIRPORT CA CLIMATE NORMALS FOR TODAY
                         NORMAL    RECORD    YEAR
 MAXIMUM TEMPERATURE (F)   99       110      2000
 MINIMUM TEMPERATURE (F)   64        55      2011


SUNRISE AND SUNSET
MAY 30 2016...........SUNRISE   536 AM PDT   SUNSET   749 PM PDT
MAY 31 2016...........SUNRISE   536 AM PDT   SUNSET   750 PM PDT


-  INDICATES NEGATIVE NUMBERS.
R  INDICATES RECORD WAS SET OR TIED.
MM INDICATES DATA IS MISSING.
T  INDICATES TRACE AMOUNT.




$$
