000
CDUS46 KPQR 021143
CLITTD


CLIMATE REPORT
NATIONAL WEATHER SERVICE PORTLAND OREGON
442 AM PDT WED SEP 2 2015


...................................

...THE TROUTDALE OR CLIMATE SUMMARY FOR SEPTEMBER 1 2015...

CLIMATE NORMAL PERIOD 1981 TO 2010
CLIMATE RECORD PERIOD 1948 TO 2015


WEATHER ITEM   OBSERVED TIME   RECORD YEAR NORMAL DEPARTURE LAST
                VALUE   (LST)  VALUE       VALUE  FROM      YEAR
                                                  NORMAL
..................................................................
TEMPERATURE (F)
 YESTERDAY
  MAXIMUM         78    215 PM 100    1998  80     -2       81
  MINIMUM         58   1158 PM  37    1989  52      6       52
  AVERAGE         68                        66      2       67

PRECIPITATION (IN)
  YESTERDAY        0.17                      0.04   0.13     0.00
  MONTH TO DATE    0.17                      0.04   0.13     0.00
  SINCE OCT 1     31.06                     45.16 -14.10    29.27
  SINCE JAN 1     16.10                     26.76 -10.66    21.68

DEGREE DAYS
 HEATING
  YESTERDAY        0                         2     -2        0
  MONTH TO DATE    0                         2     -2        0

 COOLING
  YESTERDAY        3                         3      0        2
  MONTH TO DATE    3                         3      0        2
..................................................................


WIND (MPH)
  HIGHEST WIND SPEED    14   HIGHEST WIND DIRECTION     W (250)
  HIGHEST GUST SPEED    18   HIGHEST GUST DIRECTION    SW (230)
  AVERAGE WIND SPEED     4.9


SKY COVER
  POSSIBLE SUNSHINE  MM
  AVERAGE SKY COVER 1.0


WEATHER CONDITIONS
 THE FOLLOWING WEATHER WAS RECORDED YESTERDAY.
  RAIN
  LIGHT RAIN
  FOG


RELATIVE HUMIDITY (PERCENT)
 HIGHEST    87          1000 PM
 LOWEST     41           100 PM
 AVERAGE    64

..........................................................


THE TROUTDALE OR CLIMATE NORMALS FOR TODAY
                         NORMAL    RECORD    YEAR
 MAXIMUM TEMPERATURE (F)   80       100      1988
 MINIMUM TEMPERATURE (F)   52        38      1989


SUNRISE AND SUNSET
SEPTEMBER  2 2015.....SUNRISE   632 AM PDT   SUNSET   746 PM PDT
SEPTEMBER  3 2015.....SUNRISE   633 AM PDT   SUNSET   744 PM PDT


-  INDICATES NEGATIVE NUMBERS.
R  INDICATES RECORD WAS SET OR TIED.
MM INDICATES DATA IS MISSING.
T  INDICATES TRACE AMOUNT.




$$
