000
CDUS46 KPQR 221148
CLITTD


CLIMATE REPORT
NATIONAL WEATHER SERVICE PORTLAND OREGON
448 AM PDT FRI SEP 22 2017


...................................

...THE TROUTDALE OR CLIMATE SUMMARY FOR SEPTEMBER 21 2017...

CLIMATE NORMAL PERIOD 1981 TO 2010
CLIMATE RECORD PERIOD 1948 TO 2017


WEATHER ITEM   OBSERVED TIME   RECORD YEAR NORMAL DEPARTURE LAST
                VALUE   (LST)  VALUE       VALUE  FROM      YEAR
                                                  NORMAL
..................................................................
TEMPERATURE (F)
 YESTERDAY
  MAXIMUM         64    341 PM  91    1952  75    -11       74
  MINIMUM         49    346 AM  38    1998  49      0       49
  AVERAGE         57                        62     -5       62

PRECIPITATION (IN)
  YESTERDAY        0.01                      0.07  -0.06     0.00
  MONTH TO DATE    2.26                      1.13   1.13     2.14
  SINCE OCT 1     50.67                     46.25   4.42    42.30
  SINCE JAN 1     29.58                     27.85   1.73    22.48

DEGREE DAYS
 HEATING
  YESTERDAY        8                         4      4        3
  MONTH TO DATE   39                        59    -20       40

 COOLING
  YESTERDAY        0                         1     -1        0
  MONTH TO DATE  105                        35     70        8
..................................................................


WIND (MPH)
  HIGHEST WIND SPEED     7   HIGHEST WIND DIRECTION     E (100)
  HIGHEST GUST SPEED     9   HIGHEST GUST DIRECTION     N (20)
  AVERAGE WIND SPEED     1.8


SKY COVER
  POSSIBLE SUNSHINE  MM
  AVERAGE SKY COVER 0.9


WEATHER CONDITIONS
 THE FOLLOWING WEATHER WAS RECORDED YESTERDAY.
  LIGHT RAIN


RELATIVE HUMIDITY (PERCENT)
 HIGHEST    93          1200 AM
 LOWEST     52           400 PM
 AVERAGE    73

..........................................................


THE TROUTDALE OR CLIMATE NORMALS FOR TODAY
                         NORMAL    RECORD    YEAR
 MAXIMUM TEMPERATURE (F)   74        94      1987
 MINIMUM TEMPERATURE (F)   48        36      1960


SUNRISE AND SUNSET
SEPTEMBER 22 2017.....SUNRISE   657 AM PDT   SUNSET   706 PM PDT
SEPTEMBER 23 2017.....SUNRISE   658 AM PDT   SUNSET   704 PM PDT


-  INDICATES NEGATIVE NUMBERS.
R  INDICATES RECORD WAS SET OR TIED.
MM INDICATES DATA IS MISSING.
T  INDICATES TRACE AMOUNT.




$$
