000
CDUS46 KPQR 191142
CLITTD


CLIMATE REPORT
NATIONAL WEATHER SERVICE PORTLAND OREGON
341 AM PST THU JAN 19 2017


...................................

...THE TROUTDALE OR CLIMATE SUMMARY FOR JANUARY 18 2017...

CLIMATE NORMAL PERIOD 1981 TO 2010
CLIMATE RECORD PERIOD 1948 TO 2017


WEATHER ITEM   OBSERVED TIME   RECORD YEAR NORMAL DEPARTURE LAST
                VALUE   (LST)  VALUE       VALUE  FROM      YEAR
                                                  NORMAL
..................................................................
TEMPERATURE (F)
 YESTERDAY
  MAXIMUM         49    836 PM  67    2005  46      3       50
  MINIMUM         33    135 AM  11    1950  34     -1       40
  AVERAGE         41                        40      1       45

PRECIPITATION (IN)
  YESTERDAY        0.57                      0.20   0.37     0.16
  MONTH TO DATE    1.88                      3.86  -1.98     2.46
  SINCE OCT 1     22.97                     22.26   0.71    22.28
  SINCE JAN 1      1.88                      3.86  -1.98     2.46

DEGREE DAYS
 HEATING
  YESTERDAY       24                        25     -1       20
  MONTH TO DATE  639                       467    172      454

 COOLING
  YESTERDAY        0                         0      0        0
  MONTH TO DATE    0                         0      0        0
..................................................................


WIND (MPH)
  HIGHEST WIND SPEED    36   HIGHEST WIND DIRECTION     E (80)
  HIGHEST GUST SPEED    46   HIGHEST GUST DIRECTION     E (80)
  AVERAGE WIND SPEED    21.2


SKY COVER
  POSSIBLE SUNSHINE  MM
  AVERAGE SKY COVER 0.9


WEATHER CONDITIONS
 THE FOLLOWING WEATHER WAS RECORDED YESTERDAY.
  RAIN
  LIGHT RAIN
  LT FREEZING RAIN
  FOG


RELATIVE HUMIDITY (PERCENT)
 HIGHEST    96           300 AM
 LOWEST     79           600 PM
 AVERAGE    88

..........................................................


THE TROUTDALE OR CLIMATE NORMALS FOR TODAY
                         NORMAL    RECORD    YEAR
 MAXIMUM TEMPERATURE (F)   46        58      1967
 MINIMUM TEMPERATURE (F)   34        14      1950


SUNRISE AND SUNSET
JANUARY 19 2017.......SUNRISE   743 AM PST   SUNSET   458 PM PST
JANUARY 20 2017.......SUNRISE   742 AM PST   SUNSET   500 PM PST


-  INDICATES NEGATIVE NUMBERS.
R  INDICATES RECORD WAS SET OR TIED.
MM INDICATES DATA IS MISSING.
T  INDICATES TRACE AMOUNT.




$$
