000
CDUS46 KPQR 180230
CLITTD


CLIMATE REPORT
NATIONAL WEATHER SERVICE PORTLAND OREGON
630 PM PST FRI NOV 17 2017


...................................

...THE TROUTDALE OR CLIMATE SUMMARY FOR NOVEMBER 17 2017...
VALID TODAY AS OF 0600 PM LOCAL TIME.

CLIMATE NORMAL PERIOD 1981 TO 2010
CLIMATE RECORD PERIOD 1948 TO 2017


WEATHER ITEM   OBSERVED TIME   RECORD YEAR NORMAL DEPARTURE LAST
                VALUE   (LST)  VALUE       VALUE  FROM      YEAR
                                                  NORMAL
..................................................................
TEMPERATURE (F)
 TODAY
  MAXIMUM         53    305 PM  64    1976  52      1       54
  MINIMUM         44    815 AM  26    1977  39      5       44
  AVERAGE         49                        45      4       49

PRECIPITATION (IN)
  TODAY            0.05                      0.25  -0.20      T
  MONTH TO DATE    3.19                      4.09  -0.90     3.16
  SINCE OCT 1      8.38                      8.04   0.34    14.46
  SINCE JAN 1     38.76                     36.61   2.15    36.97

DEGREE DAYS
 HEATING
  TODAY           16                        20     -4       16
  MONTH TO DATE  286                       300    -14      151

 COOLING
  TODAY            0                         0      0        0
  MONTH TO DATE    0                         0      0        0
..................................................................


WIND (MPH)
  HIGHEST WIND SPEED    17   HIGHEST WIND DIRECTION    SW (220)
  HIGHEST GUST SPEED    22   HIGHEST GUST DIRECTION    SW (240)
  AVERAGE WIND SPEED     8.5


SKY COVER
  POSSIBLE SUNSHINE  MM
  AVERAGE SKY COVER 0.8


WEATHER CONDITIONS
 THE FOLLOWING WEATHER WAS RECORDED TODAY.
  LIGHT RAIN


RELATIVE HUMIDITY (PERCENT)
 HIGHEST    89           100 AM
 LOWEST     68           100 PM
 AVERAGE    79

..........................................................


THE TROUTDALE OR CLIMATE NORMALS FOR TOMORROW
                         NORMAL    RECORD    YEAR
 MAXIMUM TEMPERATURE (F)   52        62      1995
 MINIMUM TEMPERATURE (F)   38        27      1977


SUNRISE AND SUNSET
NOVEMBER 17 2017......SUNRISE   712 AM PST   SUNSET   437 PM PST
NOVEMBER 18 2017......SUNRISE   713 AM PST   SUNSET   436 PM PST


-  INDICATES NEGATIVE NUMBERS.
R  INDICATES RECORD WAS SET OR TIED.
MM INDICATES DATA IS MISSING.
T  INDICATES TRACE AMOUNT.




$$
