000
CDUS41 KPHI 250631
CLITTN


CLIMATE REPORT
NATIONAL WEATHER SERVICE MOUNT HOLLY NJ
230 AM EDT SUN SEP 25 2016


...................................

...THE TRENTON NJ CLIMATE SUMMARY FOR SEPTEMBER 24 2016...

CLIMATE NORMAL PERIOD 1981 TO 2010
CLIMATE RECORD PERIOD 1865 TO 2016


WEATHER ITEM   OBSERVED TIME   RECORD YEAR NORMAL DEPARTURE LAST
                VALUE   (LST)  VALUE       VALUE  FROM      YEAR
                                                  NORMAL
..................................................................
TEMPERATURE (F)
 YESTERDAY
  MAXIMUM         73    351 PM  92    1970  73      0       81
  MINIMUM         55   1159 PM  37    1963  53      2       51
  AVERAGE         64                        63      1       66

PRECIPITATION (IN)
  YESTERDAY        T             2.27 1975   0.16  -0.16     0.00
  MONTH TO DATE    1.73                      3.31  -1.58     1.99
  SINCE SEP 1      1.73                      3.31  -1.58     1.99
  SINCE JAN 1     26.53                     34.29  -7.76    28.11

SNOWFALL (IN)
  YESTERDAY       MM            MM      MM  MM     MM       MM
  MONTH TO DATE   MM                        MM     MM       MM
  SINCE SEP 1     MM                        MM     MM       MM
  SINCE JUL 1     MM                        MM     MM       MM
  SNOW DEPTH      MM

DEGREE DAYS
 HEATING
  YESTERDAY        1                         4     -3        0
  MONTH TO DATE    1                        32    -31        3
  SINCE SEP 1      1                        32    -31        3
  SINCE JUL 1      1                        35    -34        3

 COOLING
  YESTERDAY        0                         2     -2        1
  MONTH TO DATE  201                        93    108      178
  SINCE SEP 1    201                        93    108      178
  SINCE JAN 1   1352                       949    403     1239
..................................................................


WIND (MPH)
  HIGHEST WIND SPEED    18   HIGHEST WIND DIRECTION    NE (50)
  HIGHEST GUST SPEED    26   HIGHEST GUST DIRECTION    NE (30)
  AVERAGE WIND SPEED     7.5


SKY COVER
  POSSIBLE SUNSHINE  MM
  AVERAGE SKY COVER 0.5


WEATHER CONDITIONS
 THE FOLLOWING WEATHER WAS RECORDED YESTERDAY.
  LIGHT RAIN
  FOG


RELATIVE HUMIDITY (PERCENT)
 HIGHEST    78          1200 AM
 LOWEST     41           400 PM
 AVERAGE    60

..........................................................


THE TRENTON NJ CLIMATE NORMALS FOR TODAY
                         NORMAL    RECORD    YEAR
 MAXIMUM TEMPERATURE (F)   73        92      1970
 MINIMUM TEMPERATURE (F)   53        36      1997


SUNRISE AND SUNSET
SEPTEMBER 25 2016.....SUNRISE   650 AM EDT   SUNSET   651 PM EDT
SEPTEMBER 26 2016.....SUNRISE   651 AM EDT   SUNSET   649 PM EDT


-  INDICATES NEGATIVE NUMBERS.
R  INDICATES RECORD WAS SET OR TIED.
MM INDICATES DATA IS MISSING.
T  INDICATES TRACE AMOUNT.




$$
