000
CDUS41 KPHI 200630
CLITTN


CLIMATE REPORT
NATIONAL WEATHER SERVICE MOUNT HOLLY NJ
228 AM EDT SAT SEP 20 2014


...................................

...THE TRENTON NJ CLIMATE SUMMARY FOR SEPTEMBER 19 2014...

CLIMATE NORMAL PERIOD 1981 TO 2010
CLIMATE RECORD PERIOD 1865 TO 2014


WEATHER ITEM   OBSERVED TIME   RECORD YEAR NORMAL DEPARTURE LAST
                VALUE   (LST)  VALUE       VALUE  FROM      YEAR
                                                  NORMAL
..................................................................
TEMPERATURE (F)
 YESTERDAY
  MAXIMUM         68    207 PM  93    1983  75     -7       74
  MINIMUM         53    616 AM  41    1929  55     -2       45
  AVERAGE         61                        65     -4       60

PRECIPITATION (IN)
  YESTERDAY        0.00          3.10 1989   0.16  -0.16     0.00
  MONTH TO DATE    0.71                      2.53  -1.82     0.56
  SINCE SEP 1      0.71                      2.53  -1.82     0.56
  SINCE JAN 1     32.17                     33.51  -1.34    32.91

SNOWFALL (IN)
  YESTERDAY       MM            MM      MM  MM     MM       MM
  MONTH TO DATE   MM                        MM     MM       MM
  SINCE SEP 1     MM                        MM     MM       MM
  SINCE JUL 1     MM                        MM     MM       MM
  SNOW DEPTH      MM

DEGREE DAYS
 HEATING
  YESTERDAY        4                         2      2        5
  MONTH TO DATE   28                        16     12       47
  SINCE SEP 1     28                        16     12       47
  SINCE JUL 1     28                        19      9       47

 COOLING
  YESTERDAY        0                         2     -2        0
  MONTH TO DATE  110                        83     27       90
  SINCE SEP 1    110                        83     27       90
  SINCE JAN 1    893                       939    -46     1040
..................................................................


WIND (MPH)
  HIGHEST WIND SPEED    15   HIGHEST WIND DIRECTION    SE (150)
  HIGHEST GUST SPEED    21   HIGHEST GUST DIRECTION     E (70)
  AVERAGE WIND SPEED     7.8


SKY COVER
  POSSIBLE SUNSHINE  MM
  AVERAGE SKY COVER 0.2


WEATHER CONDITIONS
 THE FOLLOWING WEATHER WAS RECORDED YESTERDAY.
  NO SIGNIFICANT WEATHER WAS OBSERVED.


RELATIVE HUMIDITY (PERCENT)
 HIGHEST    86          1100 PM
 LOWEST     48          1200 PM
 AVERAGE    67

..........................................................


THE TRENTON NJ CLIMATE NORMALS FOR TODAY
                         NORMAL    RECORD    YEAR
 MAXIMUM TEMPERATURE (F)   75        94      1895
 MINIMUM TEMPERATURE (F)   55        37      1993


SUNRISE AND SUNSET
SEPTEMBER 20 2014.....SUNRISE   645 AM EDT   SUNSET   700 PM EDT
SEPTEMBER 21 2014.....SUNRISE   646 AM EDT   SUNSET   658 PM EDT


-  INDICATES NEGATIVE NUMBERS.
R  INDICATES RECORD WAS SET OR TIED.
MM INDICATES DATA IS MISSING.
T  INDICATES TRACE AMOUNT.




$$
