000
CDUS41 KPHI 220549
CLITTN


CLIMATE REPORT
NATIONAL WEATHER SERVICE MOUNT HOLLY NJ
148 AM EDT TUE AUG 22 2017


...................................

...THE TRENTON NJ CLIMATE SUMMARY FOR AUGUST 21 2017...

CLIMATE NORMAL PERIOD 1981 TO 2010
CLIMATE RECORD PERIOD 1865 TO 2017


WEATHER ITEM   OBSERVED TIME   RECORD YEAR NORMAL DEPARTURE LAST
                VALUE   (LST)  VALUE       VALUE  FROM      YEAR
                                                  NORMAL
..................................................................
TEMPERATURE (F)
 YESTERDAY
  MAXIMUM         87   1214 PM  96    1955  83      4       88
                                      1916
                                      1869
  MINIMUM         63    511 AM  49    2000  64     -1       70
                                      1984
  AVERAGE         75                        73      2       79

PRECIPITATION (IN)
  YESTERDAY        0.00          1.36 1906   0.14  -0.14     0.23
  MONTH TO DATE    2.12                      2.92  -0.80     1.19
  SINCE JUN 1     12.44                     12.28   0.16    10.76
  SINCE JAN 1     30.20                     29.80   0.40    24.80

DEGREE DAYS
 HEATING
  YESTERDAY        0                         0      0        0
  MONTH TO DATE    0                         0      0        0
  SINCE JUN 1     25                        24      1        8
  SINCE JUL 1      0                         0      0        0

 COOLING
  YESTERDAY       10                         9      1       14
  MONTH TO DATE  197                       203     -6      297
  SINCE JUN 1    787                       723     64      945
  SINCE JAN 1    870                       780     90     1037
..................................................................


WIND (MPH)
  HIGHEST WIND SPEED    14   HIGHEST WIND DIRECTION     S (200)
  HIGHEST GUST SPEED    18   HIGHEST GUST DIRECTION    SW (220)
  AVERAGE WIND SPEED     4.9


SKY COVER
  POSSIBLE SUNSHINE  MM
  AVERAGE SKY COVER 0.1


WEATHER CONDITIONS
 THE FOLLOWING WEATHER WAS RECORDED YESTERDAY.
  NO SIGNIFICANT WEATHER WAS OBSERVED.


RELATIVE HUMIDITY (PERCENT)
 HIGHEST   100           500 AM
 LOWEST     51          1100 AM
 AVERAGE    76

..........................................................


THE TRENTON NJ CLIMATE NORMALS FOR TODAY
                         NORMAL    RECORD    YEAR
 MAXIMUM TEMPERATURE (F)   83        97      1916
 MINIMUM TEMPERATURE (F)   64        50      1982


SUNRISE AND SUNSET
AUGUST 22 2017........SUNRISE   617 AM EDT   SUNSET   746 PM EDT
AUGUST 23 2017........SUNRISE   618 AM EDT   SUNSET   745 PM EDT


-  INDICATES NEGATIVE NUMBERS.
R  INDICATES RECORD WAS SET OR TIED.
MM INDICATES DATA IS MISSING.
T  INDICATES TRACE AMOUNT.




$$
