000
CDUS41 KPHI 210630
CLITTN


CLIMATE REPORT
NATIONAL WEATHER SERVICE MOUNT HOLLY NJ
230 AM EDT MON APR 21 2014


...................................

...THE TRENTON NJ CLIMATE SUMMARY FOR APRIL 20 2014...

CLIMATE NORMAL PERIOD 1981 TO 2010
CLIMATE RECORD PERIOD 1865 TO 2014


WEATHER ITEM   OBSERVED TIME   RECORD YEAR NORMAL DEPARTURE LAST
                VALUE   (LST)  VALUE       VALUE  FROM      YEAR
                                                  NORMAL
..................................................................
TEMPERATURE (F)
 YESTERDAY
  MAXIMUM         57    408 PM  91    1941  63     -6       57
  MINIMUM         38   1159 PM  27    1926  42     -4       44
  AVERAGE         48                        53     -5       51

PRECIPITATION (IN)
  YESTERDAY        0.00          1.70 1911   0.12  -0.12     0.12
  MONTH TO DATE    1.40                      2.54  -1.14     2.01
  SINCE MAR 1      4.73                      6.68  -1.95     4.60
  SINCE JAN 1     12.39                     12.15   0.24     9.22

SNOWFALL (IN)
  YESTERDAY       MM            MM      MM  MM     MM       MM
  MONTH TO DATE   MM                        MM     MM       MM
  SINCE MAR 1     MM                        MM     MM       MM
  SINCE JUL 1     MM                        MM     MM       MM
  SNOW DEPTH      MM

DEGREE DAYS
 HEATING
  YESTERDAY       17                        13      4       14
  MONTH TO DATE  284                       311    -27      255
  SINCE MAR 1   1157                      1043    114     1040
  SINCE JUL 1   5243                      4857    386     4641

 COOLING
  YESTERDAY        0                         0      0        0
  MONTH TO DATE    6                         0      6       14
  SINCE MAR 1      6                         0      6       14
  SINCE JAN 1      6                         0      6       14
..................................................................


WIND (MPH)
  HIGHEST WIND SPEED    17   HIGHEST WIND DIRECTION    SE (120)
  HIGHEST GUST SPEED    24   HIGHEST GUST DIRECTION    SE (120)
  AVERAGE WIND SPEED     9.2


SKY COVER
  POSSIBLE SUNSHINE  MM
  AVERAGE SKY COVER 0.0


WEATHER CONDITIONS
 THE FOLLOWING WEATHER WAS RECORDED YESTERDAY.
  NO SIGNIFICANT WEATHER WAS OBSERVED.


RELATIVE HUMIDITY (PERCENT)
 HIGHEST    60           500 AM
 LOWEST     30           300 PM
 AVERAGE    45

..........................................................


THE TRENTON NJ CLIMATE NORMALS FOR TODAY
                         NORMAL    RECORD    YEAR
 MAXIMUM TEMPERATURE (F)   63        87      1985
 MINIMUM TEMPERATURE (F)   43        28      1875


SUNRISE AND SUNSET
APRIL 21 2014.........SUNRISE   612 AM EDT   SUNSET   744 PM EDT
APRIL 22 2014.........SUNRISE   611 AM EDT   SUNSET   745 PM EDT


-  INDICATES NEGATIVE NUMBERS.
R  INDICATES RECORD WAS SET OR TIED.
MM INDICATES DATA IS MISSING.
T  INDICATES TRACE AMOUNT.




$$
