000
CDUS41 KPHI 070629
CLITTN


CLIMATE REPORT
NATIONAL WEATHER SERVICE MOUNT HOLLY NJ
128 AM EST SUN FEB 7 2016


...................................

...THE TRENTON NJ CLIMATE SUMMARY FOR FEBRUARY 6 2016...

CLIMATE NORMAL PERIOD 1981 TO 2010
CLIMATE RECORD PERIOD 1865 TO 2016


WEATHER ITEM   OBSERVED TIME   RECORD YEAR NORMAL DEPARTURE LAST
                VALUE   (LST)  VALUE       VALUE  FROM      YEAR
                                                  NORMAL
..................................................................
TEMPERATURE (F)
 YESTERDAY
  MAXIMUM         41    322 PM  64    1938  40      1       30
  MINIMUM         22    754 AM  -4    1895  25     -3       11
  AVERAGE         32                        32      0       21

PRECIPITATION (IN)
  YESTERDAY        0.00          1.79 1896   0.07  -0.07     0.00
  MONTH TO DATE    0.99                      0.42   0.57     1.19
  SINCE DEC 1      8.69                      7.28   1.41     9.67
  SINCE JAN 1      4.28                      3.58   0.70     5.53

SNOWFALL (IN)
  YESTERDAY       MM            MM      MM  MM     MM       MM
  MONTH TO DATE   MM                        MM     MM       MM
  SINCE DEC 1     MM                        MM     MM       MM
  SINCE JUL 1     MM                        MM     MM       MM
  SNOW DEPTH      MM

DEGREE DAYS
 HEATING
  YESTERDAY       33                        33      0       44
  MONTH TO DATE  141                       198    -57      239
  SINCE DEC 1   1664                      2168   -504     2174
  SINCE JUL 1   2410                      3144   -734     3144

 COOLING
  YESTERDAY        0                         0      0        0
  MONTH TO DATE    0                         0      0        0
  SINCE DEC 1      2                         0      2        0
  SINCE JAN 1      0                         0      0        0
..................................................................


WIND (MPH)
  HIGHEST WIND SPEED    14   HIGHEST WIND DIRECTION    SW (210)
  HIGHEST GUST SPEED    17   HIGHEST GUST DIRECTION     S (180)
  AVERAGE WIND SPEED     3.2


SKY COVER
  POSSIBLE SUNSHINE  MM
  AVERAGE SKY COVER 0.0


WEATHER CONDITIONS
 THE FOLLOWING WEATHER WAS RECORDED YESTERDAY.
  NO SIGNIFICANT WEATHER WAS OBSERVED.


RELATIVE HUMIDITY (PERCENT)
 HIGHEST    84           700 AM
 LOWEST     44           200 PM
 AVERAGE    64

..........................................................


THE TRENTON NJ CLIMATE NORMALS FOR TODAY
                         NORMAL    RECORD    YEAR
 MAXIMUM TEMPERATURE (F)   41        57      1904
 MINIMUM TEMPERATURE (F)   25         1      1993


SUNRISE AND SUNSET
FEBRUARY  7 2016......SUNRISE   703 AM EST   SUNSET   525 PM EST
FEBRUARY  8 2016......SUNRISE   702 AM EST   SUNSET   526 PM EST


-  INDICATES NEGATIVE NUMBERS.
R  INDICATES RECORD WAS SET OR TIED.
MM INDICATES DATA IS MISSING.
T  INDICATES TRACE AMOUNT.




$$
