000
CDUS41 KPHI 262129
CLITTN


CLIMATE REPORT
NATIONAL WEATHER SERVICE MOUNT HOLLY NJ
428 PM EST SUN FEB 26 2017


...................................

...THE TRENTON NJ CLIMATE SUMMARY FOR FEBRUARY 26 2017...
VALID TODAY AS OF 0400 PM LOCAL TIME.

CLIMATE NORMAL PERIOD 1981 TO 2010
CLIMATE RECORD PERIOD 1865 TO 2017


WEATHER ITEM   OBSERVED TIME   RECORD YEAR NORMAL DEPARTURE LAST
                VALUE   (LST)  VALUE       VALUE  FROM      YEAR
                                                  NORMAL
..................................................................
TEMPERATURE (F)
 TODAY
  MAXIMUM         45   1202 AM  70    1890  45      0       38
  MINIMUM         36    853 AM   5    1990  28      8       27
  AVERAGE         41                        36      5       33

PRECIPITATION (IN)
  TODAY            0.00          1.46 1929   0.09  -0.09      T
  MONTH TO DATE    1.37                      2.11  -0.74     3.89
  SINCE DEC 1      7.39                      8.97  -1.58    11.59
  SINCE JAN 1      4.74                      5.27  -0.53     7.18

DEGREE DAYS
 HEATING
  TODAY           24                        29     -5       32
  MONTH TO DATE  618                       811   -193      762
  SINCE DEC 1   2370                      2781   -411     2285
  SINCE JUL 1   3180                      3757   -577     3031

 COOLING
  TODAY            0                         0      0        0
  MONTH TO DATE    0                         0      0        0
  SINCE DEC 1      0                         0      0        2
  SINCE JAN 1      0                         0      0        0
..................................................................


WIND (MPH)
  HIGHEST WIND SPEED    20   HIGHEST WIND DIRECTION    NW (300)
  HIGHEST GUST SPEED    29   HIGHEST GUST DIRECTION    NW (300)
  AVERAGE WIND SPEED    13.1


SKY COVER
  POSSIBLE SUNSHINE  MM
  AVERAGE SKY COVER 0.6


WEATHER CONDITIONS
 THE FOLLOWING WEATHER WAS RECORDED TODAY.
  NO SIGNIFICANT WEATHER WAS OBSERVED.


RELATIVE HUMIDITY (PERCENT)
 HIGHEST    59           400 AM
 LOWEST     36           400 PM
 AVERAGE    48

..........................................................


THE TRENTON NJ CLIMATE NORMALS FOR TOMORROW
                         NORMAL    RECORD    YEAR
 MAXIMUM TEMPERATURE (F)   45        72      1997
 MINIMUM TEMPERATURE (F)   28         6      1934


SUNRISE AND SUNSET
FEBRUARY 26 2017......SUNRISE   637 AM EST   SUNSET   548 PM EST
FEBRUARY 27 2017......SUNRISE   635 AM EST   SUNSET   549 PM EST


-  INDICATES NEGATIVE NUMBERS.
R  INDICATES RECORD WAS SET OR TIED.
MM INDICATES DATA IS MISSING.
T  INDICATES TRACE AMOUNT.




$$
