000
CDUS44 KTSA 212232
CLITUL

CLIMATE REPORT
NATIONAL WEATHER SERVICE TULSA OK
427 PM CST SUN JAN 21 2018


...................................

...THE TULSA OKLAHOMA CLIMATE SUMMARY FOR JANUARY 21 2018...
VALID TODAY AS OF 0400 PM LOCAL TIME.

CLIMATE NORMAL PERIOD 1981 TO 2010
CLIMATE RECORD PERIOD 1882 TO 2018


WEATHER ITEM   OBSERVED TIME   RECORD YEAR NORMAL DEPARTURE LAST
                VALUE   (LST)  VALUE       VALUE  FROM      YEAR
                                                  NORMAL
..................................................................
TEMPERATURE (F)
 TODAY
  MAXIMUM         71    258 PM  75    1957  48     23       62
  MINIMUM         57    514 AM  -1    1918  27     30       37
  AVERAGE         64                        38     26       50

PRECIPITATION (IN)
  TODAY            0.00          2.20 1916   0.05  -0.05      T
  MONTH TO DATE    0.25                      1.10  -0.85     1.75
  SINCE DEC 1      1.68                      3.59  -1.91     2.19
  SINCE JAN 1      0.25                      1.10  -0.85     1.75

SNOWFALL (IN)
  TODAY            0.0                                       0.0
  MONTH TO DATE    T                                         0.2
  SINCE DEC 1      2.0                                       0.7
  SINCE JUL 1      2.0                                       0.7

DEGREE DAYS
 HEATING
  TODAY            1                        27    -26       15
  MONTH TO DATE  655                       582     73      508
  SINCE DEC 1   1374                      1374      0     1292
  SINCE JUL 1   1876                      2010   -134     1631
..................................................................


WIND (MPH)
  HIGHEST WIND SPEED    31   HIGHEST WIND DIRECTION     S (190)
  HIGHEST GUST SPEED    39   HIGHEST GUST DIRECTION     S (180)
  AVERAGE WIND SPEED    17.4


SKY COVER
  POSSIBLE SUNSHINE  MM
  AVERAGE SKY COVER 0.6


WEATHER CONDITIONS
 THE FOLLOWING WEATHER WAS RECORDED TODAY.
  NO SIGNIFICANT WEATHER WAS OBSERVED.


RELATIVE HUMIDITY (PERCENT)
 HIGHEST    86           200 AM
 LOWEST     57           300 PM
 AVERAGE    72

..........................................................


THE TULSA OKLAHOMA CLIMATE NORMALS FOR TOMORROW
                         NORMAL    RECORD    YEAR
 MAXIMUM TEMPERATURE (F)   48        78      1909
 MINIMUM TEMPERATURE (F)   27       -16      1930


SUNRISE AND SUNSET
JANUARY 21 2018.......SUNRISE   732 AM CST   SUNSET   539 PM CST
JANUARY 22 2018.......SUNRISE   731 AM CST   SUNSET   540 PM CST


-  INDICATES NEGATIVE NUMBERS.
R  INDICATES RECORD WAS SET OR TIED.
MM INDICATES DATA IS MISSING.
T  INDICATES TRACE AMOUNT.




$$

&&
...........................................................

TULSA RECORD LOW MAX AND HIGH MIN TEMPERATURES FOR TOMORROW
                      RECORD        YEAR
  LOW MAXIMUM           16          1962
  HIGH MINIMUM          57          1909
...........................................................
ALL DATA MEASURED AT THE TULSA INTERNATIONAL AIRPORT...
EXCEPT SNOWFALL...WHICH IS MEASURED AT THE NWS OFFICE.
