000
CDUS44 KTSA 301418
CLITUL

CLIMATE REPORT
NATIONAL WEATHER SERVICE TULSA OK
919 AM CDT SAT AUG 30 2014


...................................

...THE TULSA OKLAHOMA CLIMATE SUMMARY FOR AUGUST 30 2014...
VALID AS OF 0900 AM LOCAL TIME.

CLIMATE NORMAL PERIOD 1981 TO 2010
CLIMATE RECORD PERIOD 1882 TO 2014


WEATHER ITEM   OBSERVED TIME   RECORD YEAR NORMAL DEPARTURE LAST
                VALUE   (LST)  VALUE       VALUE  FROM      YEAR
                                                  NORMAL
..................................................................
TEMPERATURE (F)
 TODAY
  MAXIMUM         79    759 AM 107    1947  91    -12      100
  MINIMUM         73    558 AM  50    1915  69      4       73
  AVERAGE         76                        80     -4       87

PRECIPITATION (IN)
  TODAY            0.01          3.43 2003   0.11  -0.10     0.00
  MONTH TO DATE    0.98                      2.78  -1.80     2.88
  SINCE JUN 1     10.07                     10.86  -0.79     9.50
  SINCE JAN 1     18.52                     27.36  -8.84    23.38

DEGREE DAYS
 COOLING
  TODAY           11                        15     -4       22
  MONTH TO DATE  530                       519     11      470
  SINCE JUN 1   1351                      1453   -102     1411
  SINCE JAN 1   1622                      1687    -65     1603
..................................................................


WIND (MPH)
  HIGHEST WIND SPEED    13   HIGHEST WIND DIRECTION     S (170)
  HIGHEST GUST SPEED    16   HIGHEST GUST DIRECTION    SE (150)
  AVERAGE WIND SPEED     6.4


SKY COVER
  POSSIBLE SUNSHINE  MM
  AVERAGE SKY COVER 0.6


WEATHER CONDITIONS
 THE FOLLOWING WEATHER WAS RECORDED TODAY.
  NO SIGNIFICANT WEATHER WAS OBSERVED.


RELATIVE HUMIDITY (PERCENT)
 HIGHEST    94           300 AM
 LOWEST     74           800 AM
 AVERAGE    84

..........................................................


THE TULSA OKLAHOMA CLIMATE NORMALS FOR TOMORROW
                         NORMAL    RECORD    YEAR
 MAXIMUM TEMPERATURE (F)   90       106      1951
 MINIMUM TEMPERATURE (F)   68        48      1915


SUNRISE AND SUNSET
AUGUST 30 2014........SUNRISE   654 AM CDT   SUNSET   754 PM CDT
AUGUST 31 2014........SUNRISE   654 AM CDT   SUNSET   753 PM CDT


-  INDICATES NEGATIVE NUMBERS.
R  INDICATES RECORD WAS SET OR TIED.
MM INDICATES DATA IS MISSING.
T  INDICATES TRACE AMOUNT.




$$

&&
...........................................................

HOURLY TEMPERATURE DATA
 YESTERDAY
11AM NOON  1PM  2PM  3PM  4PM  5PM  6PM  7PM  8PM  9PM 10PM 11PM
  80   84   87   89   89   91   91   89   MM   85   82   81   80

 TODAY
 MID  1AM  2AM  3AM  4AM  5AM  6AM  7AM  8AM  9AM
  78   78   77   77   76   76   75   74   76   79
...........................................................
ALL DATA MEASURED AT THE TULSA INTERNATIONAL AIRPORT...
EXCEPT SNOWFALL...WHICH IS MEASURED AT THE NWS OFFICE.
