000
CDUS44 KTSA 252131
CLITUL

CLIMATE REPORT
NATIONAL WEATHER SERVICE TULSA OK
430 PM CDT SAT MAR 25 2017


...................................

...THE TULSA OKLAHOMA CLIMATE SUMMARY FOR MARCH 25 2017...
VALID TODAY AS OF 0400 PM LOCAL TIME.

CLIMATE NORMAL PERIOD 1981 TO 2010
CLIMATE RECORD PERIOD 1882 TO 2017


WEATHER ITEM   OBSERVED TIME   RECORD YEAR NORMAL DEPARTURE LAST
                VALUE   (LST)  VALUE       VALUE  FROM      YEAR
                                                  NORMAL
..................................................................
TEMPERATURE (F)
 TODAY
  MAXIMUM         61   1238 AM  88    1910  65     -4       65
  MINIMUM         49    935 AM  18    1955  43      6       34
  AVERAGE         55                        54      1       50

PRECIPITATION (IN)
  TODAY            0.43          3.18 1920   0.11   0.32     0.00
  MONTH TO DATE    1.29                      2.60  -1.31     2.04
  SINCE MAR 1      1.29                      2.60  -1.31     2.04
  SINCE JAN 1      5.89                      6.11  -0.22     3.24

SNOWFALL (IN)
  TODAY            0.0                                       0.0
  MONTH TO DATE    0.0                                       0.0
  SINCE MAR 1      0.0                                       0.0
  SINCE JUL 1      0.7                                       3.0

DEGREE DAYS
 HEATING
  TODAY           10                        12     -2       15
  MONTH TO DATE  243                       374   -131      223
  SINCE MAR 1    243                       374   -131      223
  SINCE JUL 1   2464                      3285   -821     2555

 COOLING
  TODAY            0                         1     -1        0
  MONTH TO DATE   40                         4     36        3
  SINCE MAR 1     40                         4     36        3
  SINCE JAN 1     56                         5     51        9
..................................................................


WIND (MPH)
  HIGHEST WIND SPEED    36   HIGHEST WIND DIRECTION    NW (320)
  HIGHEST GUST SPEED    40   HIGHEST GUST DIRECTION    NW (320)
  AVERAGE WIND SPEED    13.1


SKY COVER
  POSSIBLE SUNSHINE  MM
  AVERAGE SKY COVER 1.0


WEATHER CONDITIONS
 THE FOLLOWING WEATHER WAS RECORDED TODAY.
  THUNDERSTORM
  LIGHT RAIN
  FOG


RELATIVE HUMIDITY (PERCENT)
 HIGHEST    97          1200 AM
 LOWEST     71           300 PM
 AVERAGE    84

..........................................................


THE TULSA OKLAHOMA CLIMATE NORMALS FOR TOMORROW
                         NORMAL    RECORD    YEAR
 MAXIMUM TEMPERATURE (F)   66        87      1918
 MINIMUM TEMPERATURE (F)   43        14      1955


SUNRISE AND SUNSET
MARCH 25 2017.........SUNRISE   720 AM CDT   SUNSET   740 PM CDT
MARCH 26 2017.........SUNRISE   718 AM CDT   SUNSET   741 PM CDT


-  INDICATES NEGATIVE NUMBERS.
R  INDICATES RECORD WAS SET OR TIED.
MM INDICATES DATA IS MISSING.
T  INDICATES TRACE AMOUNT.




$$

&&
...........................................................

TULSA RECORD LOW MAX AND HIGH MIN TEMPERATURES FOR TOMORROW
                      RECORD        YEAR
  LOW MAXIMUM           34          1955
  HIGH MINIMUM          70          1991
...........................................................
ALL DATA MEASURED AT THE TULSA INTERNATIONAL AIRPORT...
EXCEPT SNOWFALL...WHICH IS MEASURED AT THE NWS OFFICE.
