000
CDUS44 KTSA 270800
CLITUL

CLIMATE REPORT
NATIONAL WEATHER SERVICE TULSA OK
147 AM CDT WED MAY 27 2015


...................................

...THE TULSA OKLAHOMA CLIMATE SUMMARY FOR MAY 26 2015...

CLIMATE NORMAL PERIOD 1981 TO 2010
CLIMATE RECORD PERIOD 1882 TO 2015


WEATHER ITEM   OBSERVED TIME   RECORD YEAR NORMAL DEPARTURE LAST
                VALUE   (LST)  VALUE       VALUE  FROM      YEAR
                                                  NORMAL
..................................................................
TEMPERATURE (F)
 YESTERDAY
  MAXIMUM         81    254 PM  94    1926  82     -1       78
                                      1920
  MINIMUM         60    548 AM  44    1925  62     -2       65
  AVERAGE         71                        72     -1       72

PRECIPITATION (IN)
  YESTERDAY        0.14          2.40 1984   0.19  -0.05     1.07
  MONTH TO DATE   12.09                      4.97   7.12     3.17
  SINCE MAR 1     19.90                     12.05   7.85     7.66
  SINCE JAN 1     22.22                     15.56   6.66     8.11

DEGREE DAYS
 COOLING
  YESTERDAY        6                         7     -1        7
  MONTH TO DATE  107                       128    -21      188
  SINCE MAR 1    181                       192    -11      222
  SINCE JAN 1    181                       193    -12      222
..................................................................


WIND (MPH)
  HIGHEST WIND SPEED    14   HIGHEST WIND DIRECTION     S (160)
  HIGHEST GUST SPEED    18   HIGHEST GUST DIRECTION     S (170)
  AVERAGE WIND SPEED     7.6


SKY COVER
  POSSIBLE SUNSHINE  MM
  AVERAGE SKY COVER 0.8


WEATHER CONDITIONS
 THE FOLLOWING WEATHER WAS RECORDED YESTERDAY.
  THUNDERSTORM
  LIGHT RAIN
  FOG


RELATIVE HUMIDITY (PERCENT)
 HIGHEST   100           200 AM
 LOWEST     54           300 PM
 AVERAGE    77

..........................................................


THE TULSA OKLAHOMA CLIMATE NORMALS FOR TODAY
                         NORMAL    RECORD    YEAR
 MAXIMUM TEMPERATURE (F)   82        94      1911
 MINIMUM TEMPERATURE (F)   62        45      1961
                                             1907


SUNRISE AND SUNSET
MAY 27 2015...........SUNRISE   610 AM CDT   SUNSET   832 PM CDT
MAY 28 2015...........SUNRISE   609 AM CDT   SUNSET   833 PM CDT


-  INDICATES NEGATIVE NUMBERS.
R  INDICATES RECORD WAS SET OR TIED.
MM INDICATES DATA IS MISSING.
T  INDICATES TRACE AMOUNT.




$$

&&
...........................................................

THE TULSA PRECIPITATION NORMALS FOR TODAY
                       NORMAL    RECORD      YEAR
  TODAY                 0.19      6.95       1984
  MONTH TO DATE         5.16
  YEAR TO DATE         15.75
...........................................................
ALL DATA MEASURED AT THE TULSA INTERNATIONAL AIRPORT...
EXCEPT SNOWFALL...WHICH IS MEASURED AT THE NWS OFFICE.
