000
CDUS44 KTSA 290702
CLITUL

CLIMATE REPORT
NATIONAL WEATHER SERVICE TULSA OK
1258 AM CST MON DEC 29 2014


...................................

...THE TULSA OKLAHOMA CLIMATE SUMMARY FOR DECEMBER 28 2014...

CLIMATE NORMAL PERIOD 1981 TO 2010
CLIMATE RECORD PERIOD 1882 TO 2014


WEATHER ITEM   OBSERVED TIME   RECORD YEAR NORMAL DEPARTURE LAST
                VALUE   (LST)  VALUE       VALUE  FROM      YEAR
                                                  NORMAL
..................................................................
TEMPERATURE (F)
 YESTERDAY
  MAXIMUM         40    422 PM  74    1928  47     -7       58
  MINIMUM         22    812 AM   0    1924  28     -6       33
  AVERAGE         31                        38     -7       46

PRECIPITATION (IN)
  YESTERDAY        0.00          0.98 1927   0.07  -0.07     0.00
  MONTH TO DATE    1.97                      2.30  -0.33     1.78
  SINCE DEC 1      1.97                      2.30  -0.33     1.78
  SINCE JAN 1     29.60                     40.78 -11.18    33.09

SNOWFALL (IN)
  YESTERDAY        0.0                                       0.0
  MONTH TO DATE    2.0                                       5.0
  SINCE DEC 1      2.0                                       5.0
  SINCE JUL 1      2.4                                       5.0

DEGREE DAYS
 HEATING
  YESTERDAY       34                        27      7       19
  MONTH TO DATE  584                       709   -125      814
  SINCE DEC 1    584                       709   -125      814
  SINCE JUL 1   1285                      1345    -60     1515
..................................................................


WIND (MPH)
  HIGHEST WIND SPEED     8   HIGHEST WIND DIRECTION    SE (130)
  HIGHEST GUST SPEED    10   HIGHEST GUST DIRECTION    SE (140)
  AVERAGE WIND SPEED     2.5


SKY COVER
  POSSIBLE SUNSHINE  MM
  AVERAGE SKY COVER 0.4


WEATHER CONDITIONS
 THE FOLLOWING WEATHER WAS RECORDED YESTERDAY.
  NO SIGNIFICANT WEATHER WAS OBSERVED.


RELATIVE HUMIDITY (PERCENT)
 HIGHEST    81           200 AM
 LOWEST     44           300 PM
 AVERAGE    63

..........................................................


THE TULSA OKLAHOMA CLIMATE NORMALS FOR TODAY
                         NORMAL    RECORD    YEAR
 MAXIMUM TEMPERATURE (F)   47        71      1984
                                             1964
 MINIMUM TEMPERATURE (F)   28         3      1983
                                             1917


SUNRISE AND SUNSET
DECEMBER 29 2014......SUNRISE   734 AM CST   SUNSET   517 PM CST
DECEMBER 30 2014......SUNRISE   734 AM CST   SUNSET   518 PM CST


-  INDICATES NEGATIVE NUMBERS.
R  INDICATES RECORD WAS SET OR TIED.
MM INDICATES DATA IS MISSING.
T  INDICATES TRACE AMOUNT.




$$

&&
...........................................................

THE TULSA PRECIPITATION NORMALS FOR TODAY
                       NORMAL    RECORD      YEAR
  TODAY                 0.06      1.05       2006
  MONTH TO DATE         2.36
  YEAR TO DATE         40.84
...........................................................
ALL DATA MEASURED AT THE TULSA INTERNATIONAL AIRPORT...
EXCEPT SNOWFALL...WHICH IS MEASURED AT THE NWS OFFICE.
