000
CDUS44 KTSA 231413
CLITUL

CLIMATE REPORT
NATIONAL WEATHER SERVICE TULSA OK
912 AM CDT SUN JUL 23 2017


...................................

...THE TULSA OKLAHOMA CLIMATE SUMMARY FOR JULY 23 2017...
VALID AS OF 0900 AM LOCAL TIME.

CLIMATE NORMAL PERIOD 1981 TO 2010
CLIMATE RECORD PERIOD 1882 TO 2017


WEATHER ITEM   OBSERVED TIME   RECORD YEAR NORMAL DEPARTURE LAST
                VALUE   (LST)  VALUE       VALUE  FROM      YEAR
                                                  NORMAL
..................................................................
TEMPERATURE (F)
 TODAY
  MAXIMUM         88   1205 AM 107    1936  94     -6      100
                                      1934
  MINIMUM         77    521 AM  58    1970  73      4       79
  AVERAGE         83                        84     -1       90

PRECIPITATION (IN)
  TODAY            0.00          1.95 2004   0.10  -0.10     0.00
  MONTH TO DATE    2.00                      2.60  -0.60     1.99
  SINCE JUN 1      4.77                      7.32  -2.55     2.76
  SINCE JAN 1     28.70                     23.82   4.88    16.62

DEGREE DAYS
 COOLING
  TODAY           18                        18      0       25
  MONTH TO DATE  434                       404     30      475
  SINCE JUN 1    834                       783     51     1008
  SINCE JAN 1   1121                      1017    104     1212
..................................................................


WIND (MPH)
  HIGHEST WIND SPEED    17   HIGHEST WIND DIRECTION     N (20)
  HIGHEST GUST SPEED    23   HIGHEST GUST DIRECTION     N (350)
  AVERAGE WIND SPEED    10.4


SKY COVER
  POSSIBLE SUNSHINE  MM
  AVERAGE SKY COVER 0.4


WEATHER CONDITIONS
 THE FOLLOWING WEATHER WAS RECORDED TODAY.
  NO SIGNIFICANT WEATHER WAS OBSERVED.


RELATIVE HUMIDITY (PERCENT)
 HIGHEST    71           400 AM
 LOWEST     58           800 AM
 AVERAGE    65

..........................................................


THE TULSA OKLAHOMA CLIMATE NORMALS FOR TOMORROW
                         NORMAL    RECORD    YEAR
 MAXIMUM TEMPERATURE (F)   94       110      1934
 MINIMUM TEMPERATURE (F)   73        60      1927
                                             1909


SUNRISE AND SUNSET
JULY 23 2017..........SUNRISE   624 AM CDT   SUNSET   836 PM CDT
JULY 24 2017..........SUNRISE   625 AM CDT   SUNSET   835 PM CDT


-  INDICATES NEGATIVE NUMBERS.
R  INDICATES RECORD WAS SET OR TIED.
MM INDICATES DATA IS MISSING.
T  INDICATES TRACE AMOUNT.




$$

&&
ALL DATA MEASURED AT THE TULSA INTERNATIONAL AIRPORT...
EXCEPT SNOWFALL...WHICH IS MEASURED AT THE NWS OFFICE.
