000
CDUS44 KTSA 201512
CLITUL

CLIMATE REPORT
NATIONAL WEATHER SERVICE TULSA OK
912 AM CST MON NOV 20 2017


...................................

...THE TULSA OKLAHOMA CLIMATE SUMMARY FOR NOVEMBER 20 2017...
VALID AS OF 0900 AM LOCAL TIME.

CLIMATE NORMAL PERIOD 1981 TO 2010
CLIMATE RECORD PERIOD 1882 TO 2017


WEATHER ITEM   OBSERVED TIME   RECORD YEAR NORMAL DEPARTURE LAST
                VALUE   (LST)  VALUE       VALUE  FROM      YEAR
                                                  NORMAL
..................................................................
TEMPERATURE (F)
 TODAY
  MAXIMUM         47    314 AM  81    1989  59    -12       61
  MINIMUM         42    704 AM  16    1937  38      4       30
  AVERAGE         45                        48     -3       46

PRECIPITATION (IN)
  TODAY            0.00          4.59 1979   0.09  -0.09     0.00
  MONTH TO DATE    0.02                      2.00  -1.98     1.56
  SINCE SEP 1      8.98                     10.19  -1.21     6.73
  SINCE JAN 1     43.98                     37.67   6.31    27.43

SNOWFALL (IN)
  TODAY            0.0                                       0.0
  MONTH TO DATE    0.0                                       0.0
  SINCE SEP 1      0.0                                       0.0
  SINCE JUL 1      0.0                                       0.0

DEGREE DAYS
 HEATING
  TODAY           20                        17      3       19
  MONTH TO DATE  232                       256    -24      134
  SINCE SEP 1    391                       442    -51      184
  SINCE JUL 1    391                       442    -51      184
..................................................................


WIND (MPH)
  HIGHEST WIND SPEED    15   HIGHEST WIND DIRECTION     S (180)
  HIGHEST GUST SPEED    18   HIGHEST GUST DIRECTION     S (170)
  AVERAGE WIND SPEED    10.8


SKY COVER
  POSSIBLE SUNSHINE  MM
  AVERAGE SKY COVER 0.1


WEATHER CONDITIONS
 THE FOLLOWING WEATHER WAS RECORDED TODAY.
  NO SIGNIFICANT WEATHER WAS OBSERVED.


RELATIVE HUMIDITY (PERCENT)
 HIGHEST    57           700 AM
 LOWEST     45          1200 AM
 AVERAGE    51

..........................................................


THE TULSA OKLAHOMA CLIMATE NORMALS FOR TOMORROW
                         NORMAL    RECORD    YEAR
 MAXIMUM TEMPERATURE (F)   58        79      1927
 MINIMUM TEMPERATURE (F)   37        18      1964


SUNRISE AND SUNSET
NOVEMBER 20 2017......SUNRISE   706 AM CST   SUNSET   512 PM CST
NOVEMBER 21 2017......SUNRISE   707 AM CST   SUNSET   512 PM CST


-  INDICATES NEGATIVE NUMBERS.
R  INDICATES RECORD WAS SET OR TIED.
MM INDICATES DATA IS MISSING.
T  INDICATES TRACE AMOUNT.




$$

&&
ALL DATA MEASURED AT THE TULSA INTERNATIONAL AIRPORT...
EXCEPT SNOWFALL...WHICH IS MEASURED AT THE NWS OFFICE.
