000
CDUS44 KTSA 282131
CLITUL

CLIMATE REPORT
NATIONAL WEATHER SERVICE TULSA OK
430 PM CDT SUN MAY 28 2017


...................................

...THE TULSA OKLAHOMA CLIMATE SUMMARY FOR MAY 28 2017...
VALID TODAY AS OF 0400 PM LOCAL TIME.

CLIMATE NORMAL PERIOD 1981 TO 2010
CLIMATE RECORD PERIOD 1882 TO 2017


WEATHER ITEM   OBSERVED TIME   RECORD YEAR NORMAL DEPARTURE LAST
                VALUE   (LST)  VALUE       VALUE  FROM      YEAR
                                                  NORMAL
..................................................................
TEMPERATURE (F)
 TODAY
  MAXIMUM         83    248 PM  94    2012  82      1       82
                                      1926
  MINIMUM         65    618 AM  45    1947  63      2       66
                                      1907
  AVERAGE         74                        72      2       74

PRECIPITATION (IN)
  TODAY            T             2.08 1905   0.19  -0.19     0.00
  MONTH TO DATE    7.12                      5.35   1.77     3.76
  SINCE MAR 1     19.33                     12.43   6.90    12.51
  SINCE JAN 1     23.93                     15.94   7.99    13.71

DEGREE DAYS
 COOLING
  TODAY            9                         8      1        9
  MONTH TO DATE  138                       144     -6      123
  SINCE MAR 1    242                       208     34      171
  SINCE JAN 1    258                       209     49      177
..................................................................


WIND (MPH)
  HIGHEST WIND SPEED    17   HIGHEST WIND DIRECTION     N (350)
  HIGHEST GUST SPEED    22   HIGHEST GUST DIRECTION     N (10)
  AVERAGE WIND SPEED     7.8


SKY COVER
  POSSIBLE SUNSHINE  MM
  AVERAGE SKY COVER 0.5


WEATHER CONDITIONS
 THE FOLLOWING WEATHER WAS RECORDED TODAY.
  LIGHT RAIN


RELATIVE HUMIDITY (PERCENT)
 HIGHEST    93           400 AM
 LOWEST     51           100 PM
 AVERAGE    72

..........................................................


THE TULSA OKLAHOMA CLIMATE NORMALS FOR TOMORROW
                         NORMAL    RECORD    YEAR
 MAXIMUM TEMPERATURE (F)   83        98      1926
 MINIMUM TEMPERATURE (F)   63        40      1947


SUNRISE AND SUNSET
MAY 28 2017...........SUNRISE   609 AM CDT   SUNSET   833 PM CDT
MAY 29 2017...........SUNRISE   609 AM CDT   SUNSET   834 PM CDT


-  INDICATES NEGATIVE NUMBERS.
R  INDICATES RECORD WAS SET OR TIED.
MM INDICATES DATA IS MISSING.
T  INDICATES TRACE AMOUNT.




$$

&&
...........................................................

TULSA RECORD LOW MAX AND HIGH MIN TEMPERATURES FOR TOMORROW
                      RECORD        YEAR
  LOW MAXIMUM           62          *1947
  HIGH MINIMUM          76          1989
...........................................................
ALL DATA MEASURED AT THE TULSA INTERNATIONAL AIRPORT...
EXCEPT SNOWFALL...WHICH IS MEASURED AT THE NWS OFFICE.
