000
CDUS44 KTSA 060651
CLITUL

CLIMATE REPORT
NATIONAL WEATHER SERVICE TULSA OK
1251 AM CST TUE DEC 6 2016

...................................

...THE TULSA OKLAHOMA CLIMATE SUMMARY FOR DECEMBER 5 2016...

CLIMATE NORMAL PERIOD 1981 TO 2010
CLIMATE RECORD PERIOD 1882 TO 2016


WEATHER ITEM   OBSERVED TIME   RECORD YEAR NORMAL DEPARTURE LAST
                VALUE   (LST)  VALUE       VALUE  FROM      YEAR
                                                  NORMAL
..................................................................
TEMPERATURE (F)
 YESTERDAY
  MAXIMUM         49    331 PM  77    1989  52     -3       57
                                      1956
  MINIMUM         32    806 AM  10    1950  32      0       33
  AVERAGE         41                        42     -1       45

PRECIPITATION (IN)
  YESTERDAY        0.00          1.14 1913   0.09  -0.09     0.00
  MONTH TO DATE    0.18                      0.43  -0.25     0.00
  SINCE DEC 1      0.18                      0.43  -0.25     0.00
  SINCE JAN 1     27.93                     38.91 -10.98    53.19

SNOWFALL (IN)
  YESTERDAY        0.0                                       0.0
  MONTH TO DATE    0.0                                       0.0
  SINCE DEC 1      0.0                                       0.0
  SINCE JUL 1      0.0                                        T

DEGREE DAYS
 HEATING
  YESTERDAY       24                        23      1       20
  MONTH TO DATE  100                       113    -13      110
  SINCE DEC 1    100                       113    -13      110
  SINCE JUL 1    439                       749   -310      585
..................................................................


WIND (MPH)
  HIGHEST WIND SPEED    16   HIGHEST WIND DIRECTION     S (170)
  HIGHEST GUST SPEED    21   HIGHEST GUST DIRECTION     S (170)
  AVERAGE WIND SPEED     6.9


SKY COVER
  POSSIBLE SUNSHINE  MM
  AVERAGE SKY COVER 0.8


WEATHER CONDITIONS
 THE FOLLOWING WEATHER WAS RECORDED YESTERDAY.
  FOG
  FOG W/VISIBILITY <= 1/4 MILE


RELATIVE HUMIDITY (PERCENT)
 HIGHEST   100          1200 AM
 LOWEST     80           300 PM
 AVERAGE    90

..........................................................


THE TULSA OKLAHOMA CLIMATE NORMALS FOR TODAY
                         NORMAL    RECORD    YEAR
 MAXIMUM TEMPERATURE (F)   52        77      1966
                                             1939
 MINIMUM TEMPERATURE (F)   32         3      1950


SUNRISE AND SUNSET
DECEMBER  6 2016......SUNRISE   721 AM CST   SUNSET   509 PM CST
DECEMBER  7 2016......SUNRISE   722 AM CST   SUNSET   509 PM CST


-  INDICATES NEGATIVE NUMBERS.
R  INDICATES RECORD WAS SET OR TIED.
MM INDICATES DATA IS MISSING.
T  INDICATES TRACE AMOUNT.




$$

&&
...........................................................

THE TULSA PRECIPITATION NORMALS FOR TODAY
                       NORMAL    RECORD      YEAR
  TODAY                 0.09      1.65       1935
  MONTH TO DATE         0.52
  YEAR TO DATE         39.00
...........................................................
ALL DATA MEASURED AT THE TULSA INTERNATIONAL AIRPORT...
EXCEPT SNOWFALL...WHICH IS MEASURED AT THE NWS OFFICE.
