000
CDUS44 KTSA 161500
CLITUL

CLIMATE REPORT
NATIONAL WEATHER SERVICE TULSA OK
912 AM CDT TUE SEP 16 2014


...................................

...THE TULSA OKLAHOMA CLIMATE SUMMARY FOR SEPTEMBER 16 2014...
VALID AS OF 0900 AM LOCAL TIME.

CLIMATE NORMAL PERIOD 1981 TO 2010
CLIMATE RECORD PERIOD 1882 TO 2014


WEATHER ITEM   OBSERVED TIME   RECORD YEAR NORMAL DEPARTURE LAST
                VALUE   (LST)  VALUE       VALUE  FROM      YEAR
                                                  NORMAL
..................................................................
TEMPERATURE (F)
 TODAY
  MAXIMUM         70    412 AM 103    1956  84    -14       86
  MINIMUM         67    759 AM  44    1993  62      5       70
  AVERAGE         69                        73     -4       78

PRECIPITATION (IN)
  TODAY            0.00          5.78 1971   0.14  -0.14     0.05
  MONTH TO DATE    1.36                      2.26  -0.90     0.05
  SINCE SEP 1      1.36                      2.26  -0.90     0.05
  SINCE JAN 1     19.88                     29.74  -9.86    23.43

DEGREE DAYS
 HEATING
  TODAY            0                         1     -1        0
  MONTH TO DATE   12                         2     10        0
  SINCE SEP 1     12                         2     10        0
  SINCE JUL 1     13                         2     11        0

 COOLING
  TODAY            4                         8     -4       13
  MONTH TO DATE  164                       178    -14      256
  SINCE SEP 1    164                       178    -14      256
  SINCE JAN 1   1817                      1879    -62     1885
..................................................................


WIND (MPH)
  HIGHEST WIND SPEED    13   HIGHEST WIND DIRECTION     N (10)
  HIGHEST GUST SPEED    15   HIGHEST GUST DIRECTION     N (10)
  AVERAGE WIND SPEED     7.0


SKY COVER
  POSSIBLE SUNSHINE  MM
  AVERAGE SKY COVER 0.9


WEATHER CONDITIONS
 THE FOLLOWING WEATHER WAS RECORDED TODAY.
  NO SIGNIFICANT WEATHER WAS OBSERVED.


RELATIVE HUMIDITY (PERCENT)
 HIGHEST    93           200 AM
 LOWEST     84           400 AM
 AVERAGE    89

..........................................................


THE TULSA OKLAHOMA CLIMATE NORMALS FOR TOMORROW
                         NORMAL    RECORD    YEAR
 MAXIMUM TEMPERATURE (F)   83       104      1931
 MINIMUM TEMPERATURE (F)   62        44      1981


SUNRISE AND SUNSET
SEPTEMBER 16 2014.....SUNRISE   707 AM CDT   SUNSET   729 PM CDT
SEPTEMBER 17 2014.....SUNRISE   708 AM CDT   SUNSET   728 PM CDT


-  INDICATES NEGATIVE NUMBERS.
R  INDICATES RECORD WAS SET OR TIED.
MM INDICATES DATA IS MISSING.
T  INDICATES TRACE AMOUNT.




$$

&&
...........................................................

HOURLY TEMPERATURE DATA
 YESTERDAY
11AM NOON  1PM  2PM  3PM  4PM  5PM  6PM  7PM  8PM  9PM 10PM 11PM
  73   75   78   84   86   86   88   85   83   80   78   77   73

 TODAY
 MID  1AM  2AM  3AM  4AM  5AM  6AM  7AM  8AM  9AM
  71   70   69   68   69   70   69   68   67   67
...........................................................
ALL DATA MEASURED AT THE TULSA INTERNATIONAL AIRPORT...
EXCEPT SNOWFALL...WHICH IS MEASURED AT THE NWS OFFICE.
