000
CDUS44 KMEG 022307
CLITUP


CLIMATE REPORT
NATIONAL WEATHER SERVICE MEMPHIS TN
454 PM CDT TUE SEP 2 2014


...................................

...THE TUPELO CLIMATE SUMMARY FOR SEPTEMBER 2 2014...
VALID TODAY AS OF 0400 PM LOCAL TIME.

CLIMATE NORMAL PERIOD 1981 TO 2010
CLIMATE RECORD PERIOD 1930 TO 2014


WEATHER ITEM   OBSERVED TIME   RECORD YEAR NORMAL DEPARTURE LAST
                VALUE   (LST)  VALUE       VALUE  FROM      YEAR
                                                  NORMAL
..................................................................
TEMPERATURE (F)
 TODAY
  MAXIMUM         89   1058 AM 101    1980  90     -1       86
  MINIMUM         73    426 AM  55    1987  68      5       74
  AVERAGE         81                        79      2       80

PRECIPITATION (IN)
  TODAY            0.00          2.66 1950   0.09  -0.09      T
  MONTH TO DATE    0.00                      0.18  -0.18      T
  SINCE SEP 1      0.00                      0.18  -0.18      T
  SINCE JAN 1     35.93                     36.65  -0.72    37.28

SNOWFALL (IN)
  TODAY            0.0

DEGREE DAYS
 HEATING
  TODAY            0                         0      0        0
  MONTH TO DATE    0                         0      0        0
  SINCE SEP 1      0                         0      0        0
  SINCE JUL 1      0                         0      0        0

 COOLING
  TODAY           16                        14      2       15
  MONTH TO DATE   34                        28      6       34
  SINCE SEP 1     34                        28      6       34
  SINCE JAN 1   1581                      1700   -119     1629
..................................................................


WIND (MPH)
  HIGHEST WIND SPEED    14   HIGHEST WIND DIRECTION    SW (210)
  HIGHEST GUST SPEED    17   HIGHEST GUST DIRECTION    SW (210)
  AVERAGE WIND SPEED     6.3


SKY COVER
  POSSIBLE SUNSHINE  MM
  AVERAGE SKY COVER 0.2


WEATHER CONDITIONS
 THE FOLLOWING WEATHER WAS RECORDED TODAY.
  THUNDERSTORM


RELATIVE HUMIDITY (PERCENT)
 HIGHEST    93           500 AM
 LOWEST     59          1100 AM
 AVERAGE    76

..........................................................


THE TUPELO CLIMATE NORMALS FOR TOMORROW
                         NORMAL    RECORD    YEAR
 MAXIMUM TEMPERATURE (F)   89       100      1990
                                             1954
                                             1939
 MINIMUM TEMPERATURE (F)   67        54      1952


SUNRISE AND SUNSET
SEPTEMBER  2 2014.....SUNRISE   629 AM CDT   SUNSET   720 PM CDT
SEPTEMBER  3 2014.....SUNRISE   630 AM CDT   SUNSET   718 PM CDT


-  INDICATES NEGATIVE NUMBERS.
R  INDICATES RECORD WAS SET OR TIED.
MM INDICATES DATA IS MISSING.
T  INDICATES TRACE AMOUNT.




$$
