006
CDUS44 KMEG 270654
CLITUP


CLIMATE REPORT
NATIONAL WEATHER SERVICE MEMPHIS TN
152 AM CDT WED JUL 27 2016


...................................

...THE TUPELO CLIMATE SUMMARY FOR JULY 26 2016...

CLIMATE NORMAL PERIOD 1981 TO 2010
CLIMATE RECORD PERIOD 1930 TO 2016


WEATHER ITEM   OBSERVED TIME   RECORD YEAR NORMAL DEPARTURE LAST
                VALUE   (LST)  VALUE       VALUE  FROM      YEAR
                                                  NORMAL
..................................................................
TEMPERATURE (F)
 YESTERDAY
  MAXIMUM         97    259 PM 103    1952  92      5       95
  MINIMUM         76    530 AM  63    2003  71      5       73
  AVERAGE         87                        82      5       84

PRECIPITATION (IN)
  YESTERDAY        0.00          1.60 1994   0.12  -0.12     0.00
  MONTH TO DATE    2.02                      3.30  -1.28    10.19
  SINCE JUN 1      8.08                      7.82   0.26    13.57
  SINCE JAN 1     30.18                     32.42  -2.24    45.98

SNOWFALL (IN)
  YESTERDAY        0.0          MM      MM   0.0    0.0      0.0
  MONTH TO DATE    0.0                       0.0    0.0      0.0
  SINCE JUN 1      0.0                       0.0    0.0      0.0
  SINCE JUL 1      0.0                       0.0    0.0      0.0
  SNOW DEPTH       0

DEGREE DAYS
 HEATING
  YESTERDAY        0                         0      0        0
  MONTH TO DATE    0                         0      0        0
  SINCE JUN 1      0                         0      0        0
  SINCE JUL 1      0                         0      0        0

 COOLING
  YESTERDAY       22                        17      5       19
  MONTH TO DATE  487                       431     56      466
  SINCE JUN 1    970                       826    144      899
  SINCE JAN 1   1256                      1103    153     1204
..................................................................


WIND (MPH)
  HIGHEST WIND SPEED    16   HIGHEST WIND DIRECTION    SE (140)
  HIGHEST GUST SPEED    22   HIGHEST GUST DIRECTION    SE (140)
  AVERAGE WIND SPEED     5.2


SKY COVER
  POSSIBLE SUNSHINE  MM
  AVERAGE SKY COVER 0.1


WEATHER CONDITIONS
 THE FOLLOWING WEATHER WAS RECORDED YESTERDAY.
  NO SIGNIFICANT WEATHER WAS OBSERVED.


RELATIVE HUMIDITY (PERCENT)
 HIGHEST    85          1200 AM
 LOWEST     38           300 PM
 AVERAGE    62

..........................................................


THE TUPELO CLIMATE NORMALS FOR TODAY
                         NORMAL    RECORD    YEAR
 MAXIMUM TEMPERATURE (F)   92       106      1952
 MINIMUM TEMPERATURE (F)   71        61      1962


SUNRISE AND SUNSET
JULY 27 2016..........SUNRISE   603 AM CDT   SUNSET   800 PM CDT
JULY 28 2016..........SUNRISE   603 AM CDT   SUNSET   759 PM CDT


-  INDICATES NEGATIVE NUMBERS.
R  INDICATES RECORD WAS SET OR TIED.
MM INDICATES DATA IS MISSING.
T  INDICATES TRACE AMOUNT.




$$
