000
CDUS44 KMEG 240735
CLITUP


CLIMATE REPORT
NATIONAL WEATHER SERVICE MEMPHIS TN
134 AM CST TUE JAN 24 2017


...................................

...THE TUPELO CLIMATE SUMMARY FOR JANUARY 23 2017...

CLIMATE NORMAL PERIOD 1981 TO 2010
CLIMATE RECORD PERIOD 1930 TO 2017


WEATHER ITEM   OBSERVED TIME   RECORD YEAR NORMAL DEPARTURE LAST
                VALUE   (LST)  VALUE       VALUE  FROM      YEAR
                                                  NORMAL
..................................................................
TEMPERATURE (F)
 YESTERDAY
  MAXIMUM         57    351 PM  79    1943  52      5       39
  MINIMUM         41   1157 PM   2    1963  32      9       25
  AVERAGE         49                        42      7       32

PRECIPITATION (IN)
  YESTERDAY        0.00          1.56 1974   0.14  -0.14     0.00
  MONTH TO DATE    5.74                      3.32   2.42     2.97
  SINCE DEC 1     10.64                      9.60   1.04    10.33
  SINCE JAN 1      5.74                      3.32   2.42     2.97

SNOWFALL (IN)
  YESTERDAY        0.0           2.5  1935   0.0    0.0      0.0
  MONTH TO DATE    T                         0.7   -0.7       T
  SINCE DEC 1      T                         1.0   -1.0       T
  SINCE JUL 1      T                         1.0   -1.0       T
  SNOW DEPTH       0

DEGREE DAYS
 HEATING
  YESTERDAY       16                        23     -7       33
  MONTH TO DATE  298                       543   -245      596
  SINCE DEC 1    874                      1194   -320      958
  SINCE JUL 1   1168                      1716   -548     1299

 COOLING
  YESTERDAY        0                         0      0        0
  MONTH TO DATE    8                         0      8        0
  SINCE DEC 1     15                         2     13       27
  SINCE JAN 1      8                         0      8        0
..................................................................


WIND (MPH)
  HIGHEST WIND SPEED    23   HIGHEST WIND DIRECTION    NW (310)
  HIGHEST GUST SPEED    35   HIGHEST GUST DIRECTION    NW (320)
  AVERAGE WIND SPEED    10.6


SKY COVER
  POSSIBLE SUNSHINE  MM
  AVERAGE SKY COVER 0.5


WEATHER CONDITIONS
 THE FOLLOWING WEATHER WAS RECORDED YESTERDAY.
  NO SIGNIFICANT WEATHER WAS OBSERVED.


RELATIVE HUMIDITY (PERCENT)
 HIGHEST    86           100 AM
 LOWEST     47           200 PM
 AVERAGE    67

..........................................................


THE TUPELO CLIMATE NORMALS FOR TODAY
                         NORMAL    RECORD    YEAR
 MAXIMUM TEMPERATURE (F)   52        80      1972
 MINIMUM TEMPERATURE (F)   32        -2      1963


SUNRISE AND SUNSET
JANUARY 24 2017.......SUNRISE   657 AM CST   SUNSET   517 PM CST
JANUARY 25 2017.......SUNRISE   657 AM CST   SUNSET   518 PM CST


-  INDICATES NEGATIVE NUMBERS.
R  INDICATES RECORD WAS SET OR TIED.
MM INDICATES DATA IS MISSING.
T  INDICATES TRACE AMOUNT.




$$
