000
CDUS44 KMEG 280748
CLITUP


CLIMATE REPORT
NATIONAL WEATHER SERVICE MEMPHIS TN
147 AM CST FRI NOV 28 2014


...................................

...THE TUPELO CLIMATE SUMMARY FOR NOVEMBER 27 2014...

CLIMATE NORMAL PERIOD 1981 TO 2010
CLIMATE RECORD PERIOD 1930 TO 2014


WEATHER ITEM   OBSERVED TIME   RECORD YEAR NORMAL DEPARTURE LAST
                VALUE   (LST)  VALUE       VALUE  FROM      YEAR
                                                  NORMAL
..................................................................
TEMPERATURE (F)
 YESTERDAY
  MAXIMUM         45    317 PM  79    1990  59    -14       38
                                      1989
                                      1985
  MINIMUM         28   1143 PM  19    1938  38    -10       24
  AVERAGE         37                        49    -12       31

PRECIPITATION (IN)
  YESTERDAY        0.00          2.60 1973   0.20  -0.20     0.00
  MONTH TO DATE    4.50                      4.10   0.40     4.33
  SINCE SEP 1     16.07                     11.66   4.41     9.59
  SINCE JAN 1     52.00                     48.13   3.87    46.87

SNOWFALL (IN)
  YESTERDAY        0.0           T    1951   0.0    0.0      0.0
                                      1936
  MONTH TO DATE    0.0                       0.0    0.0      0.0
  SINCE SEP 1      0.0                       0.0    0.0      0.0
  SINCE JUL 1      0.0                       0.0    0.0      0.0
  SNOW DEPTH       0

DEGREE DAYS
 HEATING
  YESTERDAY       28                        16     12       34
  MONTH TO DATE  500                       324    176      422
  SINCE SEP 1    599                       472    127      541
  SINCE JUL 1    599                       472    127      541

 COOLING
  YESTERDAY        0                         0      0        0
  MONTH TO DATE    0                         9     -9        0
  SINCE SEP 1    427                       370     57      432
  SINCE JAN 1   1974                      2042    -68     2027
..................................................................


WIND (MPH)
  HIGHEST WIND SPEED    14   HIGHEST WIND DIRECTION     N (360)
  HIGHEST GUST SPEED    18   HIGHEST GUST DIRECTION     N (10)
  AVERAGE WIND SPEED     6.1


SKY COVER
  POSSIBLE SUNSHINE  MM
  AVERAGE SKY COVER 0.4


WEATHER CONDITIONS
 THE FOLLOWING WEATHER WAS RECORDED YESTERDAY.
  NO SIGNIFICANT WEATHER WAS OBSERVED.


RELATIVE HUMIDITY (PERCENT)
 HIGHEST    85           900 PM
 LOWEST     53           200 PM
 AVERAGE    69

..........................................................


THE TUPELO CLIMATE NORMALS FOR TODAY
                         NORMAL    RECORD    YEAR
 MAXIMUM TEMPERATURE (F)   59        76      1970
 MINIMUM TEMPERATURE (F)   38        17      2013
                                             1938


SUNRISE AND SUNSET
NOVEMBER 28 2014......SUNRISE   640 AM CST   SUNSET   446 PM CST
NOVEMBER 29 2014......SUNRISE   641 AM CST   SUNSET   445 PM CST


-  INDICATES NEGATIVE NUMBERS.
R  INDICATES RECORD WAS SET OR TIED.
MM INDICATES DATA IS MISSING.
T  INDICATES TRACE AMOUNT.




$$
