000
CDUS45 KTWC 280029
CLITUS

CLIMATE REPORT
NATIONAL WEATHER SERVICE TUCSON AZ
527 PM MST THU NOV 27 2014


...................................

...THE TUCSON AZ CLIMATE SUMMARY FOR NOVEMBER 27 2014...
VALID TODAY AS OF 0500 PM LOCAL TIME.

CLIMATE NORMAL PERIOD 1981 TO 2010
CLIMATE RECORD PERIOD 1895 TO 2014


WEATHER ITEM   OBSERVED TIME   RECORD YEAR NORMAL DEPARTURE LAST
                VALUE   (LST)  VALUE       VALUE  FROM      YEAR
                                                  NORMAL
..................................................................
TEMPERATURE (F)
 TODAY
  MAXIMUM         83    404 PM  85    1998  69     14       63
                                      1950
  MINIMUM         41    558 AM  25    1911  42     -1       52
  AVERAGE         62                        56      6       58

PRECIPITATION (IN)
  TODAY            0.00          0.42 1909   0.02  -0.02     0.00
  MONTH TO DATE    0.00                      0.50  -0.50     2.22
  SINCE OCT 1      1.33                      1.39  -0.06     2.22
  SINCE JAN 1      8.02                     10.59  -2.57     7.70

DEGREE DAYS
 HEATING
  TODAY            3                        10     -7        7
  MONTH TO DATE  131                       153    -22       80
  SINCE SEP 1    131                       177    -46       93
  SINCE JUL 1    131                       177    -46       93

 COOLING
  TODAY            0                         0      0        0
  MONTH TO DATE   41                        25     16       49
  SINCE SEP 1    924                       734    190      779
  SINCE JAN 1   3615                      3144    471     3653
..................................................................


WIND (MPH)
  HIGHEST WIND SPEED    22   HIGHEST WIND DIRECTION     E (110)
  HIGHEST GUST SPEED    27   HIGHEST GUST DIRECTION     E (110)
  AVERAGE WIND SPEED     9.3


SKY COVER
  POSSIBLE SUNSHINE  MM
  AVERAGE SKY COVER 0.0


WEATHER CONDITIONS
 THE FOLLOWING WEATHER WAS RECORDED TODAY.
  NO SIGNIFICANT WEATHER WAS OBSERVED.


RELATIVE HUMIDITY (PERCENT)
 HIGHEST    39
 LOWEST      9
 AVERAGE    24

..........................................................


THE TUCSON AZ CLIMATE NORMALS FOR TOMORROW
                         NORMAL    RECORD    YEAR
 MAXIMUM TEMPERATURE (F)   69        85      1945
 MINIMUM TEMPERATURE (F)   42        24      1934


SUNRISE AND SUNSET
NOVEMBER 27 2014......SUNRISE   703 AM MST   SUNSET   519 PM MST
NOVEMBER 28 2014......SUNRISE   704 AM MST   SUNSET   519 PM MST


-  INDICATES NEGATIVE NUMBERS.
R  INDICATES RECORD WAS SET OR TIED.
MM INDICATES DATA IS MISSING.
T  INDICATES TRACE AMOUNT.




$$
