000
CDUS45 KTWC 220731
CLITUS

CLIMATE REPORT
NATIONAL WEATHER SERVICE TUCSON AZ
1230 AM MST SAT NOV 22 2014


...................................

...THE TUCSON AZ CLIMATE SUMMARY FOR NOVEMBER 21 2014...

CLIMATE NORMAL PERIOD 1981 TO 2010
CLIMATE RECORD PERIOD 1895 TO 2014


WEATHER ITEM   OBSERVED TIME   RECORD YEAR NORMAL DEPARTURE LAST
                VALUE   (LST)  VALUE       VALUE  FROM      YEAR
                                                  NORMAL
..................................................................
TEMPERATURE (F)
 YESTERDAY
  MAXIMUM         69    254 PM  89    1897  71     -2       74
  MINIMUM         47    217 AM  22    1898  44      3       51
  AVERAGE         58                        58      0       63

PRECIPITATION (IN)
  YESTERDAY        0.00          0.84 1905   0.02  -0.02     0.02
  MONTH TO DATE    0.00                      0.36  -0.36     0.14
  SINCE OCT 1      1.33                      1.25   0.08     0.14
  SINCE JAN 1      8.02                     10.45  -2.43     5.62

DEGREE DAYS
 HEATING
  YESTERDAY        7                         8     -1        2
  MONTH TO DATE   68                       100    -32       13
  SINCE SEP 1     68                       124    -56       26
  SINCE JUL 1     68                       124    -56       26

 COOLING
  YESTERDAY        0                         0      0        0
  MONTH TO DATE   41                        25     16       49
  SINCE SEP 1    924                       734    190      779
  SINCE JAN 1   3615                      3144    471     3653
..................................................................


WIND (MPH)
  HIGHEST WIND SPEED    20   HIGHEST WIND DIRECTION     W (270)
  HIGHEST GUST SPEED    27   HIGHEST GUST DIRECTION     W (270)
  AVERAGE WIND SPEED     7.5


SKY COVER
  POSSIBLE SUNSHINE  MM
  AVERAGE SKY COVER 0.1


WEATHER CONDITIONS
 THE FOLLOWING WEATHER WAS RECORDED YESTERDAY.
  NO SIGNIFICANT WEATHER WAS OBSERVED.


RELATIVE HUMIDITY (PERCENT)
 HIGHEST    59
 LOWEST     13
 AVERAGE    36

..........................................................


THE TUCSON AZ CLIMATE NORMALS FOR TODAY
                         NORMAL    RECORD    YEAR
 MAXIMUM TEMPERATURE (F)   71        90      1924
 MINIMUM TEMPERATURE (F)   44        24      1979
                                             1898


SUNRISE AND SUNSET
NOVEMBER 22 2014......SUNRISE   659 AM MST   SUNSET   521 PM MST
NOVEMBER 23 2014......SUNRISE   700 AM MST   SUNSET   520 PM MST


-  INDICATES NEGATIVE NUMBERS.
R  INDICATES RECORD WAS SET OR TIED.
MM INDICATES DATA IS MISSING.
T  INDICATES TRACE AMOUNT.




$$
