000
CDUS45 KTWC 050028
CLITUS

CLIMATE REPORT
NATIONAL WEATHER SERVICE TUCSON AZ
528 PM MST SUN DEC 4 2016


...................................

...THE TUCSON AZ CLIMATE SUMMARY FOR DECEMBER 4 2016...
VALID TODAY AS OF 0500 PM LOCAL TIME.

CLIMATE NORMAL PERIOD 1981 TO 2010
CLIMATE RECORD PERIOD 1895 TO 2016


WEATHER ITEM   OBSERVED TIME   RECORD YEAR NORMAL DEPARTURE LAST
                VALUE   (LST)  VALUE       VALUE  FROM      YEAR
                                                  NORMAL
..................................................................
TEMPERATURE (F)
 TODAY
  MAXIMUM         67    415 PM  85    1895  67      0       80
  MINIMUM         34    555 AM  21    1909  40     -6       45
  AVERAGE         51                        53     -2       63

PRECIPITATION (IN)
  TODAY            0.00          1.16 1992   0.03  -0.03     0.00
  MONTH TO DATE    0.00                      0.11  -0.11     0.00
  SINCE OCT 1      0.60                      1.57  -0.97     2.41
  SINCE JAN 1     10.73                     10.77  -0.04    12.95

DEGREE DAYS
 HEATING
  TODAY           14                        12      2        2
  MONTH TO DATE   59                        45     14       38
  SINCE DEC 1     59                        45     14       38
  SINCE JUL 1    153                       251    -98      233

 COOLING
  TODAY            0                         0      0        0
  MONTH TO DATE    0                         0      0        0
  SINCE DEC 1      0                         0      0        0
  SINCE JAN 1   3652                      3146    506     3522
..................................................................


WIND (MPH)
  HIGHEST WIND SPEED    12   HIGHEST WIND DIRECTION     N (350)
  HIGHEST GUST SPEED    16   HIGHEST GUST DIRECTION     N (350)
  AVERAGE WIND SPEED     4.7


SKY COVER
  POSSIBLE SUNSHINE  MM
  AVERAGE SKY COVER 0.0


WEATHER CONDITIONS
 THE FOLLOWING WEATHER WAS RECORDED TODAY.
  NO SIGNIFICANT WEATHER WAS OBSERVED.


RELATIVE HUMIDITY (PERCENT)
 HIGHEST    64
 LOWEST     20
 AVERAGE    42

..........................................................


THE TUCSON AZ CLIMATE NORMALS FOR TOMORROW
                         NORMAL    RECORD    YEAR
 MAXIMUM TEMPERATURE (F)   66        83      1939
                                             1901
 MINIMUM TEMPERATURE (F)   40        17      1909


SUNRISE AND SUNSET
DECEMBER  4 2016......SUNRISE   710 AM MST   SUNSET   519 PM MST
DECEMBER  5 2016......SUNRISE   710 AM MST   SUNSET   519 PM MST


-  INDICATES NEGATIVE NUMBERS.
R  INDICATES RECORD WAS SET OR TIED.
MM INDICATES DATA IS MISSING.
T  INDICATES TRACE AMOUNT.




$$
