000
CDUS43 KAPX 232228
CLITVC


CLIMATE REPORT
NATIONAL WEATHER SERVICE GAYLORD MI
528 PM EST TUE JAN 23 2018


...................................

...THE TRAVERSE CITY MI CLIMATE SUMMARY FOR JANUARY 23 2018...
VALID TODAY AS OF 0500 PM LOCAL TIME.

CLIMATE NORMAL PERIOD 1981 TO 2010
CLIMATE RECORD PERIOD 1896 TO 2018


WEATHER ITEM   OBSERVED TIME   RECORD YEAR NORMAL DEPARTURE LAST
                VALUE   (LST)  VALUE       VALUE  FROM      YEAR
                                                  NORMAL
..................................................................
TEMPERATURE (F)
 TODAY
  MAXIMUM         36    130 AM  48    1967  28      8       41
  MINIMUM         24    215 PM -12    2005  15      9       36
                                      1948
  AVERAGE         30                        21      9       39

PRECIPITATION (IN)
  TODAY            0.02          0.76 1953   0.09  -0.07     0.03
  MONTH TO DATE    1.05                      2.19  -1.14     1.07
  SINCE DEC 1      2.37                      4.68  -2.31     2.30
  SINCE JAN 1      1.05                      2.19  -1.14     1.07

SNOWFALL (IN)
  TODAY           MM            MM      MM   0.9   MM       MM
  MONTH TO DATE   MM                        25.8   MM       MM
  SINCE OCT 1     MM                        61.7   MM       MM
  SINCE JUL 1     MM                        61.7   MM       MM

DEGREE DAYS
 HEATING
  TODAY           35                        44     -9       26
  MONTH TO DATE  973                       997    -24      872
  SINCE DEC 1   2245                      2186     59     1992
  SINCE JUL 1   3539                      3805   -266     2951
..................................................................


WIND (MPH)
  RESULTANT WIND SPEED  12   RESULTANT WIND DIRECTION   N (0)
  HIGHEST WIND SPEED    22   HIGHEST WIND DIRECTION     N (10)
  HIGHEST GUST SPEED    28   HIGHEST GUST DIRECTION     N (350)
  AVERAGE WIND SPEED    12.4


SKY COVER
  POSSIBLE SUNSHINE  MM
  AVERAGE SKY COVER 1.0


WEATHER CONDITIONS
 THE FOLLOWING WEATHER WAS RECORDED TODAY.
  LT FREEZING RAIN
  SNOW
  LIGHT SNOW
  FOG
  HAZE


RELATIVE HUMIDITY (PERCENT)
 HIGHEST   100          1200 AM
 LOWEST     69           400 PM
 AVERAGE    85

..........................................................




SUNRISE AND SUNSET
JANUARY 23 2018.......SUNRISE   810 AM EST   SUNSET   538 PM EST
JANUARY 24 2018.......SUNRISE   810 AM EST   SUNSET   540 PM EST


-  INDICATES NEGATIVE NUMBERS.
R  INDICATES RECORD WAS SET OR TIED.
MM INDICATES DATA IS MISSING.
T  INDICATES TRACE AMOUNT.




$$
