000
CDUS43 KAPX 280544
CLITVC


CLIMATE REPORT
NATIONAL WEATHER SERVICE GAYLORD MI
1244 AM EST SAT FEB 28 2015


...................................

...THE TRAVERSE CITY MI CLIMATE SUMMARY FOR FEBRUARY 27 2015...

CLIMATE NORMAL PERIOD 1981 TO 2010
CLIMATE RECORD PERIOD 1896 TO 2015


WEATHER ITEM   OBSERVED TIME   RECORD YEAR NORMAL DEPARTURE LAST
                VALUE   (LST)  VALUE       VALUE  FROM      YEAR
                                                  NORMAL
..................................................................
TEMPERATURE (F)
 YESTERDAY
  MAXIMUM         17    429 PM  52    1902  34    -17       12
  MINIMUM        -18R   738 AM -16    1994  17    -35      -15
  AVERAGE          0                        25    -25       -1

PRECIPITATION (IN)
  YESTERDAY        0.00          0.72 1997   0.06  -0.06     0.01
  MONTH TO DATE    0.10                      1.45  -1.35     0.42
  SINCE DEC 1      1.84                      6.76  -4.92     2.40
  SINCE JAN 1      0.78                      4.27  -3.49     1.41

DEGREE DAYS
 HEATING
  YESTERDAY       65                        40     25       66
  MONTH TO DATE 1491                      1145    346     1352
  SINCE DEC 1   3998                      3682    316     4165
  SINCE JUL 1   5677                      5301    376     5656
..................................................................


WIND (MPH)
  HIGHEST WIND SPEED    17   HIGHEST WIND DIRECTION     W (270)
  HIGHEST GUST SPEED    25   HIGHEST GUST DIRECTION     W (280)
  AVERAGE WIND SPEED     5.0




RELATIVE HUMIDITY (PERCENT)
 HIGHEST    83
 LOWEST     59
 AVERAGE    71

..........................................................


THE TRAVERSE CITY MI CLIMATE NORMALS FOR TODAY
                         NORMAL    RECORD    YEAR
 MAXIMUM TEMPERATURE (F)   34        52      1983
 MINIMUM TEMPERATURE (F)   17       -22      1962


SUNRISE AND SUNSET
FEBRUARY 28 2015......SUNRISE   722 AM EST   SUNSET   628 PM EST
MARCH  1 2015.........SUNRISE   720 AM EST   SUNSET   630 PM EST


-  INDICATES NEGATIVE NUMBERS.
R  INDICATES RECORD WAS SET OR TIED.
MM INDICATES DATA IS MISSING.
T  INDICATES TRACE AMOUNT.




$$
