000
CDUS43 KAPX 050528
CLITVC


CLIMATE REPORT
NATIONAL WEATHER SERVICE GAYLORD MI
127 AM EDT THU MAY 5 2016


...................................

...THE TRAVERSE CITY MI CLIMATE SUMMARY FOR MAY 4 2016...

CLIMATE NORMAL PERIOD 1981 TO 2010
CLIMATE RECORD PERIOD 1896 TO 2016


WEATHER ITEM   OBSERVED TIME   RECORD YEAR NORMAL DEPARTURE LAST
                VALUE   (LST)  VALUE       VALUE  FROM      YEAR
                                                  NORMAL
..................................................................
TEMPERATURE (F)
 YESTERDAY
  MAXIMUM         50   1235 AM  85    1938  62    -12       67
  MINIMUM         41   1128 AM  20    1966  38      3       41
  AVERAGE         46                        50     -4       54

PRECIPITATION (IN)
  YESTERDAY        0.30          1.08 1938   0.08   0.22     0.02
  MONTH TO DATE    0.35                      0.32   0.03     0.02
  SINCE MAR 1      5.91                      4.96   0.95     1.95
  SINCE JAN 1      8.70                      9.28  -0.58     2.73

DEGREE DAYS
 HEATING
  YESTERDAY       19                        16      3       11
  MONTH TO DATE   66                        65      1       34
  SINCE MAR 1   1625                      1792   -167     1767
  SINCE JUL 1   5935                      7132  -1197     7499

 COOLING
  YESTERDAY        0                         0      0        0
  MONTH TO DATE    0                         0      0        5
  SINCE MAR 1      0                         3     -3        5
  SINCE JAN 1      0                         3     -3        5
..................................................................


WIND (MPH)
  HIGHEST WIND SPEED    16   HIGHEST WIND DIRECTION     N (340)
  HIGHEST GUST SPEED    24   HIGHEST GUST DIRECTION     N (350)
  AVERAGE WIND SPEED     9.3




RELATIVE HUMIDITY (PERCENT)
 HIGHEST    92
 LOWEST     65
 AVERAGE    79

..........................................................


THE TRAVERSE CITY MI CLIMATE NORMALS FOR TODAY
                         NORMAL    RECORD    YEAR
 MAXIMUM TEMPERATURE (F)   62        90      1959
 MINIMUM TEMPERATURE (F)   38        24      1968


SUNRISE AND SUNSET
MAY  5 2016...........SUNRISE   626 AM EDT   SUNSET   853 PM EDT
MAY  6 2016...........SUNRISE   625 AM EDT   SUNSET   854 PM EDT


-  INDICATES NEGATIVE NUMBERS.
R  INDICATES RECORD WAS SET OR TIED.
MM INDICATES DATA IS MISSING.
T  INDICATES TRACE AMOUNT.




$$
