000
CDUS43 KAPX 160527
CLITVC


CLIMATE REPORT
NATIONAL WEATHER SERVICE GAYLORD MI
127 AM EDT TUE SEP 16 2014


...................................

...THE TRAVERSE CITY MI CLIMATE SUMMARY FOR SEPTEMBER 15 2014...

CLIMATE NORMAL PERIOD 1981 TO 2010
CLIMATE RECORD PERIOD 1896 TO 2014


WEATHER ITEM   OBSERVED TIME   RECORD YEAR NORMAL DEPARTURE LAST
                VALUE   (LST)  VALUE       VALUE  FROM      YEAR
                                                  NORMAL
..................................................................
TEMPERATURE (F)
 YESTERDAY
  MAXIMUM         59    600 PM  96    1939  71    -12       61
  MINIMUM         45   1126 PM  30    1964  50     -5       53
  AVERAGE         52                        60     -8       57

PRECIPITATION (IN)
  YESTERDAY        0.03          1.44 1969   0.12  -0.09     0.21
  MONTH TO DATE    4.19                      1.78   2.41     0.98
  SINCE SEP 1      4.19                      1.78   2.41     0.98
  SINCE JAN 1     20.99                     22.89  -1.90    21.55

DEGREE DAYS
 HEATING
  YESTERDAY       13                         6      7        8
  MONTH TO DATE   73                        63     10       57
  SINCE SEP 1     73                        63     10       57
  SINCE JUL 1    152                       132     20      107

 COOLING
  YESTERDAY        0                         1     -1        0
  MONTH TO DATE   38                        27     11       44
  SINCE SEP 1     38                        27     11       44
  SINCE JAN 1    370                       396    -26      521
..................................................................


WIND (MPH)
  HIGHEST WIND SPEED    12   HIGHEST WIND DIRECTION     W (280)
  HIGHEST GUST SPEED    14   HIGHEST GUST DIRECTION    SW (220)
  AVERAGE WIND SPEED     3.5




RELATIVE HUMIDITY (PERCENT)
 HIGHEST    93
 LOWEST     57
 AVERAGE    75

..........................................................


THE TRAVERSE CITY MI CLIMATE NORMALS FOR TODAY
                         NORMAL    RECORD    YEAR
 MAXIMUM TEMPERATURE (F)   70        90      1955
 MINIMUM TEMPERATURE (F)   50        32      1964


SUNRISE AND SUNSET
SEPTEMBER 16 2014.....SUNRISE   722 AM EDT   SUNSET   751 PM EDT
SEPTEMBER 17 2014.....SUNRISE   723 AM EDT   SUNSET   749 PM EDT


-  INDICATES NEGATIVE NUMBERS.
R  INDICATES RECORD WAS SET OR TIED.
MM INDICATES DATA IS MISSING.
T  INDICATES TRACE AMOUNT.




$$
