000
CDUS43 KAPX 220530
CLITVC


CLIMATE REPORT
NATIONAL WEATHER SERVICE GAYLORD MI
130 AM EDT FRI AUG 22 2014


...................................

...THE TRAVERSE CITY MI CLIMATE SUMMARY FOR AUGUST 21 2014...

CLIMATE NORMAL PERIOD 1981 TO 2010
CLIMATE RECORD PERIOD 1896 TO 2014


WEATHER ITEM   OBSERVED TIME   RECORD YEAR NORMAL DEPARTURE LAST
                VALUE   (LST)  VALUE       VALUE  FROM      YEAR
                                                  NORMAL
..................................................................
TEMPERATURE (F)
 YESTERDAY
  MAXIMUM         77    357 PM  99    1955  77      0       91
  MINIMUM         61    103 AM  41    2004  57      4       68
                                      1933
  AVERAGE         69                        67      2       80

PRECIPITATION (IN)
  YESTERDAY        0.00          1.27 2002   0.11  -0.11     0.30
  MONTH TO DATE    1.61                      2.29  -0.68     0.86
  SINCE JUN 1      6.38                      8.47  -2.09     5.07
  SINCE JAN 1     16.06                     20.02  -3.96    17.45

DEGREE DAYS
 HEATING
  YESTERDAY        0                         1     -1        0
  MONTH TO DATE   14                        21     -7       22
  SINCE JUN 1    141                       161    -20      152
  SINCE JUL 1     69                        49     20       50

 COOLING
  YESTERDAY        4                         3      1       15
  MONTH TO DATE   65                        87    -22       63
  SINCE JUN 1    263                       320    -57      356
  SINCE JAN 1    272                       340    -68      398
..................................................................


WIND (MPH)
  HIGHEST WIND SPEED    12   HIGHEST WIND DIRECTION    NE (30)
  HIGHEST GUST SPEED    16   HIGHEST GUST DIRECTION     N (20)
  AVERAGE WIND SPEED     3.3




RELATIVE HUMIDITY (PERCENT)
 HIGHEST    93
 LOWEST     54
 AVERAGE    74

..........................................................


THE TRAVERSE CITY MI CLIMATE NORMALS FOR TODAY
                         NORMAL    RECORD    YEAR
 MAXIMUM TEMPERATURE (F)   77        98      1916
 MINIMUM TEMPERATURE (F)   56        34      1950


SUNRISE AND SUNSET
AUGUST 22 2014........SUNRISE   653 AM EDT   SUNSET   837 PM EDT
AUGUST 23 2014........SUNRISE   654 AM EDT   SUNSET   835 PM EDT


-  INDICATES NEGATIVE NUMBERS.
R  INDICATES RECORD WAS SET OR TIED.
MM INDICATES DATA IS MISSING.
T  INDICATES TRACE AMOUNT.




$$
