000
CDUS43 KAPX 010535
CLITVC


CLIMATE REPORT
NATIONAL WEATHER SERVICE GAYLORD MI
134 AM EDT FRI AUG 1 2014


...................................

...THE TRAVERSE CITY MI CLIMATE SUMMARY FOR JULY 31 2014...

CLIMATE NORMAL PERIOD 1981 TO 2010
CLIMATE RECORD PERIOD 1896 TO 2014


WEATHER ITEM   OBSERVED TIME   RECORD YEAR NORMAL DEPARTURE LAST
                VALUE   (LST)  VALUE       VALUE  FROM      YEAR
                                                  NORMAL
..................................................................
TEMPERATURE (F)
 YESTERDAY
  MAXIMUM         80    304 PM 102    1916  80      0       78
  MINIMUM         53    505 AM  44    1962  58     -5       62
  AVERAGE         67                        69     -2       70

PRECIPITATION (IN)
  YESTERDAY        0.00          1.35 1995   0.11  -0.11      T
  MONTH TO DATE    2.10                      3.02  -0.92     2.83
  SINCE JUN 1      4.77                      6.18  -1.41     4.21
  SINCE JAN 1     14.45                     17.73  -3.28    16.59

DEGREE DAYS
 HEATING
  YESTERDAY        0                         1     -1        0
  MONTH TO DATE   55                        32     23       28
  SINCE JUN 1    127                       140    -13      130
  SINCE JUL 1     55                        28     27       28

 COOLING
  YESTERDAY        2                         5     -3        5
  MONTH TO DATE   91                       152    -61      206
  SINCE JUN 1    198                       233    -35      293
  SINCE JAN 1    207                       253    -46      335
..................................................................


WIND (MPH)
  HIGHEST WIND SPEED    16   HIGHEST WIND DIRECTION     W (270)
  HIGHEST GUST SPEED    22   HIGHEST GUST DIRECTION    NW (320)
  AVERAGE WIND SPEED     4.6




RELATIVE HUMIDITY (PERCENT)
 HIGHEST    83
 LOWEST     30
 AVERAGE    57

..........................................................


THE TRAVERSE CITY MI CLIMATE NORMALS FOR TODAY
                         NORMAL    RECORD    YEAR
 MAXIMUM TEMPERATURE (F)   80       100      1917
 MINIMUM TEMPERATURE (F)   58        40      1947


SUNRISE AND SUNSET
AUGUST  1 2014........SUNRISE   628 AM EDT   SUNSET   908 PM EDT
AUGUST  2 2014........SUNRISE   629 AM EDT   SUNSET   907 PM EDT


-  INDICATES NEGATIVE NUMBERS.
R  INDICATES RECORD WAS SET OR TIED.
MM INDICATES DATA IS MISSING.
T  INDICATES TRACE AMOUNT.




$$
