000
CDUS43 KAPX 210527
CLITVC


CLIMATE REPORT
NATIONAL WEATHER SERVICE GAYLORD MI
127 AM EDT MON AUG 21 2017


...................................

...THE TRAVERSE CITY MI CLIMATE SUMMARY FOR AUGUST 20 2017...

CLIMATE NORMAL PERIOD 1981 TO 2010
CLIMATE RECORD PERIOD 1896 TO 2017


WEATHER ITEM   OBSERVED TIME   RECORD YEAR NORMAL DEPARTURE LAST
                VALUE   (LST)  VALUE       VALUE  FROM      YEAR
                                                  NORMAL
..................................................................
TEMPERATURE (F)
 YESTERDAY
  MAXIMUM         83    332 PM  98    1916  78      5       76
  MINIMUM         64    626 AM  38    1977  57      7       65
  AVERAGE         74                        67      7       71

PRECIPITATION (IN)
  YESTERDAY        0.00          1.60 2010   0.11  -0.11     0.79
  MONTH TO DATE    4.50                      2.18   2.32     3.19
  SINCE JUN 1     10.12                      8.36   1.76     7.40
  SINCE JAN 1     20.09                     19.91   0.18    17.26

DEGREE DAYS
 HEATING
  YESTERDAY        0                         1     -1        0
  MONTH TO DATE    2                        20    -18        0
  SINCE JUN 1     52                       160   -108       73
  SINCE JUL 1      5                        48    -43        9

 COOLING
  YESTERDAY        9                         3      6        6
  MONTH TO DATE   79                        84     -5      206
  SINCE JUN 1    342                       317     25      548
  SINCE JAN 1    363                       337     26      598
..................................................................


WIND (MPH)
  HIGHEST WIND SPEED    14   HIGHEST WIND DIRECTION    SW (240)
  HIGHEST GUST SPEED    23   HIGHEST GUST DIRECTION    SW (210)
  AVERAGE WIND SPEED     5.1




RELATIVE HUMIDITY (PERCENT)
 HIGHEST    93
 LOWEST     46
 AVERAGE    70

..........................................................


THE TRAVERSE CITY MI CLIMATE NORMALS FOR TODAY
                         NORMAL    RECORD    YEAR
 MAXIMUM TEMPERATURE (F)   77        99      1955
 MINIMUM TEMPERATURE (F)   57        41      2004
                                             1933


SUNRISE AND SUNSET
AUGUST 21 2017........SUNRISE   652 AM EDT   SUNSET   838 PM EDT
AUGUST 22 2017........SUNRISE   653 AM EDT   SUNSET   836 PM EDT


-  INDICATES NEGATIVE NUMBERS.
R  INDICATES RECORD WAS SET OR TIED.
MM INDICATES DATA IS MISSING.
T  INDICATES TRACE AMOUNT.




$$
