000
CDUS44 KJAN 060643
CLITVR


CLIMATE REPORT
NATIONAL WEATHER SERVICE JACKSON MS
1240 AM CST FRI MAR 6 2015


...................................

...THE VICKSBURG CLIMATE SUMMARY FOR MARCH 5 2015...

CLIMATE NORMAL PERIOD 1981 TO 2010
CLIMATE RECORD PERIOD 1948 TO 2015


WEATHER ITEM   OBSERVED TIME   RECORD YEAR NORMAL DEPARTURE LAST
                VALUE   (LST)  VALUE       VALUE  FROM      YEAR
                                                  NORMAL
..................................................................
TEMPERATURE (F)
 YESTERDAY
  MAXIMUM         36    128 AM  84    1955  65    -29       58
  MINIMUM         27   1159 PM  19    1978  44    -17       27
  AVERAGE         32                        55    -23       43

PRECIPITATION (IN)
  YESTERDAY        0.38          4.53 1983   0.19   0.19     0.22
  MONTH TO DATE    1.11                      0.94   0.17     0.62
  SINCE MAR 1      1.11                      0.94   0.17     0.62
  SINCE JAN 1     12.36                     11.28   1.08     6.04

SNOWFALL (IN)
  YESTERDAY       MM

DEGREE DAYS
 HEATING
  YESTERDAY       33                        11     22       22
  MONTH TO DATE   78                        57     21       95
  SINCE MAR 1     78                        57     21       95
  SINCE JUL 1   2336                      2033    303     2504

 COOLING
  YESTERDAY        0                         1     -1        0
  MONTH TO DATE    0                         2     -2        2
  SINCE MAR 1      0                         2     -2        2
  SINCE JAN 1      0                        11    -11        9
..................................................................


WIND (MPH)
  HIGHEST WIND SPEED    30   HIGHEST WIND DIRECTION     N (20)
  HIGHEST GUST SPEED    38   HIGHEST GUST DIRECTION     N (360)
  AVERAGE WIND SPEED    17.9


SKY COVER
  POSSIBLE SUNSHINE  MM
  AVERAGE SKY COVER 0.6


WEATHER CONDITIONS
 THE FOLLOWING WEATHER WAS RECORDED YESTERDAY.
  LIGHT RAIN
  LIGHT SNOW
  FOG


RELATIVE HUMIDITY (PERCENT)
 HIGHEST    96           200 AM
 LOWEST     53           800 PM
 AVERAGE    75

..........................................................


THE VICKSBURG CLIMATE NORMALS FOR TODAY
                         NORMAL    RECORD    YEAR
 MAXIMUM TEMPERATURE (F)   66        86      1956
 MINIMUM TEMPERATURE (F)   44        25      1960


SUNRISE AND SUNSET
MARCH  6 2015.........SUNRISE   626 AM CST   SUNSET   605 PM CST
MARCH  7 2015.........SUNRISE   625 AM CST   SUNSET   606 PM CST


-  INDICATES NEGATIVE NUMBERS.
R  INDICATES RECORD WAS SET OR TIED.
MM INDICATES DATA IS MISSING.
T  INDICATES TRACE AMOUNT.




$$
