000
CDUS44 KJAN 152213
CLITVR


CLIMATE REPORT
NATIONAL WEATHER SERVICE JACKSON MS
412 PM CST FRI DEC 15 2017


...................................

...THE VICKSBURG CLIMATE SUMMARY FOR DECEMBER 15 2017...
VALID TODAY AS OF 0400 PM LOCAL TIME.

CLIMATE NORMAL PERIOD 1981 TO 2010
CLIMATE RECORD PERIOD 1948 TO 2017


WEATHER ITEM   OBSERVED TIME   RECORD YEAR NORMAL DEPARTURE LAST
                VALUE   (LST)  VALUE       VALUE  FROM      YEAR
                                                  NORMAL
..................................................................
TEMPERATURE (F)
 TODAY
  MAXIMUM         48    140 PM  82    1987  58    -10       47
  MINIMUM         36    720 AM  20    1958  37     -1       33
                                      1952
  AVERAGE         42                        48     -6       40

PRECIPITATION (IN)
  TODAY            0.00          3.09 1972   0.17  -0.17     0.00
  MONTH TO DATE    0.71                      2.93  -2.22     3.75
  SINCE DEC 1      0.71                      2.93  -2.22     3.75
  SINCE JAN 1     54.33                     52.06   2.27    58.57

SNOWFALL (IN)
  TODAY            0.0

DEGREE DAYS
 HEATING
  TODAY           23                        17      6       25
  MONTH TO DATE  268                       239     29      265
  SINCE DEC 1    268                       239     29      265
  SINCE JUL 1    625                       641    -16      542

 COOLING
  TODAY            0                         0      0        0
  MONTH TO DATE    0                         0      0        0
  SINCE DEC 1      0                         0      0        0
  SINCE JAN 1   2498                      2225    273     2919
..................................................................


WIND (MPH)
  HIGHEST WIND SPEED    13   HIGHEST WIND DIRECTION    NE (40)
  HIGHEST GUST SPEED    16   HIGHEST GUST DIRECTION    NE (40)
  AVERAGE WIND SPEED     5.6


SKY COVER
  POSSIBLE SUNSHINE  MM
  AVERAGE SKY COVER 0.0


WEATHER CONDITIONS
 THE FOLLOWING WEATHER WAS RECORDED TODAY.
  NO SIGNIFICANT WEATHER WAS OBSERVED.


RELATIVE HUMIDITY (PERCENT)
 HIGHEST    89           700 AM
 LOWEST     42           200 PM
 AVERAGE    66

..........................................................


THE VICKSBURG CLIMATE NORMALS FOR TOMORROW
                         NORMAL    RECORD    YEAR
 MAXIMUM TEMPERATURE (F)   58        80      1975
 MINIMUM TEMPERATURE (F)   37        14      1955


SUNRISE AND SUNSET
DECEMBER 15 2017......SUNRISE   658 AM CST   SUNSET   501 PM CST
DECEMBER 16 2017......SUNRISE   659 AM CST   SUNSET   501 PM CST


-  INDICATES NEGATIVE NUMBERS.
R  INDICATES RECORD WAS SET OR TIED.
MM INDICATES DATA IS MISSING.
T  INDICATES TRACE AMOUNT.




$$
