000
CDUS44 KJAN 042212
CLITVR


CLIMATE REPORT
NATIONAL WEATHER SERVICE JACKSON MS
512 PM CDT SAT JUL 4 2015


...................................

...THE VICKSBURG CLIMATE SUMMARY FOR JULY 4 2015...
VALID AS OF 0500 PM LOCAL TIME.

CLIMATE NORMAL PERIOD 1981 TO 2010
CLIMATE RECORD PERIOD 1948 TO 2015


WEATHER ITEM   OBSERVED TIME   RECORD YEAR NORMAL DEPARTURE LAST
                VALUE   (LST)  VALUE       VALUE  FROM      YEAR
                                                  NORMAL
..................................................................
TEMPERATURE (F)
 TODAY
  MAXIMUM         85    954 AM 101    1970  91     -6       85
  MINIMUM         72   1044 AM  62    2014  70      2       62
  AVERAGE         79

PRECIPITATION (IN)
  TODAY            0.17          1.83 1976   0.12   0.05     0.00
  MONTH TO DATE    0.17                      0.50  -0.33     0.15
  SINCE JUN 1      5.42                      4.49   0.93     6.70
  SINCE JAN 1     35.69                     29.79   5.90    35.03

..................................................................










-  INDICATES NEGATIVE NUMBERS.
R  INDICATES RECORD WAS SET OR TIED.
MM INDICATES DATA IS MISSING.
T  INDICATES TRACE AMOUNT.




$$
