000
CDUS44 KJAN 302124
CLITVR


CLIMATE REPORT
NATIONAL WEATHER SERVICE JACKSON MS
423 PM CDT TUE SEP 30 2014


...................................

...THE VICKSBURG CLIMATE SUMMARY FOR SEPTEMBER 30 2014...
VALID TODAY AS OF 0400 PM LOCAL TIME.

CLIMATE NORMAL PERIOD 1981 TO 2010
CLIMATE RECORD PERIOD 1948 TO 2014


WEATHER ITEM   OBSERVED TIME   RECORD YEAR NORMAL DEPARTURE LAST
                VALUE   (LST)  VALUE       VALUE  FROM      YEAR
                                                  NORMAL
..................................................................
TEMPERATURE (F)
 TODAY
  MAXIMUM         90    247 PM  95    1994  83      7       86
  MINIMUM         62    608 AM  35    1949  59      3       68
  AVERAGE         76                        71      5       77

PRECIPITATION (IN)
  TODAY            0.00          2.30 2012   0.10  -0.10      T
  MONTH TO DATE    1.00                      2.89  -1.89     5.65
  SINCE SEP 1      1.00                      2.89  -1.89     5.65
  SINCE JAN 1     45.24                     39.46   5.78    53.80

SNOWFALL (IN)
  TODAY            0.0

DEGREE DAYS
 HEATING
  TODAY            0                         1     -1        0
  MONTH TO DATE    0                         3     -3        0
  SINCE SEP 1      0                         5     -5        0
  SINCE JUL 1      0                         5     -5        0

 COOLING
  TODAY           11                         7      4       12
  MONTH TO DATE  386                       308     78      405
  SINCE SEP 1    386                       308     78      405
  SINCE JAN 1   2044                      2097    -53     2112
..................................................................


WIND (MPH)
  HIGHEST WIND SPEED     9   HIGHEST WIND DIRECTION    SE (140)
  HIGHEST GUST SPEED    12   HIGHEST GUST DIRECTION    SE (150)
  AVERAGE WIND SPEED     2.8


SKY COVER
  POSSIBLE SUNSHINE  MM
  AVERAGE SKY COVER 0.1


WEATHER CONDITIONS
 THE FOLLOWING WEATHER WAS RECORDED TODAY.
  NO SIGNIFICANT WEATHER WAS OBSERVED.


RELATIVE HUMIDITY (PERCENT)
 HIGHEST    93          1200 AM
 LOWEST     41           300 PM
 AVERAGE    67

..........................................................


THE VICKSBURG CLIMATE NORMALS FOR TOMORROW
                         NORMAL    RECORD    YEAR
 MAXIMUM TEMPERATURE (F)   83        95      1998
 MINIMUM TEMPERATURE (F)   58        37      1984


SUNRISE AND SUNSET
SEPTEMBER 30 2014.....SUNRISE   657 AM CDT   SUNSET   650 PM CDT
OCTOBER  1 2014.......SUNRISE   658 AM CDT   SUNSET   649 PM CDT


-  INDICATES NEGATIVE NUMBERS.
R  INDICATES RECORD WAS SET OR TIED.
MM INDICATES DATA IS MISSING.
T  INDICATES TRACE AMOUNT.




$$
