000
CDUS44 KJAN 230815
CLITVR


CLIMATE REPORT
NATIONAL WEATHER SERVICE JACKSON MS
312 AM CDT SAT JUL 23 2016


...................................

...THE VICKSBURG CLIMATE SUMMARY FOR JULY 22 2016...

CLIMATE NORMAL PERIOD 1981 TO 2010
CLIMATE RECORD PERIOD 1948 TO 2016


WEATHER ITEM   OBSERVED TIME   RECORD YEAR NORMAL DEPARTURE LAST
                VALUE   (LST)  VALUE       VALUE  FROM      YEAR
                                                  NORMAL
..................................................................
TEMPERATURE (F)
 YESTERDAY
  MAXIMUM        101R   213 PM  98    1976  92      9       94
                                      1960
                                      1952
  MINIMUM         76   1159 PM  60    2007  71      5       78
  AVERAGE         89                        82      7       86

PRECIPITATION (IN)
  YESTERDAY        0.18          0.91 1968   0.11   0.07     0.00
  MONTH TO DATE    1.65                      2.65  -1.00     1.13
  SINCE JUN 1      5.16                      6.64  -1.48     6.38
  SINCE JAN 1     40.63                     31.94   8.69    36.65

SNOWFALL (IN)
  YESTERDAY        0.0

DEGREE DAYS
 HEATING
  YESTERDAY        0                         0      0        0
  MONTH TO DATE    0                         0      0        0
  SINCE JUN 1      0                         0      0        0
  SINCE JUL 1      0                         0      0        0

 COOLING
  YESTERDAY       24                        17      7       21
  MONTH TO DATE  443                       360     83      401
  SINCE JUN 1    962                       778    184      885
  SINCE JAN 1   1477                      1148    329     1331
..................................................................


WIND (MPH)
  HIGHEST WIND SPEED    21   HIGHEST WIND DIRECTION    SE (130)
  HIGHEST GUST SPEED    26   HIGHEST GUST DIRECTION    SE (130)
  AVERAGE WIND SPEED     1.9


SKY COVER
  POSSIBLE SUNSHINE  MM
  AVERAGE SKY COVER 0.0


WEATHER CONDITIONS
 THE FOLLOWING WEATHER WAS RECORDED YESTERDAY.
  THUNDERSTORM
  HEAVY RAIN
  LIGHT RAIN
  FOG


RELATIVE HUMIDITY (PERCENT)
 HIGHEST    94          1000 PM
 LOWEST     40           200 PM
 AVERAGE    67

..........................................................


THE VICKSBURG CLIMATE NORMALS FOR TODAY
                         NORMAL    RECORD    YEAR
 MAXIMUM TEMPERATURE (F)   92       100      1952
 MINIMUM TEMPERATURE (F)   71        59      2007


SUNRISE AND SUNSET
JULY 23 2016..........SUNRISE   613 AM CDT   SUNSET   808 PM CDT
JULY 24 2016..........SUNRISE   614 AM CDT   SUNSET   807 PM CDT


-  INDICATES NEGATIVE NUMBERS.
R  INDICATES RECORD WAS SET OR TIED.
MM INDICATES DATA IS MISSING.
T  INDICATES TRACE AMOUNT.




$$
