849
CDUS44 KJAN 290810
CLITVR


CLIMATE REPORT
NATIONAL WEATHER SERVICE JACKSON MS
308 AM CDT THU SEP 29 2016


...................................

...THE VICKSBURG CLIMATE SUMMARY FOR SEPTEMBER 28 2016...

CLIMATE NORMAL PERIOD 1981 TO 2010
CLIMATE RECORD PERIOD 1948 TO 2016


WEATHER ITEM   OBSERVED TIME   RECORD YEAR NORMAL DEPARTURE LAST
                VALUE   (LST)  VALUE       VALUE  FROM      YEAR
                                                  NORMAL
..................................................................
TEMPERATURE (F)
 YESTERDAY
  MAXIMUM         88    245 PM  98    1953  84      4       86
  MINIMUM         55    600 AM  44    1975  59     -4       71
                                      1967
  AVERAGE         72                        72      0       79

PRECIPITATION (IN)
  YESTERDAY        0.00          2.01 1964   0.09  -0.09     0.00
  MONTH TO DATE    0.12                      2.69  -2.57     0.78
  SINCE SEP 1      0.12                      2.69  -2.57     0.78
  SINCE JAN 1     51.67                     39.26  12.41    41.23

SNOWFALL (IN)
  YESTERDAY        0.0

DEGREE DAYS
 HEATING
  YESTERDAY        0                         1     -1        0
  MONTH TO DATE    0                         1     -1        0
  SINCE SEP 1      0                         1     -1        0
  SINCE JUL 1      0                         1     -1        0

 COOLING
  YESTERDAY        7                         7      0       14
  MONTH TO DATE  468                       294    174      355
  SINCE SEP 1    468                       294    174      355
  SINCE JAN 1   2715                      2083    632     2409
..................................................................


WIND (MPH)
  HIGHEST WIND SPEED    12   HIGHEST WIND DIRECTION     W (290)
  HIGHEST GUST SPEED    16   HIGHEST GUST DIRECTION     W (270)
  AVERAGE WIND SPEED     2.2


SKY COVER
  POSSIBLE SUNSHINE  MM
  AVERAGE SKY COVER 0.0


WEATHER CONDITIONS
 THE FOLLOWING WEATHER WAS RECORDED YESTERDAY.
  NO SIGNIFICANT WEATHER WAS OBSERVED.


RELATIVE HUMIDITY (PERCENT)
 HIGHEST   100           300 AM
 LOWEST     31           300 PM
 AVERAGE    66

..........................................................


THE VICKSBURG CLIMATE NORMALS FOR TODAY
                         NORMAL    RECORD    YEAR
 MAXIMUM TEMPERATURE (F)   83        96      1953
 MINIMUM TEMPERATURE (F)   59        34      1967


SUNRISE AND SUNSET
SEPTEMBER 29 2016.....SUNRISE   657 AM CDT   SUNSET   651 PM CDT
SEPTEMBER 30 2016.....SUNRISE   658 AM CDT   SUNSET   649 PM CDT


-  INDICATES NEGATIVE NUMBERS.
R  INDICATES RECORD WAS SET OR TIED.
MM INDICATES DATA IS MISSING.
T  INDICATES TRACE AMOUNT.




$$
