000
CDUS44 KJAN 251111
CLITVR


CLIMATE REPORT
NATIONAL WEATHER SERVICE JACKSON MS
510 AM CST TUE NOV 25 2014


...................................

...THE VICKSBURG CLIMATE SUMMARY FOR NOVEMBER 24 2014...

CLIMATE NORMAL PERIOD 1981 TO 2010
CLIMATE RECORD PERIOD 1948 TO 2014


WEATHER ITEM   OBSERVED TIME   RECORD YEAR NORMAL DEPARTURE LAST
                VALUE   (LST)  VALUE       VALUE  FROM      YEAR
                                                  NORMAL
..................................................................
TEMPERATURE (F)
 YESTERDAY
  MAXIMUM         64   1244 AM  82    2010  65     -1       46
  MINIMUM         34   1159 PM  21    1970  41     -7       32
  AVERAGE         49                        53     -4       39

PRECIPITATION (IN)
  YESTERDAY        0.00          1.65 2000   0.18  -0.18     0.00
  MONTH TO DATE    3.81                      3.74   0.07     2.46
  SINCE SEP 1      9.67                     11.30  -1.63    11.66
  SINCE JAN 1     53.91                     47.87   6.04    59.81

SNOWFALL (IN)
  YESTERDAY        0.0

DEGREE DAYS
 HEATING
  YESTERDAY       16                        12      4       26
  MONTH TO DATE  361                       219    142      276
  SINCE SEP 1    444                       321    123      377
  SINCE JUL 1    444                       321    123      377

 COOLING
  YESTERDAY        0                         0      0        0
  MONTH TO DATE    5                        12     -7       16
  SINCE SEP 1    529                       432     97      557
  SINCE JAN 1   2187                      2221    -34     2264
..................................................................


WIND (MPH)
  HIGHEST WIND SPEED    20   HIGHEST WIND DIRECTION     W (290)
  HIGHEST GUST SPEED    26   HIGHEST GUST DIRECTION     W (290)
  AVERAGE WIND SPEED     5.7


SKY COVER
  POSSIBLE SUNSHINE  MM
  AVERAGE SKY COVER 0.0


WEATHER CONDITIONS
 THE FOLLOWING WEATHER WAS RECORDED YESTERDAY.
  HAZE


RELATIVE HUMIDITY (PERCENT)
 HIGHEST   100          1000 PM
 LOWEST     36           200 PM
 AVERAGE    68

..........................................................


THE VICKSBURG CLIMATE NORMALS FOR TODAY
                         NORMAL    RECORD    YEAR
 MAXIMUM TEMPERATURE (F)   64        83      2010
 MINIMUM TEMPERATURE (F)   41        19      2012
                                             1950


SUNRISE AND SUNSET
NOVEMBER 25 2014......SUNRISE   642 AM CST   SUNSET   500 PM CST
NOVEMBER 26 2014......SUNRISE   643 AM CST   SUNSET   459 PM CST


-  INDICATES NEGATIVE NUMBERS.
R  INDICATES RECORD WAS SET OR TIED.
MM INDICATES DATA IS MISSING.
T  INDICATES TRACE AMOUNT.




$$
