000
CDUS44 KJAN 300715
CLITVR


CLIMATE REPORT
NATIONAL WEATHER SERVICE JACKSON MS
212 AM CDT SAT AUG 30 2014


...................................

...THE VICKSBURG CLIMATE SUMMARY FOR AUGUST 29 2014...

CLIMATE NORMAL PERIOD 1981 TO 2010
CLIMATE RECORD PERIOD 1948 TO 2014


WEATHER ITEM   OBSERVED TIME   RECORD YEAR NORMAL DEPARTURE LAST
                VALUE   (LST)  VALUE       VALUE  FROM      YEAR
                                                  NORMAL
..................................................................
TEMPERATURE (F)
 YESTERDAY
  MAXIMUM         93    310 PM 104    1954  91      2       93
  MINIMUM         71    412 AM  55    1968  68      3       62
  AVERAGE         82                        79      3       78

PRECIPITATION (IN)
  YESTERDAY        T             3.08 1978   0.13  -0.13     0.00
  MONTH TO DATE    5.87                      3.38   2.49     1.05
  SINCE JUN 1     15.35                     11.00   4.35    12.83
  SINCE JAN 1     43.68                     36.30   7.38    48.15

SNOWFALL (IN)
  YESTERDAY        0.0

DEGREE DAYS
 HEATING
  YESTERDAY        0                         0      0        0
  MONTH TO DATE    0                         0      0        0
  SINCE JUN 1      0                         0      0        0
  SINCE JUL 1      0                         0      0        0

 COOLING
  YESTERDAY       17                        14      3       13
  MONTH TO DATE  449                       465    -16      458
  SINCE JUN 1   1280                      1393   -113     1348
  SINCE JAN 1   1630                      1763   -133     1678
..................................................................


WIND (MPH)
  HIGHEST WIND SPEED    16   HIGHEST WIND DIRECTION    SE (150)
  HIGHEST GUST SPEED    20   HIGHEST GUST DIRECTION     S (190)
  AVERAGE WIND SPEED     5.0


SKY COVER
  POSSIBLE SUNSHINE  MM
  AVERAGE SKY COVER 0.1


WEATHER CONDITIONS
 THE FOLLOWING WEATHER WAS RECORDED YESTERDAY.
  LIGHT RAIN


RELATIVE HUMIDITY (PERCENT)
 HIGHEST   100           200 AM
 LOWEST     44          1200 PM
 AVERAGE    72

..........................................................


THE VICKSBURG CLIMATE NORMALS FOR TODAY
                         NORMAL    RECORD    YEAR
 MAXIMUM TEMPERATURE (F)   91       104      1954
 MINIMUM TEMPERATURE (F)   68        56      1968


SUNRISE AND SUNSET
AUGUST 30 2014........SUNRISE   638 AM CDT   SUNSET   731 PM CDT
AUGUST 31 2014........SUNRISE   639 AM CDT   SUNSET   730 PM CDT


-  INDICATES NEGATIVE NUMBERS.
R  INDICATES RECORD WAS SET OR TIED.
MM INDICATES DATA IS MISSING.
T  INDICATES TRACE AMOUNT.




$$
