000
CDUS45 KBOI 020933
CLITWF


CLIMATE REPORT
NATIONAL WEATHER SERVICE BOISE ID
233 AM MST FRI DEC 2 2016


...................................

...THE TWIN FALLS ID CLIMATE SUMMARY FOR DECEMBER 1 2016...

CLIMATE NORMAL PERIOD 1981 TO 2010
CLIMATE RECORD PERIOD 9999 TO 9999


WEATHER ITEM   OBSERVED TIME   NORMAL DEPARTURE LAST
                VALUE   (LST)  VALUE  FROM      YEAR
                                      NORMAL
......................................................
TEMPERATURE (F)
 YESTERDAY
  MAXIMUM         38   1202 PM  41     -3       18
  MINIMUM         23   1159 PM  21      2       -2
  AVERAGE         31

PRECIPITATION (IN)
  YESTERDAY        T             0.04  -0.04     0.00
  MONTH TO DATE    T             0.04  -0.04     0.00
  SINCE OCT 1      2.97          2.02   0.95     2.71
  SINCE JAN 1     11.88          9.47   2.41     8.66

DEGREE DAYS
 HEATING
  YESTERDAY       34            34      0       57
  MONTH TO DATE   34            34      0       57
  SINCE DEC 1     34            34      0       57
  SINCE JUL 1   1336          1472   -136     1268

 COOLING
  YESTERDAY        0             0      0        0
  MONTH TO DATE    0             0      0        0
  SINCE DEC 1      0             0      0        0
  SINCE JAN 1    642           680    -38     1020
......................................................


WIND (MPH)
  HIGHEST WIND SPEED    23   HIGHEST WIND DIRECTION     W (270)
  HIGHEST GUST SPEED    29   HIGHEST GUST DIRECTION     W (270)
  AVERAGE WIND SPEED    13.9


SKY COVER
  AVERAGE SKY COVER 0.5


WEATHER CONDITIONS
 THE FOLLOWING WEATHER WAS RECORDED YESTERDAY.
  LIGHT SNOW


RELATIVE HUMIDITY (PERCENT)
 HIGHEST    88          1000 PM
 LOWEST     54          1200 PM
 AVERAGE    71

..........................................................




SUNRISE AND SUNSET
DECEMBER  2 2016......SUNRISE   749 AM MST   SUNSET   506 PM MST
DECEMBER  3 2016......SUNRISE   750 AM MST   SUNSET   505 PM MST


-  INDICATES NEGATIVE NUMBERS.
R  INDICATES RECORD WAS SET OR TIED.
MM INDICATES DATA IS MISSING.
T  INDICATES TRACE AMOUNT.




$$
