000
CDUS45 KBOI 220940
CLITWF


CLIMATE REPORT
NATIONAL WEATHER SERVICE BOISE ID
239 AM MST SAT NOV 22 2014


...................................

...THE TWIN FALLS ID CLIMATE SUMMARY FOR NOVEMBER 21 2014...

CLIMATE NORMAL PERIOD 1981 TO 2010
CLIMATE RECORD PERIOD 9999 TO 9999


WEATHER ITEM   OBSERVED TIME   NORMAL DEPARTURE LAST
                VALUE   (LST)  VALUE  FROM      YEAR
                                      NORMAL
......................................................
TEMPERATURE (F)
 YESTERDAY
  MAXIMUM         49    335 PM  46      3       35
  MINIMUM         23    803 AM  25     -2       16
  AVERAGE         36

PRECIPITATION (IN)
  YESTERDAY        T             0.04  -0.04     0.00
  MONTH TO DATE    0.57          0.76  -0.19     0.23
  SINCE OCT 1      0.70          1.56  -0.86     0.35
  SINCE JAN 1     13.74          9.01   4.73     4.46

DEGREE DAYS
 HEATING
  YESTERDAY       29            30     -1       39
  MONTH TO DATE  628           532     96      466
  SINCE SEP 1    990          1130   -140     1077
  SINCE JUL 1   1009          1151   -142     1077

 COOLING
  YESTERDAY        0             0      0        0
  MONTH TO DATE    0             0      0        0
  SINCE SEP 1     92            63     29       99
  SINCE JAN 1    851           680    171     1138
......................................................


WIND (MPH)
  HIGHEST WIND SPEED    14   HIGHEST WIND DIRECTION     S (200)
  HIGHEST GUST SPEED    18   HIGHEST GUST DIRECTION     S (190)
  AVERAGE WIND SPEED     5.6


SKY COVER
  AVERAGE SKY COVER 0.2


WEATHER CONDITIONS
 THE FOLLOWING WEATHER WAS RECORDED YESTERDAY.
  FOG
  HAZE


RELATIVE HUMIDITY (PERCENT)
 HIGHEST    88           100 AM
 LOWEST     50           300 PM
 AVERAGE    69

..........................................................




SUNRISE AND SUNSET
NOVEMBER 22 2014......SUNRISE   738 AM MST   SUNSET   510 PM MST
NOVEMBER 23 2014......SUNRISE   739 AM MST   SUNSET   510 PM MST


-  INDICATES NEGATIVE NUMBERS.
R  INDICATES RECORD WAS SET OR TIED.
MM INDICATES DATA IS MISSING.
T  INDICATES TRACE AMOUNT.




$$
