000
CDUS45 KBOI 030931
CLITWF


CLIMATE REPORT
NATIONAL WEATHER SERVICE BOISE ID
331 AM MDT MON AUG 3 2015


...................................

...THE TWIN FALLS ID CLIMATE SUMMARY FOR AUGUST 2 2015...

CLIMATE NORMAL PERIOD 1981 TO 2010
CLIMATE RECORD PERIOD 9999 TO 9999


WEATHER ITEM   OBSERVED TIME   NORMAL DEPARTURE LAST
                VALUE   (LST)  VALUE  FROM      YEAR
                                      NORMAL
......................................................
TEMPERATURE (F)
 YESTERDAY
  MAXIMUM         99    431 PM  91      8       95
  MINIMUM         69    541 AM  59     10       67
  AVERAGE         84

PRECIPITATION (IN)
  YESTERDAY        0.00          0.01  -0.01     0.00
  MONTH TO DATE    0.00          0.02  -0.02     0.00
  SINCE OCT 1      8.11          9.83  -1.72     7.15
  SINCE JAN 1      5.11          6.58  -1.47     6.68

DEGREE DAYS
 HEATING
  YESTERDAY        0             0      0        0
  MONTH TO DATE    0             0      0        0
  SINCE JUN 1     10            93    -83       58
  SINCE JUL 1      3             6     -3        0

 COOLING
  YESTERDAY       19            10      9       16
  MONTH TO DATE   35            20     15       28
  SINCE JUN 1    593           384    209      549
  SINCE JAN 1    609           406    203      582
......................................................


WIND (MPH)
  HIGHEST WIND SPEED    16   HIGHEST WIND DIRECTION     S (190)
  HIGHEST GUST SPEED    20   HIGHEST GUST DIRECTION     S (190)
  AVERAGE WIND SPEED     9.2


SKY COVER
  AVERAGE SKY COVER 0.0


WEATHER CONDITIONS
 THE FOLLOWING WEATHER WAS RECORDED YESTERDAY.
  NO SIGNIFICANT WEATHER WAS OBSERVED.


RELATIVE HUMIDITY (PERCENT)
 HIGHEST    22           600 AM
 LOWEST     11           600 PM
 AVERAGE    17

..........................................................




SUNRISE AND SUNSET
AUGUST  3 2015........SUNRISE   632 AM MDT   SUNSET   856 PM MDT
AUGUST  4 2015........SUNRISE   633 AM MDT   SUNSET   854 PM MDT


-  INDICATES NEGATIVE NUMBERS.
R  INDICATES RECORD WAS SET OR TIED.
MM INDICATES DATA IS MISSING.
T  INDICATES TRACE AMOUNT.




$$
