566
CDUS45 KBOI 270931
CLITWF


CLIMATE REPORT
NATIONAL WEATHER SERVICE BOISE ID
331 AM MDT TUE JUN 27 2017


...................................

...THE TWIN FALLS ID CLIMATE SUMMARY FOR JUNE 26 2017...

CLIMATE NORMAL PERIOD 1981 TO 2010
CLIMATE RECORD PERIOD 9999 TO 9999


WEATHER ITEM   OBSERVED TIME   NORMAL DEPARTURE LAST
                VALUE   (LST)  VALUE  FROM      YEAR
                                      NORMAL
......................................................
TEMPERATURE (F)
 YESTERDAY
  MAXIMUM         95    134 PM  84     11       88
  MINIMUM         53    508 AM  53      0       50
  AVERAGE         74

PRECIPITATION (IN)
  YESTERDAY        0.07          0.02   0.05     0.00
  MONTH TO DATE    0.82          0.86  -0.04     0.27
  SINCE OCT 1     11.69          9.44   2.25    10.81
  SINCE JAN 1      7.19          6.19   1.00     6.43

DEGREE DAYS
 HEATING
  YESTERDAY        0             1     -1        0
  MONTH TO DATE   72            84    -12       53
  SINCE JUN 1     72            84    -12       53
  SINCE JUL 1   6370          6168    202     5709

 COOLING
  YESTERDAY        9             5      4        4
  MONTH TO DATE   89            67     22       95
  SINCE JUN 1     89            67     22       95
  SINCE JAN 1     98            89      9       98
......................................................


WIND (MPH)
  HIGHEST WIND SPEED    21   HIGHEST WIND DIRECTION    SE (150)
  HIGHEST GUST SPEED    28   HIGHEST GUST DIRECTION    NE (40)
  AVERAGE WIND SPEED     8.8


SKY COVER
  AVERAGE SKY COVER 0.0


WEATHER CONDITIONS
 THE FOLLOWING WEATHER WAS RECORDED YESTERDAY.
  THUNDERSTORM
  LIGHT RAIN


RELATIVE HUMIDITY (PERCENT)
 HIGHEST    84          1100 PM
 LOWEST     26           100 PM
 AVERAGE    55

..........................................................




SUNRISE AND SUNSET
JUNE 27 2017..........SUNRISE   603 AM MDT   SUNSET   919 PM MDT
JUNE 28 2017..........SUNRISE   603 AM MDT   SUNSET   919 PM MDT


-  INDICATES NEGATIVE NUMBERS.
R  INDICATES RECORD WAS SET OR TIED.
MM INDICATES DATA IS MISSING.
T  INDICATES TRACE AMOUNT.




$$
