000
CDUS45 KBOI 300930
CLITWF


CLIMATE REPORT
NATIONAL WEATHER SERVICE BOISE ID
330 AM MDT TUE JUN 30 2015


...................................

...THE TWIN FALLS ID CLIMATE SUMMARY FOR JUNE 29 2015...

CLIMATE NORMAL PERIOD 1981 TO 2010
CLIMATE RECORD PERIOD 9999 TO 9999


WEATHER ITEM   OBSERVED TIME   NORMAL DEPARTURE LAST
                VALUE   (LST)  VALUE  FROM      YEAR
                                      NORMAL
......................................................
TEMPERATURE (F)
 YESTERDAY
  MAXIMUM         99    219 PM  85     14       82
  MINIMUM         67    511 AM  54     13       56
  AVERAGE         83

PRECIPITATION (IN)
  YESTERDAY        0.01          0.02  -0.01     0.00
  MONTH TO DATE    0.16          0.92  -0.76     0.86
  SINCE OCT 1      7.40          9.50  -2.10     6.92
  SINCE JAN 1      4.40          6.25  -1.85     6.45

DEGREE DAYS
 HEATING
  YESTERDAY        0             1     -1        0
  MONTH TO DATE    7            87    -80       58
  SINCE JUN 1      7            87    -80       58
  SINCE JUL 1   4835          6171  -1336     5575

 COOLING
  YESTERDAY       18             5     13        4
  MONTH TO DATE  248            82    166       85
  SINCE JUN 1    248            82    166       85
  SINCE JAN 1    264           104    160      118
......................................................


WIND (MPH)
  HIGHEST WIND SPEED    26   HIGHEST WIND DIRECTION     S (170)
  HIGHEST GUST SPEED    34   HIGHEST GUST DIRECTION     S (180)
  AVERAGE WIND SPEED     8.9


SKY COVER
  AVERAGE SKY COVER 0.1


WEATHER CONDITIONS
 THE FOLLOWING WEATHER WAS RECORDED YESTERDAY.
  THUNDERSTORM


RELATIVE HUMIDITY (PERCENT)
 HIGHEST    47           500 AM
 LOWEST     17           600 PM
 AVERAGE    32

..........................................................




SUNRISE AND SUNSET
JUNE 30 2015..........SUNRISE   604 AM MDT   SUNSET   919 PM MDT
JULY  1 2015..........SUNRISE   604 AM MDT   SUNSET   919 PM MDT


-  INDICATES NEGATIVE NUMBERS.
R  INDICATES RECORD WAS SET OR TIED.
MM INDICATES DATA IS MISSING.
T  INDICATES TRACE AMOUNT.




$$
