000
CDUS45 KBOI 310931
CLITWF


CLIMATE REPORT
NATIONAL WEATHER SERVICE BOISE ID
231 AM MST SAT JAN 31 2015


...................................

...THE TWIN FALLS ID CLIMATE SUMMARY FOR JANUARY 30 2015...

CLIMATE NORMAL PERIOD 1981 TO 2010
CLIMATE RECORD PERIOD 9999 TO 9999


WEATHER ITEM   OBSERVED TIME   NORMAL DEPARTURE LAST
                VALUE   (LST)  VALUE  FROM      YEAR
                                      NORMAL
......................................................
TEMPERATURE (F)
 YESTERDAY
  MAXIMUM         40    537 PM  39      1       41
  MINIMUM         33    948 AM  22     11       31
  AVERAGE         37

PRECIPITATION (IN)
  YESTERDAY        0.00          0.03  -0.03     0.00
  MONTH TO DATE    0.92          0.95  -0.03     0.70
  SINCE OCT 1      3.92          4.20  -0.28     1.17
  SINCE JAN 1      0.92          0.95  -0.03     0.70

DEGREE DAYS
 HEATING
  YESTERDAY       28            35     -7       29
  MONTH TO DATE  974          1064    -90      945
  SINCE DEC 1   1855          2193   -338     2135
  SINCE JUL 1   3047          3631   -584     3491

 COOLING
  YESTERDAY        0             0      0        0
  MONTH TO DATE    0             0      0        0
  SINCE DEC 1      0             0      0        0
  SINCE JAN 1      0             0      0        0
......................................................


WIND (MPH)
  HIGHEST WIND SPEED    10   HIGHEST WIND DIRECTION     W (270)
  HIGHEST GUST SPEED    13   HIGHEST GUST DIRECTION     W (270)
  AVERAGE WIND SPEED     5.7


SKY COVER
  AVERAGE SKY COVER 0.7


WEATHER CONDITIONS
 THE FOLLOWING WEATHER WAS RECORDED YESTERDAY.
  FOG
  FOG W/VISIBILITY <= 1/4 MILE


RELATIVE HUMIDITY (PERCENT)
 HIGHEST    89          1200 AM
 LOWEST     76           300 PM
 AVERAGE    83

..........................................................




SUNRISE AND SUNSET
JANUARY 31 2015.......SUNRISE   753 AM MST   SUNSET   550 PM MST
FEBRUARY  1 2015......SUNRISE   752 AM MST   SUNSET   552 PM MST


-  INDICATES NEGATIVE NUMBERS.
R  INDICATES RECORD WAS SET OR TIED.
MM INDICATES DATA IS MISSING.
T  INDICATES TRACE AMOUNT.




$$
