000
CDUS45 KBOI 260931
CLITWF


CLIMATE REPORT
NATIONAL WEATHER SERVICE BOISE ID
330 AM MDT MON SEP 26 2016


...................................

...THE TWIN FALLS ID CLIMATE SUMMARY FOR SEPTEMBER 25 2016...

CLIMATE NORMAL PERIOD 1981 TO 2010
CLIMATE RECORD PERIOD 9999 TO 9999


WEATHER ITEM   OBSERVED TIME   NORMAL DEPARTURE LAST
                VALUE   (LST)  VALUE  FROM      YEAR
                                      NORMAL
......................................................
TEMPERATURE (F)
 YESTERDAY
  MAXIMUM         68    408 PM  73     -5       97
  MINIMUM         44    418 AM  44      0       59
  AVERAGE         56

PRECIPITATION (IN)
  YESTERDAY        0.00          0.02  -0.02     0.00
  MONTH TO DATE    2.28          0.46   1.82     0.44
  SINCE OCT 1     13.25         10.59   2.66     8.95
  SINCE JAN 1      8.87          7.34   1.53     5.95

DEGREE DAYS
 HEATING
  YESTERDAY        9             7      2        0
  MONTH TO DATE  167            99     68       65
  SINCE SEP 1    167            99     68       65
  SINCE JUL 1    191           120     71       68

 COOLING
  YESTERDAY        0             1     -1       13
  MONTH TO DATE   19            59    -40      101
  SINCE SEP 1     19            59    -40      101
  SINCE JAN 1    635           676    -41      979
......................................................


WIND (MPH)
  HIGHEST WIND SPEED    14   HIGHEST WIND DIRECTION     W (280)
  HIGHEST GUST SPEED    19   HIGHEST GUST DIRECTION     S (200)
  AVERAGE WIND SPEED     8.3


SKY COVER
  AVERAGE SKY COVER 0.0


WEATHER CONDITIONS
 THE FOLLOWING WEATHER WAS RECORDED YESTERDAY.
  NO SIGNIFICANT WEATHER WAS OBSERVED.


RELATIVE HUMIDITY (PERCENT)
 HIGHEST    77           800 PM
 LOWEST     29           500 PM
 AVERAGE    53

..........................................................




SUNRISE AND SUNSET
SEPTEMBER 26 2016.....SUNRISE   730 AM MDT   SUNSET   727 PM MDT
SEPTEMBER 27 2016.....SUNRISE   731 AM MDT   SUNSET   725 PM MDT


-  INDICATES NEGATIVE NUMBERS.
R  INDICATES RECORD WAS SET OR TIED.
MM INDICATES DATA IS MISSING.
T  INDICATES TRACE AMOUNT.




$$
