782
CDUS45 KBOI 220932
CLITWF


CLIMATE REPORT
NATIONAL WEATHER SERVICE BOISE ID
231 AM MST SUN JAN 22 2017


...................................

...THE TWIN FALLS ID CLIMATE SUMMARY FOR JANUARY 21 2017...

CLIMATE NORMAL PERIOD 1981 TO 2010
CLIMATE RECORD PERIOD 9999 TO 9999


WEATHER ITEM   OBSERVED TIME   NORMAL DEPARTURE LAST
                VALUE   (LST)  VALUE  FROM      YEAR
                                      NORMAL
......................................................
TEMPERATURE (F)
 YESTERDAY
  MAXIMUM         39   1233 PM  38      1       39
  MINIMUM         27   1216 AM  22      5       25
  AVERAGE         33

PRECIPITATION (IN)
  YESTERDAY        T             0.02  -0.02     0.00
  MONTH TO DATE    1.19          0.74   0.45     0.33
  SINCE OCT 1      5.69          3.99   1.70     4.71
  SINCE JAN 1      1.19          0.74   0.45     0.33

DEGREE DAYS
 HEATING
  YESTERDAY       32            35     -3       33
  MONTH TO DATE  921           749    172      779
  SINCE DEC 1   2179          1878    301     1922
  SINCE JUL 1   3481          3316    165     3133

 COOLING
  YESTERDAY        0             0      0        0
  MONTH TO DATE    0             0      0        0
  SINCE DEC 1      0             0      0        0
  SINCE JAN 1      0             0      0        0
......................................................


WIND (MPH)
  HIGHEST WIND SPEED    24   HIGHEST WIND DIRECTION    SW (240)
  HIGHEST GUST SPEED    30   HIGHEST GUST DIRECTION     W (250)
  AVERAGE WIND SPEED    10.1


SKY COVER
  AVERAGE SKY COVER 0.8


WEATHER CONDITIONS
 THE FOLLOWING WEATHER WAS RECORDED YESTERDAY.
  LIGHT SNOW
  FOG
  FOG W/VISIBILITY <= 1/4 MILE


RELATIVE HUMIDITY (PERCENT)
 HIGHEST    92           100 AM
 LOWEST     61          1000 PM
 AVERAGE    77

..........................................................




SUNRISE AND SUNSET
JANUARY 22 2017.......SUNRISE   800 AM MST   SUNSET   539 PM MST
JANUARY 23 2017.......SUNRISE   800 AM MST   SUNSET   541 PM MST


-  INDICATES NEGATIVE NUMBERS.
R  INDICATES RECORD WAS SET OR TIED.
MM INDICATES DATA IS MISSING.
T  INDICATES TRACE AMOUNT.




$$
