000
CDUS45 KBOI 190931
CLITWF


CLIMATE REPORT
NATIONAL WEATHER SERVICE BOISE ID
231 AM MST FRI JAN 19 2018


...................................

...THE TWIN FALLS ID CLIMATE SUMMARY FOR JANUARY 18 2018...

CLIMATE NORMAL PERIOD 1981 TO 2010
CLIMATE RECORD PERIOD 9999 TO 9999


WEATHER ITEM   OBSERVED TIME   NORMAL DEPARTURE LAST
                VALUE   (LST)  VALUE  FROM      YEAR
                                      NORMAL
......................................................
TEMPERATURE (F)
 YESTERDAY
  MAXIMUM         55    516 PM  38     17       34
  MINIMUM         31    642 AM  22      9        9
  AVERAGE         43

PRECIPITATION (IN)
  YESTERDAY        0.00          0.02  -0.02     0.18
  MONTH TO DATE    0.64          0.67  -0.03     0.96
  SINCE OCT 1      3.20          3.92  -0.72     5.46
  SINCE JAN 1      0.64          0.67  -0.03     0.96

DEGREE DAYS
 HEATING
  YESTERDAY       22            35    -13       43
  MONTH TO DATE  542           644   -102      828
  SINCE DEC 1   1693          1773    -80     2086
  SINCE JUL 1   3227          3211     16     3388

 COOLING
  YESTERDAY        0             0      0        0
  MONTH TO DATE    0             0      0        0
  SINCE DEC 1      0             0      0        0
  SINCE JAN 1      0             0      0        0
......................................................


WIND (MPH)
  HIGHEST WIND SPEED    26   HIGHEST WIND DIRECTION    SW (230)
  HIGHEST GUST SPEED    34   HIGHEST GUST DIRECTION     S (170)
  AVERAGE WIND SPEED    11.8


SKY COVER
  AVERAGE SKY COVER 0.3


WEATHER CONDITIONS
 THE FOLLOWING WEATHER WAS RECORDED YESTERDAY.
  NO SIGNIFICANT WEATHER WAS OBSERVED.


RELATIVE HUMIDITY (PERCENT)
 HIGHEST   100           300 AM
 LOWEST     46           200 PM
 AVERAGE    73

..........................................................




SUNRISE AND SUNSET
JANUARY 19 2018.......SUNRISE   803 AM MST   SUNSET   535 PM MST
JANUARY 20 2018.......SUNRISE   802 AM MST   SUNSET   536 PM MST


-  INDICATES NEGATIVE NUMBERS.
R  INDICATES RECORD WAS SET OR TIED.
MM INDICATES DATA IS MISSING.
T  INDICATES TRACE AMOUNT.




$$
