081
CDUS45 KBOI 250931
CLITWF


CLIMATE REPORT
NATIONAL WEATHER SERVICE BOISE ID
231 AM MST SAT FEB 25 2017


...................................

...THE TWIN FALLS ID CLIMATE SUMMARY FOR FEBRUARY 24 2017...

CLIMATE NORMAL PERIOD 1981 TO 2010
CLIMATE RECORD PERIOD 9999 TO 9999


WEATHER ITEM   OBSERVED TIME   NORMAL DEPARTURE LAST
                VALUE   (LST)  VALUE  FROM      YEAR
                                      NORMAL
......................................................
TEMPERATURE (F)
 YESTERDAY
  MAXIMUM         26    424 PM  46    -20       49
  MINIMUM         13    941 PM  25    -12       22
  AVERAGE         20

PRECIPITATION (IN)
  YESTERDAY        0.00          0.03  -0.03     0.00
  MONTH TO DATE    1.38          0.71   0.67     0.17
  SINCE OCT 1      7.39          4.94   2.45     5.60
  SINCE JAN 1      2.89          1.69   1.20     1.22

DEGREE DAYS
 HEATING
  YESTERDAY       45            30     15       29
  MONTH TO DATE  696           784    -88      700
  SINCE DEC 1   3315          3014    301     2959
  SINCE JUL 1   4617          4452    165     4170

 COOLING
  YESTERDAY        0             0      0        0
  MONTH TO DATE    0             0      0        0
  SINCE DEC 1      0             0      0        0
  SINCE JAN 1      0             0      0        0
......................................................


WIND (MPH)
  HIGHEST WIND SPEED    25   HIGHEST WIND DIRECTION    SW (230)
  HIGHEST GUST SPEED    30   HIGHEST GUST DIRECTION    SW (230)
  AVERAGE WIND SPEED    16.4


SKY COVER
  AVERAGE SKY COVER 0.3


WEATHER CONDITIONS
 THE FOLLOWING WEATHER WAS RECORDED YESTERDAY.
  NO SIGNIFICANT WEATHER WAS OBSERVED.


RELATIVE HUMIDITY (PERCENT)
 HIGHEST    74           100 AM
 LOWEST     54          1100 PM
 AVERAGE    64

..........................................................




SUNRISE AND SUNSET
FEBRUARY 25 2017......SUNRISE   719 AM MST   SUNSET   623 PM MST
FEBRUARY 26 2017......SUNRISE   718 AM MST   SUNSET   624 PM MST


-  INDICATES NEGATIVE NUMBERS.
R  INDICATES RECORD WAS SET OR TIED.
MM INDICATES DATA IS MISSING.
T  INDICATES TRACE AMOUNT.




$$
