000
CDUS45 KBOI 250931
CLITWF


CLIMATE REPORT
NATIONAL WEATHER SERVICE BOISE ID
330 AM MDT THU AUG 25 2016


...................................

...THE TWIN FALLS ID CLIMATE SUMMARY FOR AUGUST 24 2016...

CLIMATE NORMAL PERIOD 1981 TO 2010
CLIMATE RECORD PERIOD 9999 TO 9999


WEATHER ITEM   OBSERVED TIME   NORMAL DEPARTURE LAST
                VALUE   (LST)  VALUE  FROM      YEAR
                                      NORMAL
......................................................
TEMPERATURE (F)
 YESTERDAY
  MAXIMUM         78    500 PM  86     -8       94
  MINIMUM         52    933 PM  54     -2       57
  AVERAGE         65

PRECIPITATION (IN)
  YESTERDAY        0.00          0.00   0.00     0.00
  MONTH TO DATE    0.01          0.23  -0.22     0.40
  SINCE OCT 1     10.97         10.04   0.93     8.51
  SINCE JAN 1      6.59          6.79  -0.20     5.51

DEGREE DAYS
 HEATING
  YESTERDAY        0             1     -1        0
  MONTH TO DATE    1             2     -1        0
  SINCE JUN 1     75            95    -20       10
  SINCE JUL 1     22             8     14        3

 COOLING
  YESTERDAY        0             6     -6       11
  MONTH TO DATE  173           195    -22      233
  SINCE JUN 1    572           559     13      791
  SINCE JAN 1    575           581     -6      807
......................................................


WIND (MPH)
  HIGHEST WIND SPEED    24   HIGHEST WIND DIRECTION    SE (150)
  HIGHEST GUST SPEED    29   HIGHEST GUST DIRECTION     S (170)
  AVERAGE WIND SPEED    11.9


SKY COVER
  AVERAGE SKY COVER 0.1


WEATHER CONDITIONS
 THE FOLLOWING WEATHER WAS RECORDED YESTERDAY.
  NO SIGNIFICANT WEATHER WAS OBSERVED.


RELATIVE HUMIDITY (PERCENT)
 HIGHEST    55           800 PM
 LOWEST     13           500 PM
 AVERAGE    34

..........................................................




SUNRISE AND SUNSET
AUGUST 25 2016........SUNRISE   656 AM MDT   SUNSET   823 PM MDT
AUGUST 26 2016........SUNRISE   657 AM MDT   SUNSET   821 PM MDT


-  INDICATES NEGATIVE NUMBERS.
R  INDICATES RECORD WAS SET OR TIED.
MM INDICATES DATA IS MISSING.
T  INDICATES TRACE AMOUNT.




$$
