000
CDUS45 KBOI 160934
CLITWF


CLIMATE REPORT
NATIONAL WEATHER SERVICE BOISE ID
334 AM MDT TUE SEP 16 2014


...................................

...THE TWIN FALLS ID CLIMATE SUMMARY FOR SEPTEMBER 15 2014...

CLIMATE NORMAL PERIOD 1981 TO 2010
CLIMATE RECORD PERIOD 9999 TO 9999


WEATHER ITEM   OBSERVED TIME   NORMAL DEPARTURE LAST
                VALUE   (LST)  VALUE  FROM      YEAR
                                      NORMAL
......................................................
TEMPERATURE (F)
 YESTERDAY
  MAXIMUM         89    357 PM  78     11       85
  MINIMUM         57    704 AM  48      9       52
  AVERAGE         73

PRECIPITATION (IN)
  YESTERDAY        0.00          0.02  -0.02     0.00
  MONTH TO DATE    0.00          0.24  -0.24     0.71
  SINCE OCT 1     12.72         10.37   2.35     7.08
  SINCE JAN 1     12.25          7.12   5.13     3.90

DEGREE DAYS
 HEATING
  YESTERDAY        0             4     -4        0
  MONTH TO DATE   41            42     -1        0
  SINCE SEP 1     41            42     -1        0
  SINCE JUL 1     60            63     -3        0

 COOLING
  YESTERDAY        8             2      6        4
  MONTH TO DATE   28            48    -20       85
  SINCE SEP 1     28            48    -20       85
  SINCE JAN 1    787           665    122     1124
......................................................


WIND (MPH)
  HIGHEST WIND SPEED    14   HIGHEST WIND DIRECTION     S (180)
  HIGHEST GUST SPEED    18   HIGHEST GUST DIRECTION     S (180)
  AVERAGE WIND SPEED     8.8


SKY COVER
  AVERAGE SKY COVER 0.0


WEATHER CONDITIONS
 THE FOLLOWING WEATHER WAS RECORDED YESTERDAY.
  NO SIGNIFICANT WEATHER WAS OBSERVED.


RELATIVE HUMIDITY (PERCENT)
 HIGHEST    40           700 AM
 LOWEST     16           300 PM
 AVERAGE    28

..........................................................




SUNRISE AND SUNSET
SEPTEMBER 16 2014.....SUNRISE   719 AM MDT   SUNSET   746 PM MDT
SEPTEMBER 17 2014.....SUNRISE   720 AM MDT   SUNSET   744 PM MDT


-  INDICATES NEGATIVE NUMBERS.
R  INDICATES RECORD WAS SET OR TIED.
MM INDICATES DATA IS MISSING.
T  INDICATES TRACE AMOUNT.




$$
