000
CDUS45 KBOI 310937
CLITWF


CLIMATE REPORT
NATIONAL WEATHER SERVICE BOISE ID
337 AM MDT MON AUG 31 2015


...................................

...THE TWIN FALLS ID CLIMATE SUMMARY FOR AUGUST 30 2015...

CLIMATE NORMAL PERIOD 1981 TO 2010
CLIMATE RECORD PERIOD 9999 TO 9999


WEATHER ITEM   OBSERVED TIME   NORMAL DEPARTURE LAST
                VALUE   (LST)  VALUE  FROM      YEAR
                                      NORMAL
......................................................
TEMPERATURE (F)
 YESTERDAY
  MAXIMUM         81    356 PM  85     -4       76
  MINIMUM         59   1137 PM  52      7       55
  AVERAGE         70

PRECIPITATION (IN)
  YESTERDAY        0.00          0.02  -0.02     0.02
  MONTH TO DATE    0.40          0.31   0.09     5.57
  SINCE OCT 1      8.51         10.12  -1.61    12.72
  SINCE JAN 1      5.51          6.87  -1.36    12.25

DEGREE DAYS
 HEATING
  YESTERDAY        0             2     -2        0
  MONTH TO DATE    0             9     -9       16
  SINCE JUN 1     10           102    -92       74
  SINCE JUL 1      3            15    -12       16

 COOLING
  YESTERDAY        5             5      0        1
  MONTH TO DATE  301           227     74      205
  SINCE JUN 1    859           591    268      726
  SINCE JAN 1    875           613    262      759
......................................................


WIND (MPH)
  HIGHEST WIND SPEED    20   HIGHEST WIND DIRECTION     W (260)
  HIGHEST GUST SPEED    25   HIGHEST GUST DIRECTION     W (270)
  AVERAGE WIND SPEED    10.5


SKY COVER
  AVERAGE SKY COVER 0.1


WEATHER CONDITIONS
 THE FOLLOWING WEATHER WAS RECORDED YESTERDAY.
  NO SIGNIFICANT WEATHER WAS OBSERVED.


RELATIVE HUMIDITY (PERCENT)
 HIGHEST    55           400 AM
 LOWEST     16           600 PM
 AVERAGE    36

..........................................................




SUNRISE AND SUNSET
AUGUST 31 2015........SUNRISE   702 AM MDT   SUNSET   814 PM MDT
SEPTEMBER  1 2015.....SUNRISE   703 AM MDT   SUNSET   812 PM MDT


-  INDICATES NEGATIVE NUMBERS.
R  INDICATES RECORD WAS SET OR TIED.
MM INDICATES DATA IS MISSING.
T  INDICATES TRACE AMOUNT.




$$
