000
CDUS45 KBOI 290931
CLITWF


CLIMATE REPORT
NATIONAL WEATHER SERVICE BOISE ID
231 AM MST SAT NOV 29 2014


...................................

...THE TWIN FALLS ID CLIMATE SUMMARY FOR NOVEMBER 28 2014...

CLIMATE NORMAL PERIOD 1981 TO 2010
CLIMATE RECORD PERIOD 9999 TO 9999


WEATHER ITEM   OBSERVED TIME   NORMAL DEPARTURE LAST
                VALUE   (LST)  VALUE  FROM      YEAR
                                      NORMAL
......................................................
TEMPERATURE (F)
 YESTERDAY
  MAXIMUM         65    350 PM  42     23       50
  MINIMUM         47    154 AM  22     25       23
  AVERAGE         56

PRECIPITATION (IN)
  YESTERDAY        0.00          0.05  -0.05     0.00
  MONTH TO DATE    1.26          1.08   0.18     0.23
  SINCE OCT 1      1.39          1.88  -0.49     0.35
  SINCE JAN 1     14.43          9.33   5.10     4.46

DEGREE DAYS
 HEATING
  YESTERDAY        9            33    -24       28
  MONTH TO DATE  755           753      2      697
  SINCE SEP 1   1117          1351   -234     1308
  SINCE JUL 1   1136          1372   -236     1308

 COOLING
  YESTERDAY        0             0      0        0
  MONTH TO DATE    0             0      0        0
  SINCE SEP 1     92            63     29       99
  SINCE JAN 1    851           680    171     1138
......................................................


WIND (MPH)
  HIGHEST WIND SPEED    26   HIGHEST WIND DIRECTION    SW (230)
  HIGHEST GUST SPEED    34   HIGHEST GUST DIRECTION    SW (230)
  AVERAGE WIND SPEED    13.0


SKY COVER
  AVERAGE SKY COVER 0.2


WEATHER CONDITIONS
 THE FOLLOWING WEATHER WAS RECORDED YESTERDAY.
  HAZE


RELATIVE HUMIDITY (PERCENT)
 HIGHEST    53           200 AM
 LOWEST     13           400 PM
 AVERAGE    33

..........................................................




SUNRISE AND SUNSET
NOVEMBER 29 2014......SUNRISE   746 AM MST   SUNSET   507 PM MST
NOVEMBER 30 2014......SUNRISE   747 AM MST   SUNSET   506 PM MST


-  INDICATES NEGATIVE NUMBERS.
R  INDICATES RECORD WAS SET OR TIED.
MM INDICATES DATA IS MISSING.
T  INDICATES TRACE AMOUNT.




$$
