000
CDUS45 KBOI 250932
CLITWF


CLIMATE REPORT
NATIONAL WEATHER SERVICE BOISE ID
332 AM MDT MON JUL 25 2016


...................................

...THE TWIN FALLS ID CLIMATE SUMMARY FOR JULY 24 2016...

CLIMATE NORMAL PERIOD 1981 TO 2010
CLIMATE RECORD PERIOD 9999 TO 9999


WEATHER ITEM   OBSERVED TIME   NORMAL DEPARTURE LAST
                VALUE   (LST)  VALUE  FROM      YEAR
                                      NORMAL
......................................................
TEMPERATURE (F)
 YESTERDAY
  MAXIMUM         88    442 PM  91     -3       84
  MINIMUM         58    427 AM  59     -1       65
  AVERAGE         73

PRECIPITATION (IN)
  YESTERDAY        0.00          0.01  -0.01     0.02
  MONTH TO DATE    0.15          0.23  -0.08     0.65
  SINCE OCT 1     10.96          9.74   1.22     8.05
  SINCE JAN 1      6.58          6.49   0.09     5.05

DEGREE DAYS
 HEATING
  YESTERDAY        0             0      0        0
  MONTH TO DATE   21             3     18        0
  SINCE JUN 1     74            90    -16        7
  SINCE JUL 1     21             3     18        0

 COOLING
  YESTERDAY        8            10     -2       10
  MONTH TO DATE  156           206    -50      249
  SINCE JUN 1    297           293      4      515
  SINCE JAN 1    300           315    -15      531
......................................................


WIND (MPH)
  HIGHEST WIND SPEED    15   HIGHEST WIND DIRECTION     S (200)
  HIGHEST GUST SPEED    21   HIGHEST GUST DIRECTION    SW (220)
  AVERAGE WIND SPEED     9.3


SKY COVER
  AVERAGE SKY COVER 0.0


WEATHER CONDITIONS
 THE FOLLOWING WEATHER WAS RECORDED YESTERDAY.
  NO SIGNIFICANT WEATHER WAS OBSERVED.


RELATIVE HUMIDITY (PERCENT)
 HIGHEST    36           800 PM
 LOWEST     11           600 PM
 AVERAGE    24

..........................................................




SUNRISE AND SUNSET
JULY 25 2016..........SUNRISE   624 AM MDT   SUNSET   905 PM MDT
JULY 26 2016..........SUNRISE   625 AM MDT   SUNSET   904 PM MDT


-  INDICATES NEGATIVE NUMBERS.
R  INDICATES RECORD WAS SET OR TIED.
MM INDICATES DATA IS MISSING.
T  INDICATES TRACE AMOUNT.




$$
