000
CDUS44 KSHV 052358
CLITXK


CLIMATE REPORT
NATIONAL WEATHER SERVICE SHREVEPORT, LA
658 PM CDT THU MAY 5 2016


...................................

...THE TEXARKANA CLIMATE SUMMARY FOR MAY 5 2016...
VALID TODAY AS OF 0600 PM LOCAL TIME.

CLIMATE NORMAL PERIOD 1981 TO 2010
CLIMATE RECORD PERIOD 1896 TO 2016


WEATHER ITEM   OBSERVED TIME   RECORD YEAR NORMAL DEPARTURE LAST
                VALUE   (LST)  VALUE       VALUE  FROM      YEAR
                                                  NORMAL
..................................................................
TEMPERATURE (F)
 TODAY
  MAXIMUM         78    259 PM  91    2012  80     -2       83
                                      1952
  MINIMUM         53    539 AM  40    2013  58     -5       65
  AVERAGE         66                        69     -3       74

PRECIPITATION (IN)
  TODAY            0.00          2.20 1935   0.18  -0.18     0.00
  MONTH TO DATE    0.07                      0.88  -0.81     0.00
  SINCE DEC 1     28.45                     21.46   6.99    27.87
  SINCE JAN 1     22.47                     16.41   6.06    25.19

DEGREE DAYS
 HEATING
  TODAY            0                         1     -1        0
  MONTH TO DATE    9                         5      4        0
  SINCE MAR 1    247                       414   -167      422
  SINCE JUL 1   1900                      2608   -708     2803

 COOLING
  TODAY            1                         5     -4        9
  MONTH TO DATE    9                        22    -13       22
  SINCE MAR 1    118                       115      3      119
  SINCE JAN 1    124                       119      5      119
..................................................................


WIND (MPH)
  HIGHEST WIND SPEED    14   HIGHEST WIND DIRECTION    NW (330)
  HIGHEST GUST SPEED    18   HIGHEST GUST DIRECTION    NW (330)
  AVERAGE WIND SPEED     5.0


SKY COVER
  POSSIBLE SUNSHINE  MM
  AVERAGE SKY COVER 0.0


WEATHER CONDITIONS
 THE FOLLOWING WEATHER WAS RECORDED TODAY.
  NO SIGNIFICANT WEATHER WAS OBSERVED.


RELATIVE HUMIDITY (PERCENT)
 HIGHEST    71           600 AM
 LOWEST     29           300 PM
 AVERAGE    50

..........................................................


THE TEXARKANA CLIMATE NORMALS FOR TOMORROW
                         NORMAL    RECORD    YEAR
 MAXIMUM TEMPERATURE (F)   80        91      1929
 MINIMUM TEMPERATURE (F)   59        44      1970


SUNRISE AND SUNSET
MAY  5 2016...........SUNRISE   623 AM CDT   SUNSET   802 PM CDT
MAY  6 2016...........SUNRISE   623 AM CDT   SUNSET   803 PM CDT


-  INDICATES NEGATIVE NUMBERS.
R  INDICATES RECORD WAS SET OR TIED.
MM INDICATES DATA IS MISSING.
T  INDICATES TRACE AMOUNT.




$$
