596
CDUS44 KSHV 310805
CLITXK


CLIMATE REPORT
NATIONAL WEATHER SERVICE SHREVEPORT, LA
258 AM CDT TUE MAY 31 2016


...................................

...THE TEXARKANA CLIMATE SUMMARY FOR MAY 30 2016...

CLIMATE NORMAL PERIOD 1981 TO 2010
CLIMATE RECORD PERIOD 1896 TO 2016


WEATHER ITEM   OBSERVED TIME   RECORD YEAR NORMAL DEPARTURE LAST
                VALUE   (LST)  VALUE       VALUE  FROM      YEAR
                                                  NORMAL
..................................................................
TEMPERATURE (F)
 YESTERDAY
  MAXIMUM         82    432 PM  98    2003  86     -4       79
  MINIMUM         66    457 AM  51    1992  65      1       66
  AVERAGE         74                        75     -1       73

PRECIPITATION (IN)
  YESTERDAY        1.04          1.81 1964   0.13   0.91     0.18
  MONTH TO DATE    4.25                      4.95  -0.70     8.69
  SINCE DEC 1     32.63                     25.53   7.10    36.56
  SINCE JAN 1     26.65                     20.48   6.17    33.88

SNOWFALL (IN)
  YESTERDAY        0.0
  MONTH TO DATE    0.0
  SINCE MAR 1      0.0
  SINCE JUL 1      0.0
  SNOW DEPTH       0

DEGREE DAYS
 HEATING
  YESTERDAY        0                         0      0        0
  MONTH TO DATE   17                        12      5        8
  SINCE MAR 1    255                       421   -166      430
  SINCE JUL 1   1908                      2615   -707     2811

 COOLING
  YESTERDAY        9                        10     -1        8
  MONTH TO DATE  163                       212    -49      220
  SINCE MAR 1    272                       305    -33      317
  SINCE JAN 1    278                       309    -31      317
..................................................................


WIND (MPH)
  HIGHEST WIND SPEED    12   HIGHEST WIND DIRECTION    SE (140)
  HIGHEST GUST SPEED    16   HIGHEST GUST DIRECTION     E (110)
  AVERAGE WIND SPEED     3.5


SKY COVER
  POSSIBLE SUNSHINE  MM
  AVERAGE SKY COVER 0.2


WEATHER CONDITIONS
 THE FOLLOWING WEATHER WAS RECORDED YESTERDAY.
  THUNDERSTORM
  HEAVY RAIN
  RAIN
  LIGHT RAIN
  FOG


RELATIVE HUMIDITY (PERCENT)
 HIGHEST   100           600 AM
 LOWEST     62           400 PM
 AVERAGE    81

..........................................................


THE TEXARKANA CLIMATE NORMALS FOR TODAY
                         NORMAL    RECORD    YEAR
 MAXIMUM TEMPERATURE (F)   86        99      1921
 MINIMUM TEMPERATURE (F)   65        50      1930


SUNRISE AND SUNSET
MAY 31 2016...........SUNRISE   607 AM CDT   SUNSET   821 PM CDT
JUNE  1 2016..........SUNRISE   607 AM CDT   SUNSET   821 PM CDT


-  INDICATES NEGATIVE NUMBERS.
R  INDICATES RECORD WAS SET OR TIED.
MM INDICATES DATA IS MISSING.
T  INDICATES TRACE AMOUNT.




$$
