119
CDUS44 KSHV 310736
CLITXK


CLIMATE REPORT
NATIONAL WEATHER SERVICE SHREVEPORT, LA
232 AM CDT WED AUG 31 2016


...................................

...THE TEXARKANA CLIMATE SUMMARY FOR AUGUST 30 2016...

CLIMATE NORMAL PERIOD 1981 TO 2010
CLIMATE RECORD PERIOD 1896 TO 2016


WEATHER ITEM   OBSERVED TIME   RECORD YEAR NORMAL DEPARTURE LAST
                VALUE   (LST)  VALUE       VALUE  FROM      YEAR
                                                  NORMAL
..................................................................
TEMPERATURE (F)
 YESTERDAY
  MAXIMUM         93    322 PM 106    1954  91      2       94
                                      2000
  MINIMUM         74    615 AM  53    1986  69      5       70
  AVERAGE         84                        80      4       82

PRECIPITATION (IN)
  YESTERDAY        0.00          3.64 1974   0.11  -0.11     0.00
  MONTH TO DATE    5.93                      2.80   3.13     0.80
  SINCE DEC 1     44.74                     36.36   8.38    43.23
  SINCE JAN 1     38.76                     31.31   7.45    40.55

SNOWFALL (IN)
  YESTERDAY        0.0
  MONTH TO DATE    0.0
  SINCE JUN 1      0.0
  SINCE JUL 1      0.0
  SNOW DEPTH       0

DEGREE DAYS
 HEATING
  YESTERDAY        0                         0      0        0
  MONTH TO DATE    0                         0      0        0
  SINCE JUN 1      0                         0      0        0
  SINCE JUL 1      0                         0      0        0

 COOLING
  YESTERDAY       19                        15      4       17
  MONTH TO DATE  514                       514      0      529
  SINCE JUN 1   1631                      1454    177     1629
  SINCE JAN 1   1921                      1774    147     1953
..................................................................


WIND (MPH)
  HIGHEST WIND SPEED    16   HIGHEST WIND DIRECTION    NE (50)
  HIGHEST GUST SPEED    20   HIGHEST GUST DIRECTION    NE (50)
  AVERAGE WIND SPEED     3.4


SKY COVER
  POSSIBLE SUNSHINE  MM
  AVERAGE SKY COVER 0.0


WEATHER CONDITIONS
 THE FOLLOWING WEATHER WAS RECORDED YESTERDAY.
  THUNDERSTORM
  FOG
  HAZE


RELATIVE HUMIDITY (PERCENT)
 HIGHEST   100           300 AM
 LOWEST     50           400 PM
 AVERAGE    75

..........................................................


THE TEXARKANA CLIMATE NORMALS FOR TODAY
                         NORMAL    RECORD    YEAR
 MAXIMUM TEMPERATURE (F)   91       107      1939
                                             2000
 MINIMUM TEMPERATURE (F)   69        54      1915


SUNRISE AND SUNSET
AUGUST 31 2016........SUNRISE   650 AM CDT   SUNSET   742 PM CDT
SEPTEMBER  1 2016.....SUNRISE   650 AM CDT   SUNSET   741 PM CDT


-  INDICATES NEGATIVE NUMBERS.
R  INDICATES RECORD WAS SET OR TIED.
MM INDICATES DATA IS MISSING.
T  INDICATES TRACE AMOUNT.




$$
