000
CDUS44 KSHV 230842
CLITXK


CLIMATE REPORT
NATIONAL WEATHER SERVICE SHREVEPORT, LA
242 AM CST MON JAN 23 2017


...................................

...THE TEXARKANA CLIMATE SUMMARY FOR JANUARY 22 2017...

CLIMATE NORMAL PERIOD 1981 TO 2010
CLIMATE RECORD PERIOD 1896 TO 2017


WEATHER ITEM   OBSERVED TIME   RECORD YEAR NORMAL DEPARTURE LAST
                VALUE   (LST)  VALUE       VALUE  FROM      YEAR
                                                  NORMAL
..................................................................
TEMPERATURE (F)
 YESTERDAY
  MAXIMUM         57    103 PM  79    1909  54      3       47
  MINIMUM         49   1159 PM  -1    1930  34     15       31
  AVERAGE         53                        44      9       39

PRECIPITATION (IN)
  YESTERDAY        0.09          2.97 2006   0.11  -0.02      T
  MONTH TO DATE    4.27                      2.40   1.87     1.95
  SINCE DEC 1     10.69                      7.45   3.24     7.93
  SINCE JAN 1      4.27                      2.40   1.87     1.95

SNOWFALL (IN)
  YESTERDAY        0.0
  MONTH TO DATE    0.1
  SINCE DEC 1      0.1
  SINCE JUL 1      0.1
  SNOW DEPTH       0

DEGREE DAYS
 HEATING
  YESTERDAY       12                        21     -9       26
  MONTH TO DATE  308                       475   -167      489
  SINCE DEC 1    813                      1084   -271      866
  SINCE JUL 1   1047                      1542   -495     1150

 COOLING
  YESTERDAY        0                         0      0        0
  MONTH TO DATE   14                         0     14        0
  SINCE DEC 1     21                         3     18       13
  SINCE JAN 1     14                         0     14        0
..................................................................


WIND (MPH)
  HIGHEST WIND SPEED    24   HIGHEST WIND DIRECTION    NW (310)
  HIGHEST GUST SPEED    33   HIGHEST GUST DIRECTION    NW (320)
  AVERAGE WIND SPEED    12.3


SKY COVER
  POSSIBLE SUNSHINE  MM
  AVERAGE SKY COVER 0.6


WEATHER CONDITIONS
 THE FOLLOWING WEATHER WAS RECORDED YESTERDAY.
  RAIN
  LIGHT RAIN
  FOG


RELATIVE HUMIDITY (PERCENT)
 HIGHEST   100          1200 AM
 LOWEST     66          1000 AM
 AVERAGE    83

..........................................................


THE TEXARKANA CLIMATE NORMALS FOR TODAY
                         NORMAL    RECORD    YEAR
 MAXIMUM TEMPERATURE (F)   54        83      1943
 MINIMUM TEMPERATURE (F)   34         2      1930


SUNRISE AND SUNSET
JANUARY 23 2017.......SUNRISE   717 AM CST   SUNSET   539 PM CST
JANUARY 24 2017.......SUNRISE   717 AM CST   SUNSET   540 PM CST


-  INDICATES NEGATIVE NUMBERS.
R  INDICATES RECORD WAS SET OR TIED.
MM INDICATES DATA IS MISSING.
T  INDICATES TRACE AMOUNT.




$$
