000
CDUS44 KSHV 040736
CLITXK


CLIMATE REPORT
NATIONAL WEATHER SERVICE SHREVEPORT, LA
234 AM CDT TUE AUG 4 2015


...................................

...THE TEXARKANA CLIMATE SUMMARY FOR AUGUST 3 2015...

CLIMATE NORMAL PERIOD 1981 TO 2010
CLIMATE RECORD PERIOD 1896 TO 2015


WEATHER ITEM   OBSERVED TIME   RECORD YEAR NORMAL DEPARTURE LAST
                VALUE   (LST)  VALUE       VALUE  FROM      YEAR
                                                  NORMAL
..................................................................
TEMPERATURE (F)
 YESTERDAY
  MAXIMUM         99    233 PM 111    2011  94      5       88
  MINIMUM         69    551 AM  61    1920  72     -3       70
  AVERAGE         84                        83      1       79

PRECIPITATION (IN)
  YESTERDAY        0.00          1.10 1955   0.10  -0.10     0.00
  MONTH TO DATE    0.00                      0.29  -0.29     0.06
  SINCE DEC 1     42.43                     33.85   8.58    28.49
  SINCE JAN 1     39.75                     28.80  10.95    22.66

SNOWFALL (IN)
  YESTERDAY        0.0
  MONTH TO DATE    0.0
  SINCE JUN 1      0.0
  SINCE JUL 1      0.0
  SNOW DEPTH       0

DEGREE DAYS
 HEATING
  YESTERDAY        0                         0      0        0
  MONTH TO DATE    0                         0      0        0
  SINCE JUN 1      0                         0      0        0
  SINCE JUL 1      0                         0      0        0

 COOLING
  YESTERDAY       19                        18      1       14
  MONTH TO DATE   52                        54     -2       30
  SINCE JUN 1   1152                       994    158      877
  SINCE JAN 1   1476                      1314    162     1171
..................................................................


WIND (MPH)
  HIGHEST WIND SPEED    12   HIGHEST WIND DIRECTION    SE (150)
  HIGHEST GUST SPEED    14   HIGHEST GUST DIRECTION    NE (60)
  AVERAGE WIND SPEED     3.8


SKY COVER
  POSSIBLE SUNSHINE  MM
  AVERAGE SKY COVER 0.0


WEATHER CONDITIONS
 THE FOLLOWING WEATHER WAS RECORDED YESTERDAY.
  NO SIGNIFICANT WEATHER WAS OBSERVED.


RELATIVE HUMIDITY (PERCENT)
 HIGHEST    84           600 AM
 LOWEST     29           100 PM
 AVERAGE    57

..........................................................


THE TEXARKANA CLIMATE NORMALS FOR TODAY
                         NORMAL    RECORD    YEAR
 MAXIMUM TEMPERATURE (F)   94       110      2011
 MINIMUM TEMPERATURE (F)   72        57      1915


SUNRISE AND SUNSET
AUGUST  4 2015........SUNRISE   631 AM CDT   SUNSET   813 PM CDT
AUGUST  5 2015........SUNRISE   631 AM CDT   SUNSET   812 PM CDT


-  INDICATES NEGATIVE NUMBERS.
R  INDICATES RECORD WAS SET OR TIED.
MM INDICATES DATA IS MISSING.
T  INDICATES TRACE AMOUNT.




$$
