000
CDUS44 KSHV 270750
CLITXK


CLIMATE REPORT
NATIONAL WEATHER SERVICE SHREVEPORT, LA
250 AM CDT THU APR 27 2017


...................................

...THE TEXARKANA CLIMATE SUMMARY FOR APRIL 26 2017...

CLIMATE NORMAL PERIOD 1981 TO 2010
CLIMATE RECORD PERIOD 1896 TO 2017


WEATHER ITEM   OBSERVED TIME   RECORD YEAR NORMAL DEPARTURE LAST
                VALUE   (LST)  VALUE       VALUE  FROM      YEAR
                                                  NORMAL
..................................................................
TEMPERATURE (F)
 YESTERDAY
  MAXIMUM         78   1115 AM  90    1939  78      0       83
  MINIMUM         51   1159 PM  38    1992  56     -5       71
  AVERAGE         65                        67     -2       77

PRECIPITATION (IN)
  YESTERDAY        0.66          5.09 1958   0.16   0.50     0.00
  MONTH TO DATE    3.94                      3.35   0.59     4.62
  SINCE DEC 1     21.68                     19.99   1.69    24.95
  SINCE JAN 1     15.26                     14.94   0.32    18.97

SNOWFALL (IN)
  YESTERDAY        0.0
  MONTH TO DATE    0.0
  SINCE MAR 1      0.0
  SINCE JUL 1      0.1
  SNOW DEPTH       0

DEGREE DAYS
 HEATING
  YESTERDAY        0                         2     -2        0
  MONTH TO DATE   34                       103    -69       60
  SINCE MAR 1    233                       403   -170      238
  SINCE JUL 1   1684                      2597   -913     1891

 COOLING
  YESTERDAY        0                         3     -3       12
  MONTH TO DATE   80                        59     21       54
  SINCE MAR 1    129                        78     51       80
  SINCE JAN 1    161                        82     79       86
..................................................................


WIND (MPH)
  HIGHEST WIND SPEED    26   HIGHEST WIND DIRECTION     W (290)
  HIGHEST GUST SPEED    33   HIGHEST GUST DIRECTION     W (290)
  AVERAGE WIND SPEED    11.3


SKY COVER
  POSSIBLE SUNSHINE  MM
  AVERAGE SKY COVER 0.8


WEATHER CONDITIONS
 THE FOLLOWING WEATHER WAS RECORDED YESTERDAY.
  THUNDERSTORM
  HEAVY RAIN
  RAIN
  LIGHT RAIN
  FOG


RELATIVE HUMIDITY (PERCENT)
 HIGHEST   100           800 AM
 LOWEST     76          1000 AM
 AVERAGE    88

..........................................................


THE TEXARKANA CLIMATE NORMALS FOR TODAY
                         NORMAL    RECORD    YEAR
 MAXIMUM TEMPERATURE (F)   78        92      1987
 MINIMUM TEMPERATURE (F)   56        38      1992


SUNRISE AND SUNSET
APRIL 27 2017.........SUNRISE   632 AM CDT   SUNSET   756 PM CDT
APRIL 28 2017.........SUNRISE   631 AM CDT   SUNSET   757 PM CDT


-  INDICATES NEGATIVE NUMBERS.
R  INDICATES RECORD WAS SET OR TIED.
MM INDICATES DATA IS MISSING.
T  INDICATES TRACE AMOUNT.




$$
