000
CDUS44 KSHV 072136
CLITYR


CLIMATE REPORT
NATIONAL WEATHER SERVICE SHREVEPORT, LA
433 PM CDT TUE JUL 7 2015


...................................

...THE TYLER CLIMATE SUMMARY FOR JULY 7 2015...
VALID TODAY AS OF 0400 PM LOCAL TIME.

CLIMATE NORMAL PERIOD 1981 TO 2010
CLIMATE RECORD PERIOD 1896 TO 2015


WEATHER ITEM   OBSERVED TIME   RECORD YEAR NORMAL DEPARTURE LAST
                VALUE   (LST)  VALUE       VALUE  FROM      YEAR
                                                  NORMAL
..................................................................
TEMPERATURE (F)
 TODAY
  MAXIMUM         93    119 PM 105    1920  92      1       93
  MINIMUM         77    435 AM  55    1972  73      4       74
  AVERAGE         85                        82      3       84

PRECIPITATION (IN)
  TODAY            0.00          2.59 1958   0.13  -0.13     0.00
  MONTH TO DATE    T                         0.86  -0.86     0.28
  SINCE DEC 1     39.93                     28.86  11.07    20.16
  SINCE JAN 1     38.46                     24.62  13.84    17.14

DEGREE DAYS
 HEATING
  TODAY            0                         0      0        0
  MONTH TO DATE    0                         0      0        0
  SINCE JUN 1      0                         0      0        0
  SINCE JUL 1      0                         0      0        0

 COOLING
  TODAY           20                        17      3       19
  MONTH TO DATE  132                       119     13      117
  SINCE JUN 1    635                       552     83      585
  SINCE JAN 1   1097                       921    176      978
..................................................................


WIND (MPH)
  HIGHEST WIND SPEED    22   HIGHEST WIND DIRECTION     S (200)
  HIGHEST GUST SPEED    30   HIGHEST GUST DIRECTION     S (180)
  AVERAGE WIND SPEED    13.8


SKY COVER
  POSSIBLE SUNSHINE  MM
  AVERAGE SKY COVER 0.5


WEATHER CONDITIONS
 THE FOLLOWING WEATHER WAS RECORDED TODAY.
  NO SIGNIFICANT WEATHER WAS OBSERVED.


RELATIVE HUMIDITY (PERCENT)
 HIGHEST    88           400 AM
 LOWEST     52           100 PM
 AVERAGE    70

..........................................................


THE TYLER CLIMATE NORMALS FOR TOMORROW
                         NORMAL    RECORD    YEAR
 MAXIMUM TEMPERATURE (F)   92       107      1939
 MINIMUM TEMPERATURE (F)   73        55      1972


SUNRISE AND SUNSET
JULY  7 2015..........SUNRISE   621 AM CDT   SUNSET   832 PM CDT
JULY  8 2015..........SUNRISE   621 AM CDT   SUNSET   832 PM CDT


-  INDICATES NEGATIVE NUMBERS.
R  INDICATES RECORD WAS SET OR TIED.
MM INDICATES DATA IS MISSING.
T  INDICATES TRACE AMOUNT.




$$
