000
CDUS44 KSHV 040838
CLITYR


CLIMATE REPORT
NATIONAL WEATHER SERVICE SHREVEPORT, LA
238 AM CST WED MAR 4 2015


...................................

...THE TYLER CLIMATE SUMMARY FOR MARCH 3 2015...

CLIMATE NORMAL PERIOD 1981 TO 2010
CLIMATE RECORD PERIOD 1896 TO 2015


WEATHER ITEM   OBSERVED TIME   RECORD YEAR NORMAL DEPARTURE LAST
                VALUE   (LST)  VALUE       VALUE  FROM      YEAR
                                                  NORMAL
..................................................................
TEMPERATURE (F)
 YESTERDAY
  MAXIMUM         70    336 PM  84    1976  64      6       26
  MINIMUM         43   1223 AM  12    1943  44     -1       18
  AVERAGE         57                        54      3       22

PRECIPITATION (IN)
  YESTERDAY        T             3.18 1945   0.13  -0.13      T
  MONTH TO DATE    0.25                      0.40  -0.15     1.19
  SINCE DEC 1      9.04                     11.51  -2.47     8.21
  SINCE JAN 1      7.57                      7.27   0.30     5.19

SNOWFALL (IN)
  YESTERDAY        0.0
  MONTH TO DATE    0.0
  SINCE MAR 1      0.0
  SINCE JUL 1      1.6
  SNOW DEPTH       0

DEGREE DAYS
 HEATING
  YESTERDAY        8                        11     -3       43
  MONTH TO DATE   56                        34     22       63
  SINCE MAR 1     56                        34     22       63
  SINCE JUL 1   1943                      1926     17     2127

 COOLING
  YESTERDAY        0                         0      0        0
  MONTH TO DATE    0                         0      0        4
  SINCE MAR 1      0                         0      0        4
  SINCE JAN 1      0                        12    -12        7
..................................................................


WIND (MPH)
  HIGHEST WIND SPEED    20   HIGHEST WIND DIRECTION     S (200)
  HIGHEST GUST SPEED    26   HIGHEST GUST DIRECTION     S (200)
  AVERAGE WIND SPEED     5.9


SKY COVER
  POSSIBLE SUNSHINE  MM
  AVERAGE SKY COVER 1.0


WEATHER CONDITIONS
 THE FOLLOWING WEATHER WAS RECORDED YESTERDAY.
  LIGHT RAIN
  FOG
  FOG W/VISIBILITY <= 1/4 MILE


RELATIVE HUMIDITY (PERCENT)
 HIGHEST   100          1100 AM
 LOWEST     76           300 PM
 AVERAGE    88

..........................................................


THE TYLER CLIMATE NORMALS FOR TODAY
                         NORMAL    RECORD    YEAR
 MAXIMUM TEMPERATURE (F)   64        85      1901
 MINIMUM TEMPERATURE (F)   45        18      2002


SUNRISE AND SUNSET
MARCH  4 2015.........SUNRISE   646 AM CST   SUNSET   621 PM CST
MARCH  5 2015.........SUNRISE   645 AM CST   SUNSET   622 PM CST


-  INDICATES NEGATIVE NUMBERS.
R  INDICATES RECORD WAS SET OR TIED.
MM INDICATES DATA IS MISSING.
T  INDICATES TRACE AMOUNT.




$$
