000
CDUS44 KSHV 170731
CLITYR


CLIMATE REPORT
NATIONAL WEATHER SERVICE SHREVEPORT, LA
231 AM CDT THU APR 17 2014


...................................

...THE TYLER CLIMATE SUMMARY FOR APRIL 16 2014...

CLIMATE NORMAL PERIOD 1981 TO 2010
CLIMATE RECORD PERIOD 1896 TO 2014


WEATHER ITEM   OBSERVED TIME   RECORD YEAR NORMAL DEPARTURE LAST
                VALUE   (LST)  VALUE       VALUE  FROM      YEAR
                                                  NORMAL
..................................................................
TEMPERATURE (F)
 YESTERDAY
  MAXIMUM         66    309 PM  92    1920  75     -9       89
  MINIMUM         38    410 AM  30    1961  54    -16       72
  AVERAGE         52                        64    -12       81

PRECIPITATION (IN)
  YESTERDAY        0.00          2.73 1977   0.09  -0.09     0.00
  MONTH TO DATE    2.46                      1.48   0.98     0.82
  SINCE DEC 1     11.78                     16.71  -4.93    12.06
  SINCE JAN 1      8.76                     12.47  -3.71     9.17

SNOWFALL (IN)
  YESTERDAY        0.0
  MONTH TO DATE    0.0
  SINCE MAR 1      1.0
  SINCE JUL 1      1.2
  SNOW DEPTH       0

DEGREE DAYS
 HEATING
  YESTERDAY       13                         3     10        0
  MONTH TO DATE   92                        74     18       76
  SINCE MAR 1    441                       347     94      355
  SINCE JUL 1   2505                      2239    266     1914

 COOLING
  YESTERDAY        0                         3     -3       16
  MONTH TO DATE   53                        29     24       52
  SINCE MAR 1     66                        50     16       65
  SINCE JAN 1     69                        62      7       75
..................................................................


WIND (MPH)
  HIGHEST WIND SPEED    21   HIGHEST WIND DIRECTION     S (160)
  HIGHEST GUST SPEED    26   HIGHEST GUST DIRECTION    SE (120)
  AVERAGE WIND SPEED    10.4


SKY COVER
  POSSIBLE SUNSHINE  MM
  AVERAGE SKY COVER 0.0


WEATHER CONDITIONS
 THE FOLLOWING WEATHER WAS RECORDED YESTERDAY.
  NO SIGNIFICANT WEATHER WAS OBSERVED.


RELATIVE HUMIDITY (PERCENT)
 HIGHEST    76          1200 AM
 LOWEST     31           200 PM
 AVERAGE    54

..........................................................


THE TYLER CLIMATE NORMALS FOR TODAY
                         NORMAL    RECORD    YEAR
 MAXIMUM TEMPERATURE (F)   75        93      2006
 MINIMUM TEMPERATURE (F)   55        34      1921


SUNRISE AND SUNSET
APRIL 17 2014.........SUNRISE   650 AM CDT   SUNSET   753 PM CDT
APRIL 18 2014.........SUNRISE   649 AM CDT   SUNSET   753 PM CDT


-  INDICATES NEGATIVE NUMBERS.
R  INDICATES RECORD WAS SET OR TIED.
MM INDICATES DATA IS MISSING.
T  INDICATES TRACE AMOUNT.




$$
