000
CDUS44 KSHV 170849
CLITYR


CLIMATE REPORT
NATIONAL WEATHER SERVICE SHREVEPORT, LA
248 AM CST SAT FEB 17 2018


...................................

...THE TYLER CLIMATE SUMMARY FOR FEBRUARY 16 2018...

CLIMATE NORMAL PERIOD 1981 TO 2010
CLIMATE RECORD PERIOD 1896 TO 2018


WEATHER ITEM   OBSERVED TIME   RECORD YEAR NORMAL DEPARTURE LAST
                VALUE   (LST)  VALUE       VALUE  FROM      YEAR
                                                  NORMAL
..................................................................
TEMPERATURE (F)
 YESTERDAY
  MAXIMUM         71    915 AM  82    1979  61     10       65
  MINIMUM         54   1159 PM  12    1903  41     13       32
  AVERAGE         63                        51     12       49

PRECIPITATION (IN)
  YESTERDAY        0.00          2.02 2001   0.14  -0.14     0.00
  MONTH TO DATE    2.25                      2.14   0.11     0.90
  SINCE DEC 1      8.81                      9.44  -0.63     9.09
  SINCE JAN 1      3.52                      5.20  -1.68     6.44

SNOWFALL (IN)
  YESTERDAY        0.0
  MONTH TO DATE    0.2
  SINCE DEC 1      1.5
  SINCE JUL 1      1.5
  SNOW DEPTH       0

DEGREE DAYS
 HEATING
  YESTERDAY        2                        14    -12       16
  MONTH TO DATE  273                       256     17      121
  SINCE DEC 1   1441                      1360     81      901
  SINCE JUL 1   1713                      1734    -21     1032

 COOLING
  YESTERDAY        0                         0      0        0
  MONTH TO DATE    7                         0      7       23
  SINCE DEC 1     16                        10      6       64
  SINCE JAN 1     10                         4      6       42
..................................................................


WIND (MPH)
  HIGHEST WIND SPEED    18   HIGHEST WIND DIRECTION     N (340)
  HIGHEST GUST SPEED    23   HIGHEST GUST DIRECTION     N (350)
  AVERAGE WIND SPEED    10.8


SKY COVER
  POSSIBLE SUNSHINE  MM
  AVERAGE SKY COVER 0.9


WEATHER CONDITIONS
 THE FOLLOWING WEATHER WAS RECORDED YESTERDAY.
  FOG


RELATIVE HUMIDITY (PERCENT)
 HIGHEST    93           500 AM
 LOWEST     51           200 PM
 AVERAGE    72

..........................................................


THE TYLER CLIMATE NORMALS FOR TODAY
                         NORMAL    RECORD    YEAR
 MAXIMUM TEMPERATURE (F)   61        82      2000
 MINIMUM TEMPERATURE (F)   41        11      1900


SUNRISE AND SUNSET
FEBRUARY 17 2018......SUNRISE   702 AM CST   SUNSET   609 PM CST
FEBRUARY 18 2018......SUNRISE   701 AM CST   SUNSET   610 PM CST


-  INDICATES NEGATIVE NUMBERS.
R  INDICATES RECORD WAS SET OR TIED.
MM INDICATES DATA IS MISSING.
T  INDICATES TRACE AMOUNT.




$$
