822
CDUS44 KSHV 060008
CLITYR


CLIMATE REPORT
NATIONAL WEATHER SERVICE SHREVEPORT, LA
607 PM CST FRI FEB 5 2016


...................................

...THE TYLER CLIMATE SUMMARY FOR FEBRUARY 5 2016...
VALID TODAY AS OF 0600 PM LOCAL TIME.

CLIMATE NORMAL PERIOD 1981 TO 2010
CLIMATE RECORD PERIOD 1896 TO 2016


WEATHER ITEM   OBSERVED TIME   RECORD YEAR NORMAL DEPARTURE LAST
                VALUE   (LST)  VALUE       VALUE  FROM      YEAR
                                                  NORMAL
..................................................................
TEMPERATURE (F)
 TODAY
  MAXIMUM         58    213 PM  80    1957  58      0       49
  MINIMUM         31    644 AM  16    1989  38     -7       35
  AVERAGE         45                        48     -3       42

PRECIPITATION (IN)
  TODAY            0.00          2.13 1908   0.13  -0.13     0.01
  MONTH TO DATE    0.00                      0.62  -0.62     0.25
  SINCE DEC 1     11.20                      7.92   3.28     5.83
  SINCE JAN 1      1.43                      3.68  -2.25     4.36

SNOWFALL (IN)
  TODAY            0.0
  MONTH TO DATE    0.0
  SINCE DEC 1      0.0
  SINCE JUL 1      0.0
  SNOW DEPTH       0

DEGREE DAYS
 HEATING
  TODAY           20                        17      3       23
  MONTH TO DATE   70                        85    -15      104
  SINCE DEC 1    899                      1189   -290     1105
  SINCE JUL 1   1092                      1563   -471     1486

 COOLING
  TODAY            0                         0      0        0
  MONTH TO DATE    0                         0      0        0
  SINCE DEC 1     29                        10     19        3
  SINCE JAN 1      2                         4     -2        0
..................................................................


WIND (MPH)
  HIGHEST WIND SPEED    14   HIGHEST WIND DIRECTION    SE (150)
  HIGHEST GUST SPEED    17   HIGHEST GUST DIRECTION    SE (140)
  AVERAGE WIND SPEED     6.6


SKY COVER
  POSSIBLE SUNSHINE  MM
  AVERAGE SKY COVER 0.0


WEATHER CONDITIONS
 THE FOLLOWING WEATHER WAS RECORDED TODAY.
  NO SIGNIFICANT WEATHER WAS OBSERVED.


RELATIVE HUMIDITY (PERCENT)
 HIGHEST    69          1200 AM
 LOWEST     20           300 PM
 AVERAGE    45

..........................................................


THE TYLER CLIMATE NORMALS FOR TOMORROW
                         NORMAL    RECORD    YEAR
 MAXIMUM TEMPERATURE (F)   59        84      1911
 MINIMUM TEMPERATURE (F)   39        16      1982


SUNRISE AND SUNSET
FEBRUARY  5 2016......SUNRISE   713 AM CST   SUNSET   558 PM CST
FEBRUARY  6 2016......SUNRISE   712 AM CST   SUNSET   559 PM CST


-  INDICATES NEGATIVE NUMBERS.
R  INDICATES RECORD WAS SET OR TIED.
MM INDICATES DATA IS MISSING.
T  INDICATES TRACE AMOUNT.




$$
