000
CDUS44 KSHV 010839
CLITYR


CLIMATE REPORT
NATIONAL WEATHER SERVICE SHREVEPORT, LA
238 AM CST SUN FEB 1 2015


...................................

...THE TYLER CLIMATE SUMMARY FOR JANUARY 31 2015...

CLIMATE NORMAL PERIOD 1981 TO 2010
CLIMATE RECORD PERIOD 1896 TO 2015


WEATHER ITEM   OBSERVED TIME   RECORD YEAR NORMAL DEPARTURE LAST
                VALUE   (LST)  VALUE       VALUE  FROM      YEAR
                                                  NORMAL
..................................................................
TEMPERATURE (F)
 YESTERDAY
  MAXIMUM         58    411 PM  87    1911  57      1       72
  MINIMUM         43    728 AM  13    1966  38      5       51
  AVERAGE         51                        48      3       62

PRECIPITATION (IN)
  YESTERDAY        0.03          1.37 1968   0.10  -0.07     0.00
  MONTH TO DATE    4.11                      3.06   1.05     0.70
  SINCE DEC 1      5.58                      7.30  -1.72     3.72
  SINCE JAN 1      4.11                      3.06   1.05     0.70

SNOWFALL (IN)
  YESTERDAY        0.0
  MONTH TO DATE    0.0
  SINCE DEC 1      0.0
  SINCE JUL 1      T
  SNOW DEPTH       0

DEGREE DAYS
 HEATING
  YESTERDAY       14                        18     -4        3
  MONTH TO DATE  584                       581      3      624
  SINCE DEC 1   1001                      1104   -103     1194
  SINCE JUL 1   1382                      1478    -96     1584

 COOLING
  YESTERDAY        0                         0      0        0
  MONTH TO DATE    0                         4     -4        0
  SINCE DEC 1      3                        10     -7       10
  SINCE JAN 1      0                         4     -4        0
..................................................................


WIND (MPH)
  HIGHEST WIND SPEED    22   HIGHEST WIND DIRECTION    SE (150)
  HIGHEST GUST SPEED    27   HIGHEST GUST DIRECTION    SE (140)
  AVERAGE WIND SPEED    11.1


SKY COVER
  POSSIBLE SUNSHINE  MM
  AVERAGE SKY COVER 0.4


WEATHER CONDITIONS
 THE FOLLOWING WEATHER WAS RECORDED YESTERDAY.
  LIGHT RAIN


RELATIVE HUMIDITY (PERCENT)
 HIGHEST    83          1100 PM
 LOWEST     43           100 PM
 AVERAGE    63

..........................................................


THE TYLER CLIMATE NORMALS FOR TODAY
                         NORMAL    RECORD    YEAR
 MAXIMUM TEMPERATURE (F)   58        83      1911
 MINIMUM TEMPERATURE (F)   38         9      1951


SUNRISE AND SUNSET
FEBRUARY  1 2015......SUNRISE   716 AM CST   SUNSET   555 PM CST
FEBRUARY  2 2015......SUNRISE   715 AM CST   SUNSET   556 PM CST


-  INDICATES NEGATIVE NUMBERS.
R  INDICATES RECORD WAS SET OR TIED.
MM INDICATES DATA IS MISSING.
T  INDICATES TRACE AMOUNT.




$$
