000
CDUS44 KSHV 230745
CLITYR


CLIMATE REPORT
NATIONAL WEATHER SERVICE SHREVEPORT, LA
235 AM CDT SUN APR 23 2017


...................................

...THE TYLER CLIMATE SUMMARY FOR APRIL 22 2017...

CLIMATE NORMAL PERIOD 1981 TO 2010
CLIMATE RECORD PERIOD 1896 TO 2017


WEATHER ITEM   OBSERVED TIME   RECORD YEAR NORMAL DEPARTURE LAST
                VALUE   (LST)  VALUE       VALUE  FROM      YEAR
                                                  NORMAL
..................................................................
TEMPERATURE (F)
 YESTERDAY
  MAXIMUM         73   1255 AM  94    2011  76     -3       81
  MINIMUM         48   1159 PM  37    1931  56     -8       56
  AVERAGE         61                        66     -5       69

PRECIPITATION (IN)
  YESTERDAY        0.78          2.59 1907   0.12   0.66     0.00
  MONTH TO DATE    1.76                      2.16  -0.40     5.27
  SINCE DEC 1     14.45                     17.39  -2.94    27.28
  SINCE JAN 1     11.80                     13.15  -1.35    17.51

SNOWFALL (IN)
  YESTERDAY       MM
  MONTH TO DATE    0.0
  SINCE MAR 1      0.0
  SINCE JUL 1      T
  SNOW DEPTH       0

DEGREE DAYS
 HEATING
  YESTERDAY        4                         2      2        0
  MONTH TO DATE   20                        88    -68       31
  SINCE MAR 1    149                       361   -212      146
  SINCE JUL 1   1232                      2253  -1021     1455

 COOLING
  YESTERDAY        0                         3     -3        4
  MONTH TO DATE  113                        47     66       56
  SINCE MAR 1    221                        68    153      103
  SINCE JAN 1    295                        80    215      113
..................................................................


WIND (MPH)
  HIGHEST WIND SPEED    28   HIGHEST WIND DIRECTION     W (250)
  HIGHEST GUST SPEED    40   HIGHEST GUST DIRECTION     W (250)
  AVERAGE WIND SPEED    12.1


SKY COVER
  POSSIBLE SUNSHINE  MM
  AVERAGE SKY COVER 0.9


WEATHER CONDITIONS
 THE FOLLOWING WEATHER WAS RECORDED YESTERDAY.
  THUNDERSTORM
  HEAVY RAIN
  LIGHT RAIN
  FOG


RELATIVE HUMIDITY (PERCENT)
 HIGHEST   100           400 AM
 LOWEST     66           800 PM
 AVERAGE    83

..........................................................


THE TYLER CLIMATE NORMALS FOR TODAY
                         NORMAL    RECORD    YEAR
 MAXIMUM TEMPERATURE (F)   77        92      1925
 MINIMUM TEMPERATURE (F)   57        36      1982


SUNRISE AND SUNSET
APRIL 23 2017.........SUNRISE   643 AM CDT   SUNSET   757 PM CDT
APRIL 24 2017.........SUNRISE   642 AM CDT   SUNSET   758 PM CDT


-  INDICATES NEGATIVE NUMBERS.
R  INDICATES RECORD WAS SET OR TIED.
MM INDICATES DATA IS MISSING.
T  INDICATES TRACE AMOUNT.




$$
