000
CDUS44 KSHV 220903
CLITYR


CLIMATE REPORT
NATIONAL WEATHER SERVICE SHREVEPORT, LA
355 AM CDT FRI AUG 22 2014


...................................

...THE TYLER CLIMATE SUMMARY FOR AUGUST 21 2014...

CLIMATE NORMAL PERIOD 1981 TO 2010
CLIMATE RECORD PERIOD 1896 TO 2014


WEATHER ITEM   OBSERVED TIME   RECORD YEAR NORMAL DEPARTURE LAST
                VALUE   (LST)  VALUE       VALUE  FROM      YEAR
                                                  NORMAL
..................................................................
TEMPERATURE (F)
 YESTERDAY
  MAXIMUM         98    412 PM 108    1921  93      5       96
  MINIMUM         76    400 AM  57    1976  73      3       71
  AVERAGE         87                        83      4       84

PRECIPITATION (IN)
  YESTERDAY        0.00          5.00 1919   0.10  -0.10     0.00
  MONTH TO DATE    0.04                      1.80  -1.76     0.21
  SINCE DEC 1     24.35                     32.44  -8.09    22.48
  SINCE JAN 1     21.33                     28.20  -6.87    19.59

SNOWFALL (IN)
  YESTERDAY        0.0
  MONTH TO DATE    0.0
  SINCE JUN 1      0.0
  SINCE JUL 1      0.0
  SNOW DEPTH       0

DEGREE DAYS
 HEATING
  YESTERDAY        0                         0      0        0
  MONTH TO DATE    0                         0      0        0
  SINCE JUN 1      0                         0      0        0
  SINCE JUL 1      0                         0      0        0

 COOLING
  YESTERDAY       22                        18      4       19
  MONTH TO DATE  383                       395    -12      435
  SINCE JUN 1   1370                      1384    -14     1500
  SINCE JAN 1   1763                      1753     10     1897
..................................................................


WIND (MPH)
  HIGHEST WIND SPEED    20   HIGHEST WIND DIRECTION     S (200)
  HIGHEST GUST SPEED    26   HIGHEST GUST DIRECTION     S (190)
  AVERAGE WIND SPEED    11.1


SKY COVER
  POSSIBLE SUNSHINE  MM
  AVERAGE SKY COVER 0.3


WEATHER CONDITIONS
 THE FOLLOWING WEATHER WAS RECORDED YESTERDAY.
  NO SIGNIFICANT WEATHER WAS OBSERVED.


RELATIVE HUMIDITY (PERCENT)
 HIGHEST    94           300 AM
 LOWEST     35           300 PM
 AVERAGE    65

..........................................................


THE TYLER CLIMATE NORMALS FOR TODAY
                         NORMAL    RECORD    YEAR
 MAXIMUM TEMPERATURE (F)   93       107      1921
 MINIMUM TEMPERATURE (F)   73        51      1956


SUNRISE AND SUNSET
AUGUST 22 2014........SUNRISE   650 AM CDT   SUNSET   758 PM CDT
AUGUST 23 2014........SUNRISE   651 AM CDT   SUNSET   757 PM CDT


-  INDICATES NEGATIVE NUMBERS.
R  INDICATES RECORD WAS SET OR TIED.
MM INDICATES DATA IS MISSING.
T  INDICATES TRACE AMOUNT.




$$
