930
CDUS44 KSHV 220737
CLITYR


CLIMATE REPORT
NATIONAL WEATHER SERVICE SHREVEPORT, LA
237 AM CDT MON MAY 22 2017


...................................

...THE TYLER CLIMATE SUMMARY FOR MAY 21 2017...

CLIMATE NORMAL PERIOD 1981 TO 2010
CLIMATE RECORD PERIOD 1896 TO 2017


WEATHER ITEM   OBSERVED TIME   RECORD YEAR NORMAL DEPARTURE LAST
                VALUE   (LST)  VALUE       VALUE  FROM      YEAR
                                                  NORMAL
..................................................................
TEMPERATURE (F)
 YESTERDAY
  MAXIMUM         72    427 PM  97    2005  84    -12       86
  MINIMUM         59   1109 AM  45    1981  65     -6       61
  AVERAGE         66                        74     -8       74

PRECIPITATION (IN)
  YESTERDAY        0.93          1.83 2013   0.13   0.80     0.00
  MONTH TO DATE    3.42                      3.15   0.27     1.61
  SINCE DEC 1     18.54                     21.55  -3.01    31.54
  SINCE JAN 1     15.89                     17.31  -1.42    21.77

SNOWFALL (IN)
  YESTERDAY        0.0
  MONTH TO DATE    0.0
  SINCE MAR 1      0.0
  SINCE JUL 1      T
  SNOW DEPTH       0

DEGREE DAYS
 HEATING
  YESTERDAY        0                         0      0        0
  MONTH TO DATE    7                         6      1       12
  SINCE MAR 1    173                       376   -203      158
  SINCE JUL 1   1256                      2268  -1012     1467

 COOLING
  YESTERDAY        1                         9     -8        9
  MONTH TO DATE  139                       150    -11      134
  SINCE MAR 1    385                       250    135      311
  SINCE JAN 1    459                       262    197      321
..................................................................


WIND (MPH)
  HIGHEST WIND SPEED    21   HIGHEST WIND DIRECTION     E (80)
  HIGHEST GUST SPEED    30   HIGHEST GUST DIRECTION    SW (230)
  AVERAGE WIND SPEED     8.2


SKY COVER
  POSSIBLE SUNSHINE  MM
  AVERAGE SKY COVER 0.5


WEATHER CONDITIONS
 THE FOLLOWING WEATHER WAS RECORDED YESTERDAY.
  THUNDERSTORM
  HEAVY RAIN
  RAIN
  LIGHT RAIN
  FOG


RELATIVE HUMIDITY (PERCENT)
 HIGHEST    93           900 PM
 LOWEST     57           400 PM
 AVERAGE    75

..........................................................


THE TYLER CLIMATE NORMALS FOR TODAY
                         NORMAL    RECORD    YEAR
 MAXIMUM TEMPERATURE (F)   84        96      2005
 MINIMUM TEMPERATURE (F)   65        48      2001


SUNRISE AND SUNSET
MAY 22 2017...........SUNRISE   619 AM CDT   SUNSET   818 PM CDT
MAY 23 2017...........SUNRISE   619 AM CDT   SUNSET   818 PM CDT


-  INDICATES NEGATIVE NUMBERS.
R  INDICATES RECORD WAS SET OR TIED.
MM INDICATES DATA IS MISSING.
T  INDICATES TRACE AMOUNT.




$$
