000
CDUS44 KSHV 120838
CLITYR


CLIMATE REPORT
NATIONAL WEATHER SERVICE SHREVEPORT, LA
233 AM CST TUE DEC 12 2017


...................................

...THE TYLER CLIMATE SUMMARY FOR DECEMBER 11 2017...

CLIMATE NORMAL PERIOD 1981 TO 2010
CLIMATE RECORD PERIOD 1896 TO 2017


WEATHER ITEM   OBSERVED TIME   RECORD YEAR NORMAL DEPARTURE LAST
                VALUE   (LST)  VALUE       VALUE  FROM      YEAR
                                                  NORMAL
..................................................................
TEMPERATURE (F)
 YESTERDAY
  MAXIMUM         76    227 PM  82    1939  58     18       70
  MINIMUM         33    601 AM  15    1898  39     -6       49
  AVERAGE         55                        49      6       60

PRECIPITATION (IN)
  YESTERDAY        0.00          2.92 1985   0.14  -0.14      T
  MONTH TO DATE    0.39                      1.43  -1.04     1.74
  SINCE DEC 1      0.39                      1.43  -1.04     1.74
  SINCE JAN 1     35.27                     42.98  -7.71    35.76

SNOWFALL (IN)
  YESTERDAY        0.0
  MONTH TO DATE    0.0
  SINCE DEC 1      0.0
  SINCE JUL 1      0.0
  SNOW DEPTH       0

DEGREE DAYS
 HEATING
  YESTERDAY       10                        17     -7        5
  MONTH TO DATE  143                       174    -31      189
  SINCE DEC 1    143                       174    -31      189
  SINCE JUL 1    415                       548   -133      320

 COOLING
  YESTERDAY        0                         0      0        0
  MONTH TO DATE    6                         0      6        0
  SINCE DEC 1      6                         0      6        0
  SINCE JAN 1   2773                      2411    362     3093
..................................................................


WIND (MPH)
  HIGHEST WIND SPEED    17   HIGHEST WIND DIRECTION     W (250)
  HIGHEST GUST SPEED    22   HIGHEST GUST DIRECTION    SW (240)
  AVERAGE WIND SPEED     7.3


SKY COVER
  POSSIBLE SUNSHINE  MM
  AVERAGE SKY COVER 0.0


WEATHER CONDITIONS
 THE FOLLOWING WEATHER WAS RECORDED YESTERDAY.
  NO SIGNIFICANT WEATHER WAS OBSERVED.


RELATIVE HUMIDITY (PERCENT)
 HIGHEST    82           600 AM
 LOWEST     11           200 PM
 AVERAGE    47

..........................................................


THE TYLER CLIMATE NORMALS FOR TODAY
                         NORMAL    RECORD    YEAR
 MAXIMUM TEMPERATURE (F)   58        80      1948
 MINIMUM TEMPERATURE (F)   39        16      1962


SUNRISE AND SUNSET
DECEMBER 12 2017......SUNRISE   714 AM CST   SUNSET   517 PM CST
DECEMBER 13 2017......SUNRISE   714 AM CST   SUNSET   517 PM CST


-  INDICATES NEGATIVE NUMBERS.
R  INDICATES RECORD WAS SET OR TIED.
MM INDICATES DATA IS MISSING.
T  INDICATES TRACE AMOUNT.




$$
