000
CDUS44 KMRX 230802
CLITYS


CLIMATE REPORT
NATIONAL WEATHER SERVICE MORRISTOWN TN
402 AM EDT TUE MAY 23 2017


...................................

...THE KNOXVILLE    ASOS CLIMATE SUMMARY FOR MAY 22 2017...

CLIMATE NORMAL PERIOD 1981 TO 2010
CLIMATE RECORD PERIOD 1871 TO 2017


WEATHER ITEM   OBSERVED TIME   RECORD YEAR NORMAL DEPARTURE LAST
                VALUE   (LST)  VALUE       VALUE  FROM      YEAR
                                                  NORMAL
..................................................................
TEMPERATURE (F)
 YESTERDAY
  MAXIMUM         78        MM  96    1941  80     -2       76
  MINIMUM         66        MM  39    1883  58      8       56
  AVERAGE         72                        69      3       66

PRECIPITATION (IN)
  YESTERDAY        T             2.31 1916   0.13  -0.13     0.00
  MONTH TO DATE    2.23                      3.29  -1.06     2.68
  SINCE MAR 1     15.57                     11.64   3.93     8.00
  SINCE JAN 1     21.51                     20.22   1.29    17.88

SNOWFALL (IN)
  YESTERDAY        0.0                       0.0    0.0      0.0
  MONTH TO DATE    0.0                       0.0    0.0      0.0
  SINCE MAR 1      T                         1.4   -1.4      0.0
  SINCE JUL 1      2.3                       6.5   -4.2      5.2
  SNOW DEPTH       0

DEGREE DAYS
 HEATING
  YESTERDAY        0                         1     -1        0
  MONTH TO DATE   46                        51     -5       52
  SINCE MAR 1    526                       730   -204      522
  SINCE JUL 1   2585                      3626  -1041     2955

 COOLING
  YESTERDAY        7                         5      2        1
  MONTH TO DATE  116                        71     45       69
  SINCE MAR 1    212                       108    104      142
  SINCE JAN 1    212                       108    104      142
..................................................................


WIND (MPH)
  HIGHEST WIND SPEED    12   HIGHEST WIND DIRECTION    NE (30)
  HIGHEST GUST SPEED    MM   HIGHEST GUST DIRECTION    MM
  AVERAGE WIND SPEED     4.6


SKY COVER
  POSSIBLE SUNSHINE  MM
  AVERAGE SKY COVER 0.9


WEATHER CONDITIONS
 THE FOLLOWING WEATHER WAS RECORDED YESTERDAY.
  LIGHT RAIN


RELATIVE HUMIDITY (PERCENT)
 HIGHEST    93           300 AM
 LOWEST     64           300 PM
 AVERAGE    79

..........................................................


THE KNOXVILLE    ASOS CLIMATE NORMALS FOR TODAY
                         NORMAL    RECORD    YEAR
 MAXIMUM TEMPERATURE (F)   80        92      1903
 MINIMUM TEMPERATURE (F)   58        40      1889


SUNRISE AND SUNSET
MAY 23 2017...........SUNRISE   625 AM EDT   SUNSET   841 PM EDT
MAY 24 2017...........SUNRISE   624 AM EDT   SUNSET   842 PM EDT


-  INDICATES NEGATIVE NUMBERS.
R  INDICATES RECORD WAS SET OR TIED.
MM INDICATES DATA IS MISSING.
T  INDICATES TRACE AMOUNT.




$$
