799
CDUS44 KMRX 250821
CLITYS


CLIMATE REPORT
NATIONAL WEATHER SERVICE MORRISTOWN TN
421 AM EDT WED MAY 25 2016


...................................

...THE KNOXVILLE    ASOS CLIMATE SUMMARY FOR MAY 24 2016...

CLIMATE NORMAL PERIOD 1981 TO 2010
CLIMATE RECORD PERIOD 1871 TO 2016


WEATHER ITEM   OBSERVED TIME   RECORD YEAR NORMAL DEPARTURE LAST
                VALUE   (LST)  VALUE       VALUE  FROM      YEAR
                                                  NORMAL
..................................................................
TEMPERATURE (F)
 YESTERDAY
  MAXIMUM         82    522 PM  92    1904  80      2       85
  MINIMUM         51    556 AM  37    1883  59     -8       56
  AVERAGE         67                        69     -2       71

PRECIPITATION (IN)
  YESTERDAY        0.00          2.57 2000   0.13  -0.13     0.00
  MONTH TO DATE    2.68                      3.55  -0.87     0.62
  SINCE MAR 1      8.00                     11.90  -3.90     9.20
  SINCE JAN 1     17.88                     20.48  -2.60    16.34

SNOWFALL (IN)
  YESTERDAY        0.0                       0.0    0.0      0.0
  MONTH TO DATE    0.0                       0.0    0.0      0.0
  SINCE MAR 1      0.0                       1.4   -1.4       T
  SINCE JUL 1      5.2                       6.5   -1.3      9.3
  SNOW DEPTH       0

DEGREE DAYS
 HEATING
  YESTERDAY        0                         1     -1        0
  MONTH TO DATE   52                        53     -1       30
  SINCE MAR 1    522                       732   -210      580
  SINCE JUL 1   2955                      3628   -673     3845

 COOLING
  YESTERDAY        2                         5     -3        6
  MONTH TO DATE   71                        81    -10      143
  SINCE MAR 1    144                       118     26      168
  SINCE JAN 1    144                       118     26      168
..................................................................


WIND (MPH)
  HIGHEST WIND SPEED    13   HIGHEST WIND DIRECTION     W (250)
  HIGHEST GUST SPEED    17   HIGHEST GUST DIRECTION    SW (240)
  AVERAGE WIND SPEED     3.5


SKY COVER
  POSSIBLE SUNSHINE  MM
  AVERAGE SKY COVER 0.3


WEATHER CONDITIONS
 THE FOLLOWING WEATHER WAS RECORDED YESTERDAY.
  NO SIGNIFICANT WEATHER WAS OBSERVED.


RELATIVE HUMIDITY (PERCENT)
 HIGHEST    89           500 AM
 LOWEST     28           500 PM
 AVERAGE    59

..........................................................


THE KNOXVILLE    ASOS CLIMATE NORMALS FOR TODAY
                         NORMAL    RECORD    YEAR
 MAXIMUM TEMPERATURE (F)   80        93      2011
                                             1933
 MINIMUM TEMPERATURE (F)   59        43      2013


SUNRISE AND SUNSET
MAY 25 2016...........SUNRISE   624 AM EDT   SUNSET   842 PM EDT
MAY 26 2016...........SUNRISE   623 AM EDT   SUNSET   843 PM EDT


-  INDICATES NEGATIVE NUMBERS.
R  INDICATES RECORD WAS SET OR TIED.
MM INDICATES DATA IS MISSING.
T  INDICATES TRACE AMOUNT.




$$
