000
CDUS44 KMRX 220918
CLITYS


CLIMATE REPORT
NATIONAL WEATHER SERVICE MORRISTOWN TN
418 AM EST WED FEB 22 2017


...................................

...THE KNOXVILLE    ASOS CLIMATE SUMMARY FOR FEBRUARY 21 2017...

CLIMATE NORMAL PERIOD 1981 TO 2010
CLIMATE RECORD PERIOD 1871 TO 2017


WEATHER ITEM   OBSERVED TIME   RECORD YEAR NORMAL DEPARTURE LAST
                VALUE   (LST)  VALUE       VALUE  FROM      YEAR
                                                  NORMAL
..................................................................
TEMPERATURE (F)
 YESTERDAY
  MAXIMUM         72    300 PM  75    1922  54     18       62
  MINIMUM         44        MM   5    1896  34     10       55
  AVERAGE         58                        44     14       59

PRECIPITATION (IN)
  YESTERDAY        T             1.76 1891   0.15  -0.15     0.12
  MONTH TO DATE    1.73                      3.19  -1.46     5.13
  SINCE DEC 1     12.06                     12.01   0.05    15.73
  SINCE JAN 1      5.10                      7.51  -2.41     7.89

SNOWFALL (IN)
  YESTERDAY        0.0                       0.0    0.0      0.0
  MONTH TO DATE    T                         1.3   -1.3      2.5
  SINCE DEC 1      2.3                       4.8   -2.5      5.1
  SINCE JUL 1      2.3                       4.8   -2.5      5.1
  SNOW DEPTH       0

DEGREE DAYS
 HEATING
  YESTERDAY        7                        21    -14        6
  MONTH TO DATE  349                       494   -145      512
  SINCE DEC 1   1574                      2075   -501     1788
  SINCE JUL 1   1978                      2756   -778     2298

 COOLING
  YESTERDAY        0                         0      0        0
  MONTH TO DATE    0                         0      0        0
  SINCE DEC 1      0                         0      0        5
  SINCE JAN 1      0                         0      0        0
..................................................................


WIND (MPH)
  HIGHEST WIND SPEED    20   HIGHEST WIND DIRECTION     S (200)
  HIGHEST GUST SPEED    23   HIGHEST GUST DIRECTION     S (190)
  AVERAGE WIND SPEED     4.7


SKY COVER
  POSSIBLE SUNSHINE  MM
  AVERAGE SKY COVER 0.9


WEATHER CONDITIONS
 THE FOLLOWING WEATHER WAS RECORDED YESTERDAY.
  LIGHT RAIN


RELATIVE HUMIDITY (PERCENT)
 HIGHEST    86           600 AM
 LOWEST     38           100 PM
 AVERAGE    62

..........................................................


THE KNOXVILLE    ASOS CLIMATE NORMALS FOR TODAY
                         NORMAL    RECORD    YEAR
 MAXIMUM TEMPERATURE (F)   54        76      1980
                                             1874
 MINIMUM TEMPERATURE (F)   34         5      1963


SUNRISE AND SUNSET
FEBRUARY 22 2017......SUNRISE   714 AM EST   SUNSET   625 PM EST
FEBRUARY 23 2017......SUNRISE   713 AM EST   SUNSET   626 PM EST


-  INDICATES NEGATIVE NUMBERS.
R  INDICATES RECORD WAS SET OR TIED.
MM INDICATES DATA IS MISSING.
T  INDICATES TRACE AMOUNT.




$$
