000
CDUS44 KMRX 040921 RRA
CLITYS

CLIMATE REPORT
NATIONAL WEATHER SERVICE MORRISTOWN TN
419 AM EST WED MAR 4 2015


...................................

...THE KNOXVILLE    ASOS CLIMATE SUMMARY FOR MARCH 3 2015...

CLIMATE NORMAL PERIOD 1981 TO 2010
CLIMATE RECORD PERIOD 1871 TO 2015


WEATHER ITEM   OBSERVED TIME   RECORD YEAR NORMAL DEPARTURE LAST
                VALUE   (LST)  VALUE       VALUE  FROM      YEAR
                                                  NORMAL
..................................................................
TEMPERATURE (F)
 YESTERDAY
  MAXIMUM         51    407 PM  76    1992  57     -6       55
                                      1976
                                      1955
  MINIMUM         41    649 AM   1    1980  36      5       25
  AVERAGE         46                        47     -1       40

PRECIPITATION (IN)
  YESTERDAY        0.21          1.98 1871   0.14   0.07     0.92
  MONTH TO DATE    0.40                      0.43  -0.03     0.94
  SINCE MAR 1      0.40                      0.43  -0.03     0.94
  SINCE JAN 1      7.54                      9.01  -1.47     9.01

SNOWFALL (IN)
  YESTERDAY        0.0                       0.0    0.0       T
  MONTH TO DATE    0.0                       0.1   -0.1       T
  SINCE MAR 1      0.0                       0.1   -0.1       T
  SINCE JUL 1      9.3                       5.2    4.1     11.9
  SNOW DEPTH       0

DEGREE DAYS
 HEATING
  YESTERDAY       19                        18      1       25
  MONTH TO DATE   66                        56     10       49
  SINCE MAR 1     66                        56     10       49
  SINCE JUL 1   3331                      2952    379     3096

 COOLING
  YESTERDAY        0                         0      0        0
  MONTH TO DATE    0                         0      0        0
  SINCE MAR 1      0                         0      0        0
  SINCE JAN 1      0                         0      0        0
..................................................................


WIND (MPH)
  HIGHEST WIND SPEED     9   HIGHEST WIND DIRECTION    NW (320)
  HIGHEST GUST SPEED    11   HIGHEST GUST DIRECTION     W (280)
  AVERAGE WIND SPEED     1.9


SKY COVER
  POSSIBLE SUNSHINE  MM
  AVERAGE SKY COVER 1.0


WEATHER CONDITIONS
 THE FOLLOWING WEATHER WAS RECORDED YESTERDAY.
  LIGHT RAIN
  FOG
  HAZE


RELATIVE HUMIDITY (PERCENT)
 HIGHEST   100          1000 PM
 LOWEST     76           400 AM
 AVERAGE    88

..........................................................


THE KNOXVILLE    ASOS CLIMATE NORMALS FOR TODAY
                         NORMAL    RECORD    YEAR
 MAXIMUM TEMPERATURE (F)   58        82      1976
 MINIMUM TEMPERATURE (F)   36         5      1873


SUNRISE AND SUNSET
MARCH  4 2015.........SUNRISE   702 AM EST   SUNSET   634 PM EST
MARCH  5 2015.........SUNRISE   701 AM EST   SUNSET   634 PM EST


-  INDICATES NEGATIVE NUMBERS.
R  INDICATES RECORD WAS SET OR TIED.
MM INDICATES DATA IS MISSING.
T  INDICATES TRACE AMOUNT.




$$
