000
CDUS44 KMRX 250809
CLITYS


CLIMATE REPORT
NATIONAL WEATHER SERVICE MORRISTOWN TN
409 AM EDT SUN SEP 25 2016


...................................

...THE KNOXVILLE    ASOS CLIMATE SUMMARY FOR SEPTEMBER 24 2016...

CLIMATE NORMAL PERIOD 1981 TO 2010
CLIMATE RECORD PERIOD 1871 TO 2016


WEATHER ITEM   OBSERVED TIME   RECORD YEAR NORMAL DEPARTURE LAST
                VALUE   (LST)  VALUE       VALUE  FROM      YEAR
                                                  NORMAL
..................................................................
TEMPERATURE (F)
 YESTERDAY
  MAXIMUM         92    442 PM  93    2007  79     13       83
                                      1895
  MINIMUM         63    638 AM  37    1983  57      6       60
  AVERAGE         78                        68     10       72

PRECIPITATION (IN)
  YESTERDAY        0.00          2.22 1902   0.11  -0.11     0.00
  MONTH TO DATE    0.91                      2.58  -1.67     0.58
  SINCE SEP 1      0.91                      2.58  -1.67     0.58
  SINCE JAN 1     31.73                     36.18  -4.45    33.50

SNOWFALL (IN)
  YESTERDAY        0.0                       0.0    0.0      0.0
  MONTH TO DATE    0.0                       0.0    0.0      0.0
  SINCE SEP 1      0.0                       0.0    0.0      0.0
  SINCE JUL 1      0.0                       0.0    0.0      0.0
  SNOW DEPTH       0

DEGREE DAYS
 HEATING
  YESTERDAY        0                         1     -1        0
  MONTH TO DATE    0                         9     -9        9
  SINCE SEP 1      0                         9     -9        9
  SINCE JUL 1      0                         9     -9        9

 COOLING
  YESTERDAY       13                         4      9        7
  MONTH TO DATE  323                       184    139      196
  SINCE SEP 1    323                       184    139      196
  SINCE JAN 1   1973                      1465    508     1618
..................................................................


WIND (MPH)
  HIGHEST WIND SPEED     9   HIGHEST WIND DIRECTION    SE (120)
  HIGHEST GUST SPEED    19   HIGHEST GUST DIRECTION    NE (40)
  AVERAGE WIND SPEED     3.2


SKY COVER
  POSSIBLE SUNSHINE  MM
  AVERAGE SKY COVER 0.2


WEATHER CONDITIONS
 THE FOLLOWING WEATHER WAS RECORDED YESTERDAY.
  NO SIGNIFICANT WEATHER WAS OBSERVED.


RELATIVE HUMIDITY (PERCENT)
 HIGHEST    87           400 AM
 LOWEST     32           300 PM
 AVERAGE    60

..........................................................


THE KNOXVILLE    ASOS CLIMATE NORMALS FOR TODAY
                         NORMAL    RECORD    YEAR
 MAXIMUM TEMPERATURE (F)   78        92      1961
                                             1933
 MINIMUM TEMPERATURE (F)   57        38      1887


SUNRISE AND SUNSET
SEPTEMBER 25 2016.....SUNRISE   727 AM EDT   SUNSET   728 PM EDT
SEPTEMBER 26 2016.....SUNRISE   727 AM EDT   SUNSET   726 PM EDT


-  INDICATES NEGATIVE NUMBERS.
R  INDICATES RECORD WAS SET OR TIED.
MM INDICATES DATA IS MISSING.
T  INDICATES TRACE AMOUNT.




$$
