000
CDUS44 KMRX 302129
CLITYS


CLIMATE REPORT
NATIONAL WEATHER SERVICE MORRISTOWN TN
529 PM EDT THU MAR 30 2017


...................................

...THE KNOXVILLE    ASOS CLIMATE SUMMARY FOR MARCH 30 2017...
VALID TODAY AS OF 0500 PM LOCAL TIME.

CLIMATE NORMAL PERIOD 1981 TO 2010
CLIMATE RECORD PERIOD 1871 TO 2017


WEATHER ITEM   OBSERVED TIME   RECORD YEAR NORMAL DEPARTURE LAST
                VALUE   (LST)  VALUE       VALUE  FROM      YEAR
                                                  NORMAL
..................................................................
TEMPERATURE (F)
 TODAY
  MAXIMUM         80    314 PM  84    1998  66     14       77
  MINIMUM         54    528 AM  22    1964  43     11       39
  AVERAGE         67                        54     13       58

PRECIPITATION (IN)
  TODAY            0.00          5.56 1886   0.15  -0.15     0.00
  MONTH TO DATE    5.41                      4.20   1.21     2.46
  SINCE MAR 1      5.41                      4.20   1.21     2.46
  SINCE JAN 1     11.35                     12.78  -1.43    12.34

SNOWFALL (IN)
  TODAY            0.0                       0.0    0.0      0.0
  MONTH TO DATE    T                         0.9   -0.9      0.0
  SINCE MAR 1      T                         0.9   -0.9      0.0
  SINCE JUL 1      2.3                       6.0   -3.7      5.2
  SNOW DEPTH       0

DEGREE DAYS
 HEATING
  TODAY            0                        11    -11        7
  MONTH TO DATE  393                       449    -56      306
  SINCE MAR 1    393                       449    -56      306
  SINCE JUL 1   2452                      3345   -893     2739

 COOLING
  TODAY            2                         0      2        0
  MONTH TO DATE    3                         0      3       14
  SINCE MAR 1      3                         0      3       14
  SINCE JAN 1      3                         0      3       14
..................................................................


WIND (MPH)
  HIGHEST WIND SPEED    26   HIGHEST WIND DIRECTION    SW (210)
  HIGHEST GUST SPEED    32   HIGHEST GUST DIRECTION    SW (210)
  AVERAGE WIND SPEED     7.7


SKY COVER
  POSSIBLE SUNSHINE  MM
  AVERAGE SKY COVER 0.7


WEATHER CONDITIONS
 THE FOLLOWING WEATHER WAS RECORDED TODAY.
  NO SIGNIFICANT WEATHER WAS OBSERVED.


RELATIVE HUMIDITY (PERCENT)
 HIGHEST    83           500 AM
 LOWEST     32           400 PM
 AVERAGE    58

..........................................................


THE KNOXVILLE    ASOS CLIMATE NORMALS FOR TOMORROW
                         NORMAL    RECORD    YEAR
 MAXIMUM TEMPERATURE (F)   66        86      1963
 MINIMUM TEMPERATURE (F)   43        21      1923


SUNRISE AND SUNSET
MARCH 30 2017.........SUNRISE   725 AM EDT   SUNSET   756 PM EDT
MARCH 31 2017.........SUNRISE   723 AM EDT   SUNSET   757 PM EDT


-  INDICATES NEGATIVE NUMBERS.
R  INDICATES RECORD WAS SET OR TIED.
MM INDICATES DATA IS MISSING.
T  INDICATES TRACE AMOUNT.




$$
