000
CDUS44 KMRX 301234 RRA
CLITYS

CLIMATE REPORT
NATIONAL WEATHER SERVICE MORRISTOWN TN
834 AM EDT TUE SEP 30 2014


...................................

...THE KNOXVILLE CLIMATE SUMMARY FOR SEPTEMBER 29 2014...

CLIMATE NORMAL PERIOD 1981 TO 2010
CLIMATE RECORD PERIOD 1871 TO 2014


WEATHER ITEM   OBSERVED TIME   RECORD YEAR NORMAL DEPARTURE LAST
                VALUE   (LST)  VALUE       VALUE  FROM      YEAR
                                                  NORMAL
..................................................................
TEMPERATURE (F)
 YESTERDAY
  MAXIMUM         81    342 PM  92    1904  77      4       71
  MINIMUM         64   1159 PM  37    1942  55      9       61
  AVERAGE         73                        66      7       66

PRECIPITATION (IN)
  YESTERDAY        0.01          4.17 1944   0.11  -0.10     0.00
  MONTH TO DATE    0.19                      3.13  -2.94     4.42
  SINCE SEP 1      0.19                      3.13  -2.94     4.42
  SINCE JAN 1     29.45                     36.73  -7.28    55.80

SNOWFALL (IN)
  YESTERDAY        0.0                       0.0    0.0      0.0
  MONTH TO DATE    0.0                       0.0    0.0      0.0
  SINCE SEP 1      0.0                       0.0    0.0      0.0
  SINCE JUL 1      0.0                       0.0    0.0      0.0
  SNOW DEPTH       0

DEGREE DAYS
 HEATING
  YESTERDAY        0                         2     -2        0
  MONTH TO DATE    1                        19    -18        1
  SINCE SEP 1      1                        19    -18        1
  SINCE JUL 1      1                        19    -18        1

 COOLING
  YESTERDAY        8                         3      5        1
  MONTH TO DATE  245                       202     43      197
  SINCE SEP 1    245                       202     43      197
  SINCE JAN 1   1444                      1483    -39     1384
..................................................................


WIND (MPH)
  HIGHEST WIND SPEED    10   HIGHEST WIND DIRECTION    NE (30)
  HIGHEST GUST SPEED    13   HIGHEST GUST DIRECTION     N (20)
  AVERAGE WIND SPEED     2.5


SKY COVER
  POSSIBLE SUNSHINE  MM
  AVERAGE SKY COVER  MM


WEATHER CONDITIONS
 THE FOLLOWING WEATHER WAS RECORDED YESTERDAY.
  LIGHT RAIN


RELATIVE HUMIDITY (PERCENT)
 HIGHEST    93           500 AM
 LOWEST     48           500 PM
 AVERAGE    71

..........................................................


THE KNOXVILLE CLIMATE NORMALS FOR TODAY
                         NORMAL    RECORD    YEAR
 MAXIMUM TEMPERATURE (F)   77        91      1941
 MINIMUM TEMPERATURE (F)   55        35      1888


SUNRISE AND SUNSET
SEPTEMBER 30 2014.....SUNRISE   730 AM EDT   SUNSET   721 PM EDT
OCTOBER  1 2014.......SUNRISE   731 AM EDT   SUNSET   720 PM EDT


-  INDICATES NEGATIVE NUMBERS.
R  INDICATES RECORD WAS SET OR TIED.
MM INDICATES DATA IS MISSING.
T  INDICATES TRACE AMOUNT.

&&

THIS MORNINGS LOW TEMPERATURE WAS 59 DEGREES.
THERE HAS BEEN NO PRECIPITATION SINCE MIDNIGHT.


$$
