833
CDUS44 KMRX 010835
CLITYS


CLIMATE REPORT
NATIONAL WEATHER SERVICE MORRISTOWN TN
435 AM EDT SUN MAY 1 2016


...................................

...THE KNOXVILLE    ASOS CLIMATE SUMMARY FOR APRIL 30 2016...

CLIMATE NORMAL PERIOD 1981 TO 2010
CLIMATE RECORD PERIOD 1871 TO 2016


WEATHER ITEM   OBSERVED TIME   RECORD YEAR NORMAL DEPARTURE LAST
                VALUE   (LST)  VALUE       VALUE  FROM      YEAR
                                                  NORMAL
..................................................................
TEMPERATURE (F)
 YESTERDAY
  MAXIMUM         75   1221 PM  92    1942  74      1       69
  MINIMUM         59    620 AM  35    1988  52      7       47
  AVERAGE         67                        63      4       58

PRECIPITATION (IN)
  YESTERDAY        0.50          2.05 1909   0.13   0.37     0.08
  MONTH TO DATE    2.38                      4.01  -1.63     4.14
  SINCE MAR 1      5.32                      8.35  -3.03     8.58
  SINCE JAN 1     15.20                     16.93  -1.73    15.72

SNOWFALL (IN)
  YESTERDAY        0.0                       0.0    0.0     MM
  MONTH TO DATE    0.0                       0.5   -0.5      0.0
  SINCE MAR 1      0.0                       1.4   -1.4       T
  SINCE JUL 1      5.2                       6.5   -1.3      9.3
  SNOW DEPTH       0

DEGREE DAYS
 HEATING
  YESTERDAY        0                         4     -4        7
  MONTH TO DATE  164                       219    -55      136
  SINCE MAR 1    470                       679   -209      550
  SINCE JUL 1   2903                      3575   -672     3815

 COOLING
  YESTERDAY        2                         2      0        0
  MONTH TO DATE   58                        32     26       23
  SINCE MAR 1     73                        37     36       25
  SINCE JAN 1     73                        37     36       25
..................................................................


WIND (MPH)
  HIGHEST WIND SPEED    18   HIGHEST WIND DIRECTION     W (280)
  HIGHEST GUST SPEED    24   HIGHEST GUST DIRECTION     W (280)
  AVERAGE WIND SPEED     5.4


SKY COVER
  POSSIBLE SUNSHINE  MM
  AVERAGE SKY COVER 0.8


WEATHER CONDITIONS
 THE FOLLOWING WEATHER WAS RECORDED YESTERDAY.
  THUNDERSTORM
  HEAVY RAIN
  RAIN
  LIGHT RAIN
  FOG


RELATIVE HUMIDITY (PERCENT)
 HIGHEST   100          1100 PM
 LOWEST     53          1100 AM
 AVERAGE    77

..........................................................


THE KNOXVILLE    ASOS CLIMATE NORMALS FOR TODAY
                         NORMAL    RECORD    YEAR
 MAXIMUM TEMPERATURE (F)   74        91      1951
 MINIMUM TEMPERATURE (F)   52        36      1996
                                             1908


SUNRISE AND SUNSET
MAY  1 2016...........SUNRISE   643 AM EDT   SUNSET   823 PM EDT
MAY  2 2016...........SUNRISE   642 AM EDT   SUNSET   824 PM EDT


-  INDICATES NEGATIVE NUMBERS.
R  INDICATES RECORD WAS SET OR TIED.
MM INDICATES DATA IS MISSING.
T  INDICATES TRACE AMOUNT.




$$
