000
CDUS43 KLOT 310633
CLIUGN


CLIMATE REPORT
NATIONAL WEATHER SERVICE CHICAGO IL
133 AM CDT TUE MAY 31 2016


...................................

...THE WAUKEGAN   CLIMATE SUMMARY FOR MAY 30 2016...

CLIMATE NORMAL PERIOD 1981 TO 2010
CLIMATE RECORD PERIOD 2000 TO 2016


WEATHER ITEM   OBSERVED TIME   RECORD YEAR NORMAL DEPARTURE LAST
                VALUE   (LST)  VALUE       VALUE  FROM      YEAR
                                                  NORMAL
..................................................................
TEMPERATURE (F)
 YESTERDAY
  MAXIMUM         81   1051 AM  90    2011  70     11       70
  MINIMUM         58   1159 PM  38    2001  49      9       43
  AVERAGE         70

PRECIPITATION (IN)
  YESTERDAY        0.00          1.06 2004   0.13  -0.13     0.18
  MONTH TO DATE    3.94                      3.89   0.05     3.98
  SINCE MAR 1     10.25                      9.69   0.56     8.86
  SINCE JAN 1     11.76                     12.74  -0.98     9.40

DEGREE DAYS
 HEATING
  YESTERDAY        0                         7     -7        8
  MONTH TO DATE  299                       304     -5      258
  SINCE MAR 1   1712                      1800    -88     1842
  SINCE JUL 1   6057                      6746   -689     7367

 COOLING
  YESTERDAY        5                         1      4        0
  MONTH TO DATE   42                        17     25       25
  SINCE MAR 1     42                        21     21       25
  SINCE JAN 1     42                        21     21       25
..................................................................


WIND (MPH)
  RESULTANT WIND SPEED   2   RESULTANT WIND DIRECTION  SE (120)
  HIGHEST WIND SPEED    12   HIGHEST WIND DIRECTION     E (110)
  HIGHEST GUST SPEED    14   HIGHEST GUST DIRECTION    SE (130)
  AVERAGE WIND SPEED     4.4


SKY COVER
  POSSIBLE SUNSHINE  MM
  AVERAGE SKY COVER 0.1


WEATHER CONDITIONS
 THE FOLLOWING WEATHER WAS RECORDED YESTERDAY.
  NO SIGNIFICANT WEATHER WAS OBSERVED.


RELATIVE HUMIDITY (PERCENT)
 HIGHEST    90
 LOWEST     45
 AVERAGE    68

..........................................................


THE WAUKEGAN   CLIMATE NORMALS FOR TODAY
                         NORMAL    RECORD    YEAR
 MAXIMUM TEMPERATURE (F)   70        85      2011
 MINIMUM TEMPERATURE (F)   49        39      2009


SUNRISE AND SUNSET
MAY 31 2016...........SUNRISE   517 AM CDT   SUNSET   822 PM CDT
JUNE  1 2016..........SUNRISE   517 AM CDT   SUNSET   822 PM CDT


-  INDICATES NEGATIVE NUMBERS.
R  INDICATES RECORD WAS SET OR TIED.
MM INDICATES DATA IS MISSING.
T  INDICATES TRACE AMOUNT.




$$
