000
CDUS43 KLOT 250634
CLIUGN


CLIMATE REPORT
NATIONAL WEATHER SERVICE CHICAGO IL
133 AM CDT SUN JUN 25 2017


...................................

...THE WAUKEGAN   CLIMATE SUMMARY FOR JUNE 24 2017...

CLIMATE NORMAL PERIOD 1981 TO 2010
CLIMATE RECORD PERIOD 2000 TO 2017


WEATHER ITEM   OBSERVED TIME   RECORD YEAR NORMAL DEPARTURE LAST
                VALUE   (LST)  VALUE       VALUE  FROM      YEAR
                                                  NORMAL
..................................................................
TEMPERATURE (F)
 YESTERDAY
  MAXIMUM         72    402 PM  95    2005  78     -6       79
  MINIMUM         53   1100 PM  46    2006  59     -6       61
  AVERAGE         63

PRECIPITATION (IN)
  YESTERDAY        T             1.24 2000   0.13  -0.13     0.00
  MONTH TO DATE    2.67                      3.29  -0.62     1.34
  SINCE JUN 1      2.67                      3.29  -0.62     1.34
  SINCE JAN 1     16.78                     16.15   0.63    13.28

DEGREE DAYS
 HEATING
  YESTERDAY        2                         1      1        0
  MONTH TO DATE   27                        80    -53       33
  SINCE JUN 1     27                        80    -53       33
  SINCE JUL 1   5828                      6831  -1003     6090

 COOLING
  YESTERDAY        0                         5     -5        5
  MONTH TO DATE  127                        71     56       95
  SINCE JUN 1    127                        71     56       95
  SINCE JAN 1    148                        96     52      139
..................................................................


WIND (MPH)
  RESULTANT WIND SPEED   3   RESULTANT WIND DIRECTION   W (290)
  HIGHEST WIND SPEED    15   HIGHEST WIND DIRECTION     W (290)
  HIGHEST GUST SPEED    26   HIGHEST GUST DIRECTION     W (280)
  AVERAGE WIND SPEED     6.7


SKY COVER
  POSSIBLE SUNSHINE  MM
  AVERAGE SKY COVER 0.3


WEATHER CONDITIONS
 THE FOLLOWING WEATHER WAS RECORDED YESTERDAY.
  NO SIGNIFICANT WEATHER WAS OBSERVED.


RELATIVE HUMIDITY (PERCENT)
 HIGHEST    89
 LOWEST     37
 AVERAGE    63

..........................................................


THE WAUKEGAN   CLIMATE NORMALS FOR TODAY
                         NORMAL    RECORD    YEAR
 MAXIMUM TEMPERATURE (F)   79        92      2003
 MINIMUM TEMPERATURE (F)   60        47      2004


SUNRISE AND SUNSET
JUNE 25 2017..........SUNRISE   516 AM CDT   SUNSET   833 PM CDT
JUNE 26 2017..........SUNRISE   516 AM CDT   SUNSET   833 PM CDT


-  INDICATES NEGATIVE NUMBERS.
R  INDICATES RECORD WAS SET OR TIED.
MM INDICATES DATA IS MISSING.
T  INDICATES TRACE AMOUNT.




$$
