000
CDUS43 KLOT 280639
CLIUGN


CLIMATE REPORT
NATIONAL WEATHER SERVICE CHICAGO IL
134 AM CDT FRI AUG 28 2015


...................................

...THE WAUKEGAN   CLIMATE SUMMARY FOR AUGUST 27 2015...

CLIMATE NORMAL PERIOD 1981 TO 2010
CLIMATE RECORD PERIOD 2000 TO 2015


WEATHER ITEM   OBSERVED TIME   RECORD YEAR NORMAL DEPARTURE LAST
                VALUE   (LST)  VALUE       VALUE  FROM      YEAR
                                                  NORMAL
..................................................................
TEMPERATURE (F)
 YESTERDAY
  MAXIMUM         70    256 PM  96    2013  78     -8       74
  MINIMUM         48R   435 AM  55    2008  60    -12       59
  AVERAGE         59

PRECIPITATION (IN)
  YESTERDAY        0.00          1.23 2009   0.12  -0.12     0.00
  MONTH TO DATE    3.09                      3.39  -0.30     3.61
  SINCE JUN 1     11.64                     11.15   0.49    12.01
  SINCE JAN 1     21.04                     24.01  -2.97    22.85

DEGREE DAYS
 HEATING
  YESTERDAY        6                         1      5        0
  MONTH TO DATE   21                         3     18        9
  SINCE JUN 1    169                       101     68      116
  SINCE JUL 1     66                        15     51       43

 COOLING
  YESTERDAY        0                         5     -5        2
  MONTH TO DATE  129                       152    -23      133
  SINCE JUN 1    337                       462   -125      317
  SINCE JAN 1    362                       487   -125      340
..................................................................


WIND (MPH)
  RESULTANT WIND SPEED   4   RESULTANT WIND DIRECTION  SE (130)
  HIGHEST WIND SPEED    12   HIGHEST WIND DIRECTION    SE (120)
  HIGHEST GUST SPEED    16   HIGHEST GUST DIRECTION    SE (120)
  AVERAGE WIND SPEED     4.0


SKY COVER
  POSSIBLE SUNSHINE  MM
  AVERAGE SKY COVER 0.0


WEATHER CONDITIONS
 THE FOLLOWING WEATHER WAS RECORDED YESTERDAY.
  FOG
  HAZE


RELATIVE HUMIDITY (PERCENT)
 HIGHEST   100
 LOWEST     57
 AVERAGE    79

..........................................................


THE WAUKEGAN   CLIMATE NORMALS FOR TODAY
                         NORMAL    RECORD    YEAR
 MAXIMUM TEMPERATURE (F)   78        91      2007
                                             2003
 MINIMUM TEMPERATURE (F)   60        55      2009


SUNRISE AND SUNSET
AUGUST 28 2015........SUNRISE   612 AM CDT   SUNSET   733 PM CDT
AUGUST 29 2015........SUNRISE   613 AM CDT   SUNSET   731 PM CDT


-  INDICATES NEGATIVE NUMBERS.
R  INDICATES RECORD WAS SET OR TIED.
MM INDICATES DATA IS MISSING.
T  INDICATES TRACE AMOUNT.




$$
