459
CDUS43 KLOT 080633
CLIUGN


CLIMATE REPORT
NATIONAL WEATHER SERVICE CHICAGO IL
1232 AM CST MON FEB 8 2016


...................................

...THE WAUKEGAN   CLIMATE SUMMARY FOR FEBRUARY 7 2016...

CLIMATE NORMAL PERIOD 1981 TO 2010
CLIMATE RECORD PERIOD 2000 TO 2016


WEATHER ITEM   OBSERVED TIME   RECORD YEAR NORMAL DEPARTURE LAST
                VALUE   (LST)  VALUE       VALUE  FROM      YEAR
                                                  NORMAL
..................................................................
TEMPERATURE (F)
 YESTERDAY
  MAXIMUM         42    352 PM  55    2009  31     11       43
  MINIMUM         32   1159 PM  -8    2014  16     16       15
  AVERAGE         37

PRECIPITATION (IN)
  YESTERDAY        0.00          0.16 2005   0.06  -0.06     0.00
  MONTH TO DATE    0.64                      0.37   0.27      T
  SINCE DEC 1      6.07                      3.76   2.31     1.34
  SINCE JAN 1      1.27                      1.76  -0.49     0.54

DEGREE DAYS
 HEATING
  YESTERDAY       28                        41    -13       36
  MONTH TO DATE  236                       293    -57      347
  SINCE DEC 1   2362                      2759   -397     2745
  SINCE JUL 1   3520                      4144   -624     4408

 COOLING
  YESTERDAY        0                         0      0        0
  MONTH TO DATE    0                         0      0        0
  SINCE DEC 1      0                         0      0        0
  SINCE JAN 1      0                         0      0        0
..................................................................


WIND (MPH)
  RESULTANT WIND SPEED  12   RESULTANT WIND DIRECTION  SW (220)
  HIGHEST WIND SPEED    25   HIGHEST WIND DIRECTION    SW (220)
  HIGHEST GUST SPEED    36   HIGHEST GUST DIRECTION    SW (220)
  AVERAGE WIND SPEED    12.5


SKY COVER
  POSSIBLE SUNSHINE  MM
  AVERAGE SKY COVER 0.3


WEATHER CONDITIONS
 THE FOLLOWING WEATHER WAS RECORDED YESTERDAY.
  NO SIGNIFICANT WEATHER WAS OBSERVED.


RELATIVE HUMIDITY (PERCENT)
 HIGHEST    85
 LOWEST     64
 AVERAGE    75

..........................................................


THE WAUKEGAN   CLIMATE NORMALS FOR TODAY
                         NORMAL    RECORD    YEAR
 MAXIMUM TEMPERATURE (F)   31        49      2001
 MINIMUM TEMPERATURE (F)   16        -4      2007


SUNRISE AND SUNSET
FEBRUARY  8 2016......SUNRISE   658 AM CST   SUNSET   514 PM CST
FEBRUARY  9 2016......SUNRISE   657 AM CST   SUNSET   515 PM CST


-  INDICATES NEGATIVE NUMBERS.
R  INDICATES RECORD WAS SET OR TIED.
MM INDICATES DATA IS MISSING.
T  INDICATES TRACE AMOUNT.




$$
