000
CDUS43 KLOT 180634
CLIUGN


CLIMATE REPORT
NATIONAL WEATHER SERVICE CHICAGO IL
1233 AM CST THU JAN 18 2018


...................................

...THE WAUKEGAN   CLIMATE SUMMARY FOR JANUARY 17 2018...

CLIMATE NORMAL PERIOD 1981 TO 2010
CLIMATE RECORD PERIOD 2000 TO 2018


WEATHER ITEM   OBSERVED TIME   RECORD YEAR NORMAL DEPARTURE LAST
                VALUE   (LST)  VALUE       VALUE  FROM      YEAR
                                                  NORMAL
..................................................................
TEMPERATURE (F)
 YESTERDAY
  MAXIMUM         MM        MM  43    2015  30     MM       39
  MINIMUM          6    738 AM  -3    2016  15     -9       34
  AVERAGE         MM                        23     MM       37

PRECIPITATION (IN)
  YESTERDAY        0.00          0.46 2017   0.05  -0.05     0.46
  MONTH TO DATE    0.23                      0.73  -0.50     1.58
  SINCE DEC 1      0.69                      2.73  -2.04     2.48
  SINCE JAN 1      0.23                      0.73  -0.50     1.58

DEGREE DAYS
 HEATING
  YESTERDAY       MM                        42     MM       28
  MONTH TO DATE  690                       705    -15      720
  SINCE DEC 1   1920                      1869     51     1956
  SINCE JUL 1   3150                      3254   -104     2843

 COOLING
  YESTERDAY       MM                         0     MM        0
  MONTH TO DATE    0                         0      0        0
  SINCE DEC 1      0                         0      0        0
  SINCE JAN 1      0                         0      0        0
..................................................................


WIND (MPH)
  RESULTANT WIND SPEED  10   RESULTANT WIND DIRECTION  SW (240)
  HIGHEST WIND SPEED    23   HIGHEST WIND DIRECTION    SW (230)
  HIGHEST GUST SPEED    38   HIGHEST GUST DIRECTION    SW (230)
  AVERAGE WIND SPEED    10.4


SKY COVER
  POSSIBLE SUNSHINE  MM
  AVERAGE SKY COVER 0.1


WEATHER CONDITIONS
 THE FOLLOWING WEATHER WAS RECORDED YESTERDAY.
  HAZE


RELATIVE HUMIDITY (PERCENT)
 HIGHEST    83
 LOWEST     52
 AVERAGE    68

..........................................................


THE WAUKEGAN   CLIMATE NORMALS FOR TODAY
                         NORMAL    RECORD    YEAR
 MAXIMUM TEMPERATURE (F)   30        44      2013
 MINIMUM TEMPERATURE (F)   15        -6      2016


SUNRISE AND SUNSET
JANUARY 18 2018.......SUNRISE   717 AM CST   SUNSET   448 PM CST
JANUARY 19 2018.......SUNRISE   716 AM CST   SUNSET   449 PM CST


-  INDICATES NEGATIVE NUMBERS.
R  INDICATES RECORD WAS SET OR TIED.
MM INDICATES DATA IS MISSING.
T  INDICATES TRACE AMOUNT.




$$
