000
CDUS43 KLOT 010639
CLIUGN


CLIMATE REPORT
NATIONAL WEATHER SERVICE CHICAGO IL
138 AM CDT MON SEP 1 2014


...................................

...THE WAUKEGAN   CLIMATE SUMMARY FOR AUGUST 31 2014...

CLIMATE NORMAL PERIOD 1981 TO 2010
CLIMATE RECORD PERIOD 2000 TO 2014


WEATHER ITEM   OBSERVED TIME   RECORD YEAR NORMAL DEPARTURE LAST
                VALUE   (LST)  VALUE       VALUE  FROM      YEAR
                                                  NORMAL
..................................................................
TEMPERATURE (F)
 YESTERDAY
  MAXIMUM         84   1205 PM  95    2012  77      7       76
  MINIMUM         64    538 AM  46    2009  59      5       63
  AVERAGE         74

PRECIPITATION (IN)
  YESTERDAY        0.00          0.11 2013   0.11  -0.11     0.11
  MONTH TO DATE    3.71                      3.83  -0.12     1.36
  SINCE JUN 1     12.11                     11.59   0.52     7.98
  SINCE JAN 1     22.95                     24.45  -1.50    21.84

DEGREE DAYS
 HEATING
  YESTERDAY        0                         1     -1        0
  MONTH TO DATE    9                         7      2       12
  SINCE JUN 1    116                       114      2      136
  SINCE JUL 1     43                        28     15       39

 COOLING
  YESTERDAY        9                         4      5        5
  MONTH TO DATE  164                       167     -3      166
  SINCE JUN 1    348                       477   -129      443
  SINCE JAN 1    371                       502   -131      490
..................................................................


WIND (MPH)
  RESULTANT WIND SPEED   4   RESULTANT WIND DIRECTION   S (170)
  HIGHEST WIND SPEED    14   HIGHEST WIND DIRECTION     S (180)
  HIGHEST GUST SPEED    18   HIGHEST GUST DIRECTION     S (180)
  AVERAGE WIND SPEED     5.8


SKY COVER
  POSSIBLE SUNSHINE  MM
  AVERAGE SKY COVER 0.1


WEATHER CONDITIONS
 THE FOLLOWING WEATHER WAS RECORDED YESTERDAY.
  FOG


RELATIVE HUMIDITY (PERCENT)
 HIGHEST    93
 LOWEST     47
 AVERAGE    70

..........................................................


THE WAUKEGAN   CLIMATE NORMALS FOR TODAY
                         NORMAL    RECORD    YEAR
 MAXIMUM TEMPERATURE (F)   77        87      2000
 MINIMUM TEMPERATURE (F)   59        43      2009


SUNRISE AND SUNSET
SEPTEMBER  1 2014.....SUNRISE   617 AM CDT   SUNSET   726 PM CDT
SEPTEMBER  2 2014.....SUNRISE   618 AM CDT   SUNSET   724 PM CDT


-  INDICATES NEGATIVE NUMBERS.
R  INDICATES RECORD WAS SET OR TIED.
MM INDICATES DATA IS MISSING.
T  INDICATES TRACE AMOUNT.




$$
