000
CDUS43 KLOT 230638
CLIUGN


CLIMATE REPORT
NATIONAL WEATHER SERVICE CHICAGO IL
137 AM CDT WED JUL 23 2014


...................................

...THE WAUKEGAN   CLIMATE SUMMARY FOR JULY 22 2014...

CLIMATE NORMAL PERIOD 1981 TO 2010
CLIMATE RECORD PERIOD 2000 TO 2014


WEATHER ITEM   OBSERVED TIME   RECORD YEAR NORMAL DEPARTURE LAST
                VALUE   (LST)  VALUE       VALUE  FROM      YEAR
                                                  NORMAL
..................................................................
TEMPERATURE (F)
 YESTERDAY
  MAXIMUM         89    249 PM  90    2010  80      9       84
  MINIMUM         66   1159 PM  50    2007  62      4       65
  AVERAGE         78

PRECIPITATION (IN)
  YESTERDAY        0.05          3.42 2011   0.13  -0.08     0.01
  MONTH TO DATE    0.96                      2.81  -1.85     1.75
  SINCE JUN 1      8.21                      6.69   1.52     6.00
  SINCE JAN 1     19.05                     19.55  -0.50    19.86

DEGREE DAYS
 HEATING
  YESTERDAY        0                         0      0        0
  MONTH TO DATE   24                         3     21        7
  SINCE JUN 1     97                        89      8      104
  SINCE JUL 1     24                         3     21        7

 COOLING
  YESTERDAY       13                         7      6       10
  MONTH TO DATE   79                       151    -72      180
  SINCE JUN 1    162                       256    -94      270
  SINCE JAN 1    185                       281    -96      317
..................................................................


WIND (MPH)
  RESULTANT WIND SPEED   8   RESULTANT WIND DIRECTION  SW (210)
  HIGHEST WIND SPEED    23   HIGHEST WIND DIRECTION     N (20)
  HIGHEST GUST SPEED    33   HIGHEST GUST DIRECTION     N (20)
  AVERAGE WIND SPEED    11.5


SKY COVER
  POSSIBLE SUNSHINE  MM
  AVERAGE SKY COVER 0.3


WEATHER CONDITIONS
 THE FOLLOWING WEATHER WAS RECORDED YESTERDAY.
  THUNDERSTORM
  FOG
  HAZE


RELATIVE HUMIDITY (PERCENT)
 HIGHEST    87
 LOWEST     55
 AVERAGE    71

..........................................................


THE WAUKEGAN   CLIMATE NORMALS FOR TODAY
                         NORMAL    RECORD    YEAR
 MAXIMUM TEMPERATURE (F)   80        96      2012
 MINIMUM TEMPERATURE (F)   62        51      2004
                                             2000


SUNRISE AND SUNSET
JULY 23 2014..........SUNRISE   535 AM CDT   SUNSET   820 PM CDT
JULY 24 2014..........SUNRISE   536 AM CDT   SUNSET   819 PM CDT


-  INDICATES NEGATIVE NUMBERS.
R  INDICATES RECORD WAS SET OR TIED.
MM INDICATES DATA IS MISSING.
T  INDICATES TRACE AMOUNT.




$$
