000
CDUS46 KSEW 310121
CLIUIL


CLIMATE REPORT
NATIONAL WEATHER SERVICE SEATTLE WA
620 PM PDT WED JUL 30 2014


...................................

...THE QUILLAYUTE WA AIRPORT CLIMATE SUMMARY FOR JULY 30 2014...
VALID TODAY AS OF 0600 PM LOCAL TIME.

CLIMATE NORMAL PERIOD 1981 TO 2010
CLIMATE RECORD PERIOD 1966 TO 2014


WEATHER ITEM   OBSERVED TIME   RECORD YEAR NORMAL DEPARTURE LAST
                VALUE   (LST)  VALUE       VALUE  FROM      YEAR
                                                  NORMAL
..................................................................
TEMPERATURE (F)
 TODAY
  MAXIMUM         76    119 PM  88    1968  69      7       67
  MINIMUM         49    426 AM  41    1986  51     -2       55
  AVERAGE         63                        60      3       61

PRECIPITATION (IN)
  TODAY            0.00          0.23 2006   0.05  -0.05     0.00
  MONTH TO DATE    0.82                      1.93  -1.11      T
  SINCE OCT 1     72.39                     93.18 -20.79   105.77
  SINCE JAN 1     55.16                     54.18   0.98    58.80

DEGREE DAYS
 HEATING
  TODAY            2                         5     -3        4
  MONTH TO DATE  133                       190    -57      109
  SINCE JUN 1    382                       484   -102      289
  SINCE JUL 1    133                       190    -57      109

 COOLING
  TODAY            0                         0      0        0
  MONTH TO DATE    6                         0      6        6
  SINCE JUN 1      6                         3      3       13
  SINCE JAN 1     10                         4      6       16
..................................................................


WIND (MPH)
  RESULTANT WIND SPEED   6   RESULTANT WIND DIRECTION  NW (330)
  HIGHEST WIND SPEED    16   HIGHEST WIND DIRECTION    NW (320)
  HIGHEST GUST SPEED    22   HIGHEST GUST DIRECTION     N (360)
  AVERAGE WIND SPEED     6.1


SKY COVER
  AVERAGE SKY COVER 0.3


WEATHER CONDITIONS
 THE FOLLOWING WEATHER WAS RECORDED TODAY.
  FOG


RELATIVE HUMIDITY (PERCENT)
 HIGHEST   100           600 AM
 LOWEST     37           500 PM
 AVERAGE    69

..........................................................


THE QUILLAYUTE WA AIRPORT CLIMATE NORMALS FOR TOMORROW
                         NORMAL    RECORD    YEAR
 MAXIMUM TEMPERATURE (F)   69        86      1968
 MINIMUM TEMPERATURE (F)   51        40      1997


SUNRISE AND SUNSET
JULY 30 2014..........SUNRISE   552 AM PDT   SUNSET   856 PM PDT
JULY 31 2014..........SUNRISE   553 AM PDT   SUNSET   855 PM PDT


-  INDICATES NEGATIVE NUMBERS.
R  INDICATES RECORD WAS SET OR TIED.
MM INDICATES DATA IS MISSING.
T  INDICATES TRACE AMOUNT.




$$
