000
CDUS46 KSEW 010127
CLIUIL


CLIMATE REPORT
NATIONAL WEATHER SERVICE SEATTLE WA
626 PM PDT TUE MAY 31 2016


...................................

...THE QUILLAYUTE WA AIRPORT CLIMATE SUMMARY FOR MAY 31 2016...
VALID TODAY AS OF 0600 PM LOCAL TIME.

CLIMATE NORMAL PERIOD 1981 TO 2010
CLIMATE RECORD PERIOD 1966 TO 2016


WEATHER ITEM   OBSERVED TIME   RECORD YEAR NORMAL DEPARTURE LAST
                VALUE   (LST)  VALUE       VALUE  FROM      YEAR
                                                  NORMAL
..................................................................
TEMPERATURE (F)
 TODAY
  MAXIMUM         72   1149 AM  83    1975  61     11       67
  MINIMUM         45    449 AM  33    1974  46     -1       49
  AVERAGE         59                        54      5       58

PRECIPITATION (IN)
  TODAY            0.00          0.99 1997   0.15  -0.15      T
  MONTH TO DATE    2.32                      5.11  -2.79     0.67
  SINCE OCT 1     95.81                     87.75   8.06    86.15
  SINCE JAN 1     51.83                     48.75   3.08    41.40

DEGREE DAYS
 HEATING
  TODAY            6                        12     -6        7
  MONTH TO DATE  350                       426    -76      359
  SINCE MAR 1   1266                      1623   -357     1418
  SINCE JUL 1   4389                      5468  -1079     4328

 COOLING
  TODAY            0                         0      0        0
  MONTH TO DATE    0                         1     -1        0
  SINCE MAR 1      0                         1     -1        0
  SINCE JAN 1      0                         1     -1        0
..................................................................


WIND (MPH)
  RESULTANT WIND SPEED   3   RESULTANT WIND DIRECTION   W (260)
  HIGHEST WIND SPEED    13   HIGHEST WIND DIRECTION     W (280)
  HIGHEST GUST SPEED    16   HIGHEST GUST DIRECTION     W (290)
  AVERAGE WIND SPEED     4.0


SKY COVER
  AVERAGE SKY COVER 0.0


WEATHER CONDITIONS
 THE FOLLOWING WEATHER WAS RECORDED TODAY.
  NO SIGNIFICANT WEATHER WAS OBSERVED.


RELATIVE HUMIDITY (PERCENT)
 HIGHEST    93           100 AM
 LOWEST     44          1200 PM
 AVERAGE    69

..........................................................


THE QUILLAYUTE WA AIRPORT CLIMATE NORMALS FOR TOMORROW
                         NORMAL    RECORD    YEAR
 MAXIMUM TEMPERATURE (F)   61        89      1970
 MINIMUM TEMPERATURE (F)   46        33      1976


SUNRISE AND SUNSET
MAY 31 2016...........SUNRISE   523 AM PDT   SUNSET   909 PM PDT
JUNE  1 2016..........SUNRISE   523 AM PDT   SUNSET   910 PM PDT


-  INDICATES NEGATIVE NUMBERS.
R  INDICATES RECORD WAS SET OR TIED.
MM INDICATES DATA IS MISSING.
T  INDICATES TRACE AMOUNT.




$$
