000
CDUS46 KSEW 240117
CLIUIL


CLIMATE REPORT
NATIONAL WEATHER SERVICE SEATTLE WA
616 PM PDT TUE AUG 23 2016


...................................

...THE QUILLAYUTE WA AIRPORT CLIMATE SUMMARY FOR AUGUST 23 2016...
VALID TODAY AS OF 0600 PM LOCAL TIME.

CLIMATE NORMAL PERIOD 1981 TO 2010
CLIMATE RECORD PERIOD 1966 TO 2016


WEATHER ITEM   OBSERVED TIME   RECORD YEAR NORMAL DEPARTURE LAST
                VALUE   (LST)  VALUE       VALUE  FROM      YEAR
                                                  NORMAL
..................................................................
TEMPERATURE (F)
 TODAY
  MAXIMUM         76        MM  85    1988  69      7       73
                                      1985
  MINIMUM         43        MM  39    1973  50     -7       47
  AVERAGE         60                        59      1       60

PRECIPITATION (IN)
  TODAY            0.00          1.11 1978   0.09  -0.09     0.00
  MONTH TO DATE    0.30                      1.68  -1.38     0.21
  SINCE OCT 1    101.80                     94.91   6.89    87.53
  SINCE JAN 1     57.82                     55.91   1.91    42.78

DEGREE DAYS
 HEATING
  TODAY            5                         6     -1        5
  MONTH TO DATE   94                       126    -32       53
  SINCE JUN 1    498                       614   -116      314
  SINCE JUL 1    249                       320    -71      124

 COOLING
  TODAY            0                         0      0        0
  MONTH TO DATE   26                         0     26       25
  SINCE JUN 1     37                        10     27       55
  SINCE JAN 1     37                        11     26       55
..................................................................


WIND (MPH)
  RESULTANT WIND SPEED   4   RESULTANT WIND DIRECTION   W (290)
  HIGHEST WIND SPEED    14   HIGHEST WIND DIRECTION    NW (320)
  HIGHEST GUST SPEED    20   HIGHEST GUST DIRECTION    NW (320)
  AVERAGE WIND SPEED     5.1


SKY COVER
  AVERAGE SKY COVER 0.2


WEATHER CONDITIONS
 THE FOLLOWING WEATHER WAS RECORDED TODAY.
  FOG


RELATIVE HUMIDITY (PERCENT)
 HIGHEST   100           200 AM
 LOWEST     43           200 PM
 AVERAGE    72

..........................................................


THE QUILLAYUTE WA AIRPORT CLIMATE NORMALS FOR TOMORROW
                         NORMAL    RECORD    YEAR
 MAXIMUM TEMPERATURE (F)   69        89      1982
 MINIMUM TEMPERATURE (F)   50        39      1973


SUNRISE AND SUNSET
AUGUST 23 2016........SUNRISE   625 AM PDT   SUNSET   815 PM PDT
AUGUST 24 2016........SUNRISE   626 AM PDT   SUNSET   813 PM PDT


-  INDICATES NEGATIVE NUMBERS.
R  INDICATES RECORD WAS SET OR TIED.
MM INDICATES DATA IS MISSING.
T  INDICATES TRACE AMOUNT.




$$
