000
CDUS46 KSEW 240829
CLIUIL


CLIMATE REPORT
NATIONAL WEATHER SERVICE SEATTLE WA
127 AM PDT SUN MAY 24 2015


...................................

...THE QUILLAYUTE WA AIRPORT CLIMATE SUMMARY FOR MAY 23 2015...

CLIMATE NORMAL PERIOD 1981 TO 2010
CLIMATE RECORD PERIOD 1966 TO 2015


WEATHER ITEM   OBSERVED TIME   RECORD YEAR NORMAL DEPARTURE LAST
                VALUE   (LST)  VALUE       VALUE  FROM      YEAR
                                                  NORMAL
..................................................................
TEMPERATURE (F)
 YESTERDAY
  MAXIMUM         56    229 PM  81    1983  61     -5       60
  MINIMUM         50   1159 PM  33    1987  44      6       52
  AVERAGE         53                        52      1       56

PRECIPITATION (IN)
  YESTERDAY        T             3.52 1973   0.15  -0.15     0.27
  MONTH TO DATE    0.65                      3.90  -3.25     3.48
  SINCE OCT 1     86.13                     86.54  -0.41    68.99
  SINCE JAN 1     41.38                     47.54  -6.16    51.76

DEGREE DAYS
 HEATING
  YESTERDAY       12                        13     -1        9
  MONTH TO DATE  283                       330    -47      224
  SINCE MAR 1   1342                      1527   -185     1312
  SINCE JUL 1   4252                      5372  -1120     4506

 COOLING
  YESTERDAY        0                         0      0        0
  MONTH TO DATE    0                         0      0        2
  SINCE MAR 1      0                         0      0        4
  SINCE JAN 1      0                         0      0        4
..................................................................


WIND (MPH)
  RESULTANT WIND SPEED   3   RESULTANT WIND DIRECTION   W (280)
  HIGHEST WIND SPEED    10   HIGHEST WIND DIRECTION     W (260)
  HIGHEST GUST SPEED    13   HIGHEST GUST DIRECTION    SW (230)
  AVERAGE WIND SPEED     3.8


SKY COVER
  AVERAGE SKY COVER 1.0


WEATHER CONDITIONS
 THE FOLLOWING WEATHER WAS RECORDED YESTERDAY.
  LIGHT RAIN
  FOG


RELATIVE HUMIDITY (PERCENT)
 HIGHEST   100          1200 AM
 LOWEST     83           100 PM
 AVERAGE    92

..........................................................


THE QUILLAYUTE WA AIRPORT CLIMATE NORMALS FOR TODAY
                         NORMAL    RECORD    YEAR
 MAXIMUM TEMPERATURE (F)   61        83      1993
 MINIMUM TEMPERATURE (F)   45        33      2000


SUNRISE AND SUNSET
MAY 24 2015...........SUNRISE   530 AM PDT   SUNSET   901 PM PDT
MAY 25 2015...........SUNRISE   529 AM PDT   SUNSET   902 PM PDT


-  INDICATES NEGATIVE NUMBERS.
R  INDICATES RECORD WAS SET OR TIED.
MM INDICATES DATA IS MISSING.
T  INDICATES TRACE AMOUNT.




$$
