584
CDUS46 KSEW 230119
CLIUIL


CLIMATE REPORT
NATIONAL WEATHER SERVICE SEATTLE WA
619 PM PDT TUE AUG 22 2017


...................................

...THE QUILLAYUTE WA AIRPORT CLIMATE SUMMARY FOR AUGUST 22 2017...
VALID TODAY AS OF 0600 PM LOCAL TIME.

CLIMATE NORMAL PERIOD 1981 TO 2010
CLIMATE RECORD PERIOD 1966 TO 2017


WEATHER ITEM   OBSERVED TIME   RECORD YEAR NORMAL DEPARTURE LAST
                VALUE   (LST)  VALUE       VALUE  FROM      YEAR
                                                  NORMAL
..................................................................
TEMPERATURE (F)
 TODAY
  MAXIMUM         73   1141 AM  87    1988  69      4       64
  MINIMUM         52    548 AM  38    1987  50      2       47
                                      1985
                                      1973
  AVERAGE         63                        59      4       56

PRECIPITATION (IN)
  TODAY            0.00          3.22 2011   0.08  -0.08     0.00
  MONTH TO DATE    0.41                      1.59  -1.18     0.30
  SINCE OCT 1    127.48                     94.82  32.66   101.80
  SINCE JAN 1     67.55                     55.82  11.73    57.82

DEGREE DAYS
 HEATING
  TODAY            2                         6     -4        9
  MONTH TO DATE   87                       120    -33       89
  SINCE JUN 1    539                       608    -69      493
  SINCE JUL 1    271                       314    -43      244

 COOLING
  TODAY            0                         0      0        0
  MONTH TO DATE   28                         0     28       26
  SINCE JUN 1     39                        10     29       37
  SINCE JAN 1     39                        11     28       37
..................................................................


WIND (MPH)
  RESULTANT WIND SPEED   3   RESULTANT WIND DIRECTION   W (270)
  HIGHEST WIND SPEED    16   HIGHEST WIND DIRECTION     W (280)
  HIGHEST GUST SPEED    22   HIGHEST GUST DIRECTION     W (280)
  AVERAGE WIND SPEED     4.3


SKY COVER
  AVERAGE SKY COVER 0.3


WEATHER CONDITIONS
 THE FOLLOWING WEATHER WAS RECORDED TODAY.
  FOG


RELATIVE HUMIDITY (PERCENT)
 HIGHEST   100           400 AM
 LOWEST     61           200 PM
 AVERAGE    81

..........................................................


THE QUILLAYUTE WA AIRPORT CLIMATE NORMALS FOR TOMORROW
                         NORMAL    RECORD    YEAR
 MAXIMUM TEMPERATURE (F)   69        85      1988
                                             1985
 MINIMUM TEMPERATURE (F)   50        39      1973


SUNRISE AND SUNSET
AUGUST 22 2017........SUNRISE   623 AM PDT   SUNSET   818 PM PDT
AUGUST 23 2017........SUNRISE   625 AM PDT   SUNSET   816 PM PDT


-  INDICATES NEGATIVE NUMBERS.
R  INDICATES RECORD WAS SET OR TIED.
MM INDICATES DATA IS MISSING.
T  INDICATES TRACE AMOUNT.




$$
