000
CDUS46 KSEW 040827
CLIUIL


CLIMATE REPORT
NATIONAL WEATHER SERVICE SEATTLE WA
1226 AM PST WED MAR 4 2015


...................................

...THE QUILLAYUTE WA AIRPORT CLIMATE SUMMARY FOR MARCH 3 2015...

CLIMATE NORMAL PERIOD 1981 TO 2010
CLIMATE RECORD PERIOD 1966 TO 2015


WEATHER ITEM   OBSERVED TIME   RECORD YEAR NORMAL DEPARTURE LAST
                VALUE   (LST)  VALUE       VALUE  FROM      YEAR
                                                  NORMAL
..................................................................
TEMPERATURE (F)
 YESTERDAY
  MAXIMUM         56   1239 PM  61    2005  50      6       48
  MINIMUM         28    656 AM  19    1989  36     -8       40
  AVERAGE         42                        43     -1       44

PRECIPITATION (IN)
  YESTERDAY        0.00          1.80 2000   0.37  -0.37     0.80
  MONTH TO DATE    0.11                      1.11  -1.00     1.76
  SINCE OCT 1     64.69                     65.07  -0.38    41.56
  SINCE JAN 1     19.94                     26.07  -6.13    24.33

DEGREE DAYS
 HEATING
  YESTERDAY       23                        22      1       21
  MONTH TO DATE   70                        66      4       56
  SINCE MAR 1     70                        66      4       56
  SINCE JUL 1   2980                      3911   -931     3250

 COOLING
  YESTERDAY        0                         0      0        0
  MONTH TO DATE    0                         0      0        0
  SINCE MAR 1      0                         0      0        0
  SINCE JAN 1      0                         0      0        0
..................................................................


WIND (MPH)
  RESULTANT WIND SPEED   1   RESULTANT WIND DIRECTION   W (260)
  HIGHEST WIND SPEED    14   HIGHEST WIND DIRECTION     W (250)
  HIGHEST GUST SPEED    16   HIGHEST GUST DIRECTION    SW (240)
  AVERAGE WIND SPEED     3.2


SKY COVER
  AVERAGE SKY COVER 0.0


WEATHER CONDITIONS
 THE FOLLOWING WEATHER WAS RECORDED YESTERDAY.
  NO SIGNIFICANT WEATHER WAS OBSERVED.


RELATIVE HUMIDITY (PERCENT)
 HIGHEST   100           200 AM
 LOWEST     32           100 PM
 AVERAGE    66

..........................................................


THE QUILLAYUTE WA AIRPORT CLIMATE NORMALS FOR TODAY
                         NORMAL    RECORD    YEAR
 MAXIMUM TEMPERATURE (F)   50        61      2007
 MINIMUM TEMPERATURE (F)   36        25      1976


SUNRISE AND SUNSET
MARCH  4 2015.........SUNRISE   654 AM PST   SUNSET   607 PM PST
MARCH  5 2015.........SUNRISE   652 AM PST   SUNSET   609 PM PST


-  INDICATES NEGATIVE NUMBERS.
R  INDICATES RECORD WAS SET OR TIED.
MM INDICATES DATA IS MISSING.
T  INDICATES TRACE AMOUNT.




$$
