000
CDUS46 KSEW 160830
CLIUIL


CLIMATE REPORT
NATIONAL WEATHER SERVICE SEATTLE WA
130 AM PDT TUE SEP 16 2014


...................................

...THE QUILLAYUTE WA AIRPORT CLIMATE SUMMARY FOR SEPTEMBER 15 2014...

CLIMATE NORMAL PERIOD 1981 TO 2010
CLIMATE RECORD PERIOD 1966 TO 2014


WEATHER ITEM   OBSERVED TIME   RECORD YEAR NORMAL DEPARTURE LAST
                VALUE   (LST)  VALUE       VALUE  FROM      YEAR
                                                  NORMAL
..................................................................
TEMPERATURE (F)
 YESTERDAY
  MAXIMUM         87   1155 AM  90    1967  67     20       65
  MINIMUM         44    612 AM  31    1992  47     -3       59
  AVERAGE         66                        57      9       62

PRECIPITATION (IN)
  YESTERDAY        0.00          1.01 2002   0.12  -0.12     0.22
                                      1997
  MONTH TO DATE    0.15                      1.62  -1.47     0.31
  SINCE OCT 1     73.23                     97.34 -24.11   109.10
  SINCE JAN 1     56.00                     58.34  -2.34    62.13

DEGREE DAYS
 HEATING
  YESTERDAY        0                         8     -8        3
  MONTH TO DATE   63                       109    -46       15
  SINCE SEP 1     63                       109    -46       15
  SINCE JUL 1    313                       478   -165      187

 COOLING
  YESTERDAY        1                         0      1        0
  MONTH TO DATE    7                         0      7       14
  SINCE SEP 1      7                         0      7       14
  SINCE JAN 1     25                        17      8       39
..................................................................


WIND (MPH)
  RESULTANT WIND SPEED   1   RESULTANT WIND DIRECTION  SW (240)
  HIGHEST WIND SPEED    10   HIGHEST WIND DIRECTION    SW (240)
  HIGHEST GUST SPEED    16   HIGHEST GUST DIRECTION     S (190)
  AVERAGE WIND SPEED     3.0


SKY COVER
  AVERAGE SKY COVER 0.1


WEATHER CONDITIONS
 THE FOLLOWING WEATHER WAS RECORDED YESTERDAY.
  FOG


RELATIVE HUMIDITY (PERCENT)
 HIGHEST   100          1100 PM
 LOWEST     21          1200 PM
 AVERAGE    61

..........................................................


THE QUILLAYUTE WA AIRPORT CLIMATE NORMALS FOR TODAY
                         NORMAL    RECORD    YEAR
 MAXIMUM TEMPERATURE (F)   66        84      1991
 MINIMUM TEMPERATURE (F)   47        33      1992


SUNRISE AND SUNSET
SEPTEMBER 16 2014.....SUNRISE   657 AM PDT   SUNSET   728 PM PDT
SEPTEMBER 17 2014.....SUNRISE   658 AM PDT   SUNSET   726 PM PDT


-  INDICATES NEGATIVE NUMBERS.
R  INDICATES RECORD WAS SET OR TIED.
MM INDICATES DATA IS MISSING.
T  INDICATES TRACE AMOUNT.




$$
