000
CDUS46 KSEW 181730 CCA
CLIUIL

CLIMATE REPORT...CORRECTED
NATIONAL WEATHER SERVICE SEATTLE WA
930 AM PST WED JAN 18 2017


...................................

...THE QUILLAYUTE WA AIRPORT CLIMATE SUMMARY FOR JANUARY 17 2017...

CLIMATE NORMAL PERIOD 1981 TO 2010
CLIMATE RECORD PERIOD 1966 TO 2017


WEATHER ITEM   OBSERVED TIME   RECORD YEAR NORMAL DEPARTURE LAST
                VALUE   (LST)  VALUE       VALUE  FROM      YEAR
                                                  NORMAL
..................................................................
TEMPERATURE (F)
 YESTERDAY
  MAXIMUM         53   1204 AM  64    2014  47      6       54
  MINIMUM         45    511 AM  15    1984  36      9       47
  AVERAGE         49                        42      7       51

PRECIPITATION (IN)
  YESTERDAY        2.73          4.54 2005   0.50   2.23     0.42
  MONTH TO DATE    4.12                      8.26  -4.14     5.05
  SINCE OCT 1     64.05                     47.26  16.79    49.03
  SINCE JAN 1      4.12                      8.26  -4.14     5.05

DEGREE DAYS
 HEATING
  YESTERDAY       16                        23     -7       14
  MONTH TO DATE  513                       403    110      389
  SINCE DEC 1   1374                      1167    207     1057
  SINCE JUL 1   2801                      2881    -80     2368

 COOLING
  YESTERDAY        0                         0      0        0
  MONTH TO DATE    0                         0      0        0
  SINCE DEC 1      0                         0      0        0
  SINCE JAN 1      0                         0      0        0
..................................................................


WIND (MPH)
  RESULTANT WIND SPEED  16   RESULTANT WIND DIRECTION   S (170)
  HIGHEST WIND SPEED    25   HIGHEST WIND DIRECTION    SE (150)
  HIGHEST GUST SPEED    43   HIGHEST GUST DIRECTION     S (160)
  AVERAGE WIND SPEED    15.6


SKY COVER
  AVERAGE SKY COVER 1.0


WEATHER CONDITIONS
 THE FOLLOWING WEATHER WAS RECORDED YESTERDAY.
  HEAVY RAIN
  RAIN
  LIGHT RAIN
  FOG


RELATIVE HUMIDITY (PERCENT)
 HIGHEST   100          1100 AM
 LOWEST     38          1200 AM
 AVERAGE    69

..........................................................


THE QUILLAYUTE WA AIRPORT CLIMATE NORMALS FOR TODAY
                         NORMAL    RECORD    YEAR
 MAXIMUM TEMPERATURE (F)   47        65      1981
 MINIMUM TEMPERATURE (F)   36        16      1984


SUNRISE AND SUNSET
JANUARY 18 2017.......SUNRISE   800 AM PST   SUNSET   458 PM PST
JANUARY 19 2017.......SUNRISE   759 AM PST   SUNSET   459 PM PST


-  INDICATES NEGATIVE NUMBERS.
R  INDICATES RECORD WAS SET OR TIED.
MM INDICATES DATA IS MISSING.
T  INDICATES TRACE AMOUNT.




$$
