000
CDUS46 KSEW 190142
CLIUIL


CLIMATE REPORT
NATIONAL WEATHER SERVICE SEATTLE WA
541 PM PST THU JAN 18 2018


...................................

...THE QUILLAYUTE WA AIRPORT CLIMATE SUMMARY FOR JANUARY 18 2018...
VALID TODAY AS OF 0500 PM LOCAL TIME.

CLIMATE NORMAL PERIOD 1981 TO 2010
CLIMATE RECORD PERIOD 1966 TO 2018


WEATHER ITEM   OBSERVED TIME   RECORD YEAR NORMAL DEPARTURE LAST
                VALUE   (LST)  VALUE       VALUE  FROM      YEAR
                                                  NORMAL
..................................................................
TEMPERATURE (F)
 TODAY
  MAXIMUM         52   1154 AM  65    1981  47      5       50
  MINIMUM         44    523 PM  16    1984  36      8       45
  AVERAGE         48                        42      6       48

PRECIPITATION (IN)
  TODAY            0.06          7.16 1968   0.50  -0.44     2.53
  MONTH TO DATE    6.95                      8.76  -1.81     6.65
  SINCE OCT 1     45.17                     47.76  -2.59    66.58
  SINCE JAN 1      6.95                      8.76  -1.81     6.65

DEGREE DAYS
 HEATING
  TODAY           17                        23     -6       17
  MONTH TO DATE  355                       426    -71      530
  SINCE DEC 1   1117                      1190    -73     1391
  SINCE JUL 1   2651                      2904   -253     2818

 COOLING
  TODAY            0                         0      0        0
  MONTH TO DATE    0                         0      0        0
  SINCE DEC 1      0                         0      0        0
  SINCE JAN 1      0                         0      0        0
..................................................................


WIND (MPH)
  RESULTANT WIND SPEED  16   RESULTANT WIND DIRECTION   S (190)
  HIGHEST WIND SPEED    24   HIGHEST WIND DIRECTION    SW (210)
  HIGHEST GUST SPEED    35   HIGHEST GUST DIRECTION    SW (210)
  AVERAGE WIND SPEED    MM


SKY COVER
  AVERAGE SKY COVER 0.9


WEATHER CONDITIONS
 THE FOLLOWING WEATHER WAS RECORDED TODAY.
  THUNDERSTORM
  LIGHT RAIN


RELATIVE HUMIDITY (PERCENT)
 HIGHEST    80           300 AM
 LOWEST     61           500 AM
 AVERAGE    71

..........................................................


THE QUILLAYUTE WA AIRPORT CLIMATE NORMALS FOR TOMORROW
                         NORMAL    RECORD    YEAR
 MAXIMUM TEMPERATURE (F)   47        62      2009
                                             2005
                                             1981
 MINIMUM TEMPERATURE (F)   36        18      1984


SUNRISE AND SUNSET
JANUARY 18 2018.......SUNRISE   801 AM PST   SUNSET   457 PM PST
JANUARY 19 2018.......SUNRISE   800 AM PST   SUNSET   459 PM PST


-  INDICATES NEGATIVE NUMBERS.
R  INDICATES RECORD WAS SET OR TIED.
MM INDICATES DATA IS MISSING.
T  INDICATES TRACE AMOUNT.




$$
