000
CDUS46 KSEW 300827
CLIUIL


CLIMATE REPORT
NATIONAL WEATHER SERVICE SEATTLE WA
126 AM PDT TUE JUN 30 2015


...................................

...THE QUILLAYUTE WA AIRPORT CLIMATE SUMMARY FOR JUNE 29 2015...

CLIMATE NORMAL PERIOD 1981 TO 2010
CLIMATE RECORD PERIOD 1966 TO 2015


WEATHER ITEM   OBSERVED TIME   RECORD YEAR NORMAL DEPARTURE LAST
                VALUE   (LST)  VALUE       VALUE  FROM      YEAR
                                                  NORMAL
..................................................................
TEMPERATURE (F)
 YESTERDAY
  MAXIMUM         70    132 PM  92    1995  65      5       66
  MINIMUM         54    436 AM  38    1971  49      5       51
  AVERAGE         62                        57      5       59

PRECIPITATION (IN)
  YESTERDAY        0.00          1.14 2012   0.09  -0.09     0.23
  MONTH TO DATE    0.20                      3.41  -3.21     2.15
  SINCE OCT 1     86.35                     91.16  -4.81    71.57
  SINCE JAN 1     41.60                     52.16 -10.56    54.34

DEGREE DAYS
 HEATING
  YESTERDAY        3                         8     -5        6
  MONTH TO DATE  188                       286    -98      247
  SINCE JUN 1    188                       286    -98      247
  SINCE JUL 1   4516                      5754  -1238     4850

 COOLING
  YESTERDAY        0                         0      0        0
  MONTH TO DATE   13                         0     13        0
  SINCE JUN 1     13                         0     13        0
  SINCE JAN 1     13                         1     12        4
..................................................................


WIND (MPH)
  RESULTANT WIND SPEED   4   RESULTANT WIND DIRECTION   S (200)
  HIGHEST WIND SPEED    15   HIGHEST WIND DIRECTION     S (200)
  HIGHEST GUST SPEED    20   HIGHEST GUST DIRECTION    SW (210)
  AVERAGE WIND SPEED     5.7


SKY COVER
  AVERAGE SKY COVER 0.8


WEATHER CONDITIONS
 THE FOLLOWING WEATHER WAS RECORDED YESTERDAY.
  FOG
  FOG W/VISIBILITY <= 1/4 MILE


RELATIVE HUMIDITY (PERCENT)
 HIGHEST   100          1200 AM
 LOWEST     76           100 PM
 AVERAGE    88

..........................................................


THE QUILLAYUTE WA AIRPORT CLIMATE NORMALS FOR TODAY
                         NORMAL    RECORD    YEAR
 MAXIMUM TEMPERATURE (F)   65        86      1995
 MINIMUM TEMPERATURE (F)   49        39      1975


SUNRISE AND SUNSET
JUNE 30 2015..........SUNRISE   522 AM PDT   SUNSET   921 PM PDT
JULY  1 2015..........SUNRISE   523 AM PDT   SUNSET   921 PM PDT


-  INDICATES NEGATIVE NUMBERS.
R  INDICATES RECORD WAS SET OR TIED.
MM INDICATES DATA IS MISSING.
T  INDICATES TRACE AMOUNT.




$$
