000
CDUS46 KSEW 280832
CLIUIL


CLIMATE REPORT
NATIONAL WEATHER SERVICE SEATTLE WA
131 AM PDT THU APR 28 2016


...................................

...THE QUILLAYUTE WA AIRPORT CLIMATE SUMMARY FOR APRIL 27 2016...

CLIMATE NORMAL PERIOD 1981 TO 2010
CLIMATE RECORD PERIOD 1966 TO 2016


WEATHER ITEM   OBSERVED TIME   RECORD YEAR NORMAL DEPARTURE LAST
                VALUE   (LST)  VALUE       VALUE  FROM      YEAR
                                                  NORMAL
..................................................................
TEMPERATURE (F)
 YESTERDAY
  MAXIMUM         59    250 PM  73    1976  57      2       71
  MINIMUM         40   1155 PM  29    1999  40      0       51
                                      1970
  AVERAGE         50                        48      2       61

PRECIPITATION (IN)
  YESTERDAY        0.00          2.04 1981   0.22  -0.22     0.28
  MONTH TO DATE    2.21                      7.23  -5.02     5.85
  SINCE OCT 1     93.49                     82.02  11.47    85.14
  SINCE JAN 1     49.51                     43.02   6.49    40.39

DEGREE DAYS
 HEATING
  YESTERDAY       15                        17     -2        4
  MONTH TO DATE  346                       499   -153      477
  SINCE MAR 1    874                      1147   -273     1015
  SINCE JUL 1   3997                      4992   -995     3925

 COOLING
  YESTERDAY        0                         0      0        0
  MONTH TO DATE    0                         0      0        0
  SINCE MAR 1      0                         0      0        0
  SINCE JAN 1      0                         0      0        0
..................................................................


WIND (MPH)
  RESULTANT WIND SPEED   3   RESULTANT WIND DIRECTION  NW (300)
  HIGHEST WIND SPEED    14   HIGHEST WIND DIRECTION     W (270)
  HIGHEST GUST SPEED    18   HIGHEST GUST DIRECTION     W (280)
  AVERAGE WIND SPEED     4.4


SKY COVER
  AVERAGE SKY COVER 0.4


WEATHER CONDITIONS
 THE FOLLOWING WEATHER WAS RECORDED YESTERDAY.
  NO SIGNIFICANT WEATHER WAS OBSERVED.


RELATIVE HUMIDITY (PERCENT)
 HIGHEST   100          1200 AM
 LOWEST     55          1200 PM
 AVERAGE    78

..........................................................


THE QUILLAYUTE WA AIRPORT CLIMATE NORMALS FOR TODAY
                         NORMAL    RECORD    YEAR
 MAXIMUM TEMPERATURE (F)   57        72      1976
 MINIMUM TEMPERATURE (F)   40        31      1999


SUNRISE AND SUNSET
APRIL 28 2016.........SUNRISE   604 AM PDT   SUNSET   828 PM PDT
APRIL 29 2016.........SUNRISE   602 AM PDT   SUNSET   829 PM PDT


-  INDICATES NEGATIVE NUMBERS.
R  INDICATES RECORD WAS SET OR TIED.
MM INDICATES DATA IS MISSING.
T  INDICATES TRACE AMOUNT.




$$
