000
CDUS43 KLSX 182227
CLIUIN


CLIMATE REPORT
NATIONAL WEATHER SERVICE ST LOUIS MO
526 PM CDT THU SEP 18 2014


...................................

...THE QUINCY IL CLIMATE SUMMARY FOR SEPTEMBER 18 2014...
VALID TODAY AS OF 0500 PM LOCAL TIME.

CLIMATE NORMAL PERIOD 1981 TO 2010
CLIMATE RECORD PERIOD 1901 TO 2014


WEATHER ITEM   OBSERVED TIME   RECORD YEAR NORMAL DEPARTURE LAST
                VALUE   (LST)  VALUE       VALUE  FROM      YEAR
                                                  NORMAL
..................................................................
TEMPERATURE (F)
 TODAY
  MAXIMUM         74    246 PM  98    1925  76     -2       88
  MINIMUM         48    530 AM  33    1901  55     -7       63
  AVERAGE         61                        65     -4       76

PRECIPITATION (IN)
  TODAY            0.00          2.26 1975   0.10  -0.10      T
  MONTH TO DATE    6.14                      1.96   4.18     0.86
  SINCE SEP 1      6.14                      1.96   4.18     0.86
  SINCE JAN 1     31.76                     27.71   4.05    28.96

DEGREE DAYS
 HEATING
  TODAY            4                         3      1
  MONTH TO DATE   74                        26     48
  SINCE SEP 1     74                        26     48
  SINCE JUL 1     79                        31     48

 COOLING
  TODAY            0                         3     -3
  MONTH TO DATE   49                        95    -46
  SINCE SEP 1     49                        95    -46
  SINCE JAN 1    978                      1048    -70
..................................................................


WIND (MPH)
  HIGHEST WIND SPEED    14   HIGHEST WIND DIRECTION    SE (120)
  HIGHEST GUST SPEED    22   HIGHEST GUST DIRECTION     E (110)
  AVERAGE WIND SPEED     6.3


SKY COVER
  AVERAGE SKY COVER 0.2



RELATIVE HUMIDITY (PERCENT)
 HIGHEST   100          1200 AM
 LOWEST     41           400 PM
 AVERAGE    71

..........................................................


THE QUINCY IL CLIMATE NORMALS FOR TOMORROW
                         NORMAL    RECORD    YEAR
 MAXIMUM TEMPERATURE (F)   76        95      1972
                                             1947
                                             1925
 MINIMUM TEMPERATURE (F)   54        35      1991


SUNRISE AND SUNSET
SEPTEMBER 18 2014.....SUNRISE   649 AM CDT   SUNSET   708 PM CDT
SEPTEMBER 19 2014.....SUNRISE   650 AM CDT   SUNSET   707 PM CDT


-  INDICATES NEGATIVE NUMBERS.
R  INDICATES RECORD WAS SET OR TIED.
MM INDICATES DATA IS MISSING.
T  INDICATES TRACE AMOUNT.




$$
