000
CDUS43 KLSX 261027
CLIUIN


CLIMATE REPORT
NATIONAL WEATHER SERVICE ST LOUIS MO
527 AM CDT WED JUL 26 2017


...................................

...THE QUINCY IL CLIMATE SUMMARY FOR JULY 25 2017...

CLIMATE NORMAL PERIOD 1981 TO 2010
CLIMATE RECORD PERIOD 1901 TO 2017


WEATHER ITEM   OBSERVED TIME   RECORD YEAR NORMAL DEPARTURE LAST
                VALUE   (LST)  VALUE       VALUE  FROM      YEAR
                                                  NORMAL
..................................................................
TEMPERATURE (F)
 YESTERDAY
  MAXIMUM         89    356 PM 109    1934  86      3       86
  MINIMUM         65    550 AM  53    1911  66     -1       71
  AVERAGE         77                        76      1

PRECIPITATION (IN)
  YESTERDAY        0.00          2.07 1948   0.13  -0.13     0.00
  MONTH TO DATE    0.58                      3.32  -2.74     5.25
  SINCE JUN 1      4.01                      7.31  -3.30     6.27
  SINCE JAN 1     20.79                     21.40  -0.61    14.95

DEGREE DAYS
 HEATING
  YESTERDAY        0                         0      0
  MONTH TO DATE    0                         0      0
  SINCE JUN 1      4                        16    -12
  SINCE JUL 1      0                         0      0

 COOLING
  YESTERDAY       12                        11      1
  MONTH TO DATE  365                       275     90
  SINCE JUN 1    636                       502    134
  SINCE JAN 1    745                       588    157
..................................................................


WIND (MPH)
  HIGHEST WIND SPEED    14   HIGHEST WIND DIRECTION    SE (130)
  HIGHEST GUST SPEED    17   HIGHEST GUST DIRECTION    SE (130)
  AVERAGE WIND SPEED     7.7


SKY COVER
  AVERAGE SKY COVER 0.1



RELATIVE HUMIDITY (PERCENT)
 HIGHEST    93           300 AM
 LOWEST     46           200 PM
 AVERAGE    70

..........................................................


THE QUINCY IL CLIMATE NORMALS FOR TODAY
                         NORMAL    RECORD    YEAR
 MAXIMUM TEMPERATURE (F)   86       107      1934
 MINIMUM TEMPERATURE (F)   66        51      1962


SUNRISE AND SUNSET
JULY 26 2017..........SUNRISE   558 AM CDT   SUNSET   824 PM CDT
JULY 27 2017..........SUNRISE   559 AM CDT   SUNSET   823 PM CDT


-  INDICATES NEGATIVE NUMBERS.
R  INDICATES RECORD WAS SET OR TIED.
MM INDICATES DATA IS MISSING.
T  INDICATES TRACE AMOUNT.




$$
