785
CDUS43 KLSX 030732
CLIUIN


CLIMATE REPORT
NATIONAL WEATHER SERVICE ST LOUIS MO
132 AM CST SAT DEC 3 2016


...................................

...THE QUINCY IL CLIMATE SUMMARY FOR DECEMBER 2 2016...

CLIMATE NORMAL PERIOD 1981 TO 2010
CLIMATE RECORD PERIOD 1901 TO 2016


WEATHER ITEM   OBSERVED TIME   RECORD YEAR NORMAL DEPARTURE LAST
                VALUE   (LST)  VALUE       VALUE  FROM      YEAR
                                                  NORMAL
..................................................................
TEMPERATURE (F)
 YESTERDAY
  MAXIMUM         45    312 PM  67    1982  42      3       37
                                      1962
  MINIMUM         26    615 AM   0    1929  26      0       30
  AVERAGE         36                        34      2

PRECIPITATION (IN)
  YESTERDAY        0.00          4.60 1982   0.09  -0.09      T
  MONTH TO DATE    0.00                      0.18  -0.18     0.02
  SINCE DEC 1      0.00                      0.18  -0.18     0.02
  SINCE JAN 1     29.85                     35.26  -5.41    33.69

DEGREE DAYS
 HEATING
  YESTERDAY       29                        31     -2
  MONTH TO DATE   57                        61     -4
  SINCE DEC 1     57                        61     -4
  SINCE JUL 1    745                      1161   -416

 COOLING
  YESTERDAY        0                         0      0
  MONTH TO DATE    0                         0      0
  SINCE DEC 1      0                         0      0
  SINCE JAN 1   1472                      1094    378
..................................................................


WIND (MPH)
  HIGHEST WIND SPEED    12   HIGHEST WIND DIRECTION    NW (300)
  HIGHEST GUST SPEED    20   HIGHEST GUST DIRECTION     W (280)
  AVERAGE WIND SPEED     4.6


SKY COVER
  AVERAGE SKY COVER 0.7



RELATIVE HUMIDITY (PERCENT)
 HIGHEST    92           500 AM
 LOWEST     58           200 PM
 AVERAGE    75

..........................................................


THE QUINCY IL CLIMATE NORMALS FOR TODAY
                         NORMAL    RECORD    YEAR
 MAXIMUM TEMPERATURE (F)   42        74      2012
 MINIMUM TEMPERATURE (F)   26         1      1929


SUNRISE AND SUNSET
DECEMBER  3 2016......SUNRISE   710 AM CST   SUNSET   440 PM CST
DECEMBER  4 2016......SUNRISE   711 AM CST   SUNSET   440 PM CST


-  INDICATES NEGATIVE NUMBERS.
R  INDICATES RECORD WAS SET OR TIED.
MM INDICATES DATA IS MISSING.
T  INDICATES TRACE AMOUNT.




$$
