000
CDUS43 KLSX 270728
CLIUIN


CLIMATE REPORT
NATIONAL WEATHER SERVICE ST LOUIS MO
227 AM CDT MON MAR 27 2017


...................................

...THE QUINCY IL CLIMATE SUMMARY FOR MARCH 26 2017...

CLIMATE NORMAL PERIOD 1981 TO 2010
CLIMATE RECORD PERIOD 1901 TO 2017


WEATHER ITEM   OBSERVED TIME   RECORD YEAR NORMAL DEPARTURE LAST
                VALUE   (LST)  VALUE       VALUE  FROM      YEAR
                                                  NORMAL
..................................................................
TEMPERATURE (F)
 YESTERDAY
  MAXIMUM         55    128 AM  82    1991  56     -1       59
                                      1910
  MINIMUM         47   1159 PM   4    1955  36     11       35
  AVERAGE         51                        46      5

PRECIPITATION (IN)
  YESTERDAY        0.12          1.02 1906   0.08   0.04     0.00
  MONTH TO DATE    1.26                      2.01  -0.75     0.78
  SINCE MAR 1      1.26                      2.01  -0.75     0.78
  SINCE JAN 1      3.31                      5.41  -2.10     1.40

DEGREE DAYS
 HEATING
  YESTERDAY       14                        19     -5
  MONTH TO DATE  542                       628    -86
  SINCE MAR 1    542                       628    -86
  SINCE JUL 1   3983                      4970   -987

 COOLING
  YESTERDAY        0                         0      0
  MONTH TO DATE    0                         0      0
  SINCE MAR 1      0                         0      0
  SINCE JAN 1      0                         0      0
..................................................................


WIND (MPH)
  HIGHEST WIND SPEED    16   HIGHEST WIND DIRECTION     W (250)
  HIGHEST GUST SPEED    21   HIGHEST GUST DIRECTION    SW (240)
  AVERAGE WIND SPEED     9.4


SKY COVER
  AVERAGE SKY COVER 1.0



RELATIVE HUMIDITY (PERCENT)
 HIGHEST   100           300 AM
 LOWEST     77           500 PM
 AVERAGE    89

..........................................................


THE QUINCY IL CLIMATE NORMALS FOR TODAY
                         NORMAL    RECORD    YEAR
 MAXIMUM TEMPERATURE (F)   56        86      1945
 MINIMUM TEMPERATURE (F)   36        16      1965


SUNRISE AND SUNSET
MARCH 27 2017.........SUNRISE   656 AM CDT   SUNSET   724 PM CDT
MARCH 28 2017.........SUNRISE   655 AM CDT   SUNSET   725 PM CDT


-  INDICATES NEGATIVE NUMBERS.
R  INDICATES RECORD WAS SET OR TIED.
MM INDICATES DATA IS MISSING.
T  INDICATES TRACE AMOUNT.




$$
