000
CDUS43 KLSX 300729
CLIUIN


CLIMATE REPORT
NATIONAL WEATHER SERVICE ST LOUIS MO
228 AM CDT SAT AUG 30 2014


...................................

...THE QUINCY IL CLIMATE SUMMARY FOR AUGUST 29 2014...

CLIMATE NORMAL PERIOD 1981 TO 2010
CLIMATE RECORD PERIOD 1901 TO 2014


WEATHER ITEM   OBSERVED TIME   RECORD YEAR NORMAL DEPARTURE LAST
                VALUE   (LST)  VALUE       VALUE  FROM      YEAR
                                                  NORMAL
..................................................................
TEMPERATURE (F)
 YESTERDAY
  MAXIMUM         88    245 PM 103    1984  83      5       97
  MINIMUM         70    423 PM  43    1986  62      8       70
  AVERAGE         79                        73      6

PRECIPITATION (IN)
  YESTERDAY        0.62          2.99 1955   0.12   0.50     0.00
  MONTH TO DATE    6.12                      3.40   2.72     0.01
  SINCE JUN 1     17.16                     11.43   5.73     2.86
  SINCE JAN 1     25.57                     25.52   0.05    28.10

DEGREE DAYS
 HEATING
  YESTERDAY        0                         0      0
  MONTH TO DATE    0                         0      0
  SINCE JUN 1      9                        16     -7
  SINCE JUL 1      5                         0      5

 COOLING
  YESTERDAY       14                         8      6
  MONTH TO DATE  295                       282     13
  SINCE JUN 1    760                       852    -92
  SINCE JAN 1    903                       938    -35
..................................................................


WIND (MPH)
  HIGHEST WIND SPEED    38   HIGHEST WIND DIRECTION    SW (240)
  HIGHEST GUST SPEED    45   HIGHEST GUST DIRECTION    SW (240)
  AVERAGE WIND SPEED     8.8


SKY COVER
  AVERAGE SKY COVER 0.0



RELATIVE HUMIDITY (PERCENT)
 HIGHEST    93           200 AM
 LOWEST     40           100 PM
 AVERAGE    67

..........................................................


THE QUINCY IL CLIMATE NORMALS FOR TODAY
                         NORMAL    RECORD    YEAR
 MAXIMUM TEMPERATURE (F)   83       106      1947
 MINIMUM TEMPERATURE (F)   62        46      1911


SUNRISE AND SUNSET
AUGUST 30 2014........SUNRISE   631 AM CDT   SUNSET   739 PM CDT
AUGUST 31 2014........SUNRISE   632 AM CDT   SUNSET   738 PM CDT


-  INDICATES NEGATIVE NUMBERS.
R  INDICATES RECORD WAS SET OR TIED.
MM INDICATES DATA IS MISSING.
T  INDICATES TRACE AMOUNT.




$$
