000
CDUS43 KLSX 300752
CLIUIN


CLIMATE REPORT
NATIONAL WEATHER SERVICE ST LOUIS MO
250 AM CDT SAT JUL 30 2016


...................................

...THE QUINCY IL CLIMATE SUMMARY FOR JULY 29 2016...

CLIMATE NORMAL PERIOD 1981 TO 2010
CLIMATE RECORD PERIOD 1901 TO 2016


WEATHER ITEM   OBSERVED TIME   RECORD YEAR NORMAL DEPARTURE LAST
                VALUE   (LST)  VALUE       VALUE  FROM      YEAR
                                                  NORMAL
..................................................................
TEMPERATURE (F)
 YESTERDAY
  MAXIMUM         82    307 PM 105    1931  86     -4       85
  MINIMUM         65    445 AM  50    2013  66     -1       68
  AVERAGE         74                        76     -2

PRECIPITATION (IN)
  YESTERDAY        0.00          1.73 1901   0.11  -0.11      T
  MONTH TO DATE    6.70                      3.79   2.91     9.42
  SINCE JUN 1      7.72                      7.78  -0.06    17.95
  SINCE JAN 1     16.40                     21.87  -5.47    26.63

DEGREE DAYS
 HEATING
  YESTERDAY        0                         0      0
  MONTH TO DATE    6                         0      6
  SINCE JUN 1      6                        16    -10
  SINCE JUL 1      6                         0      6

 COOLING
  YESTERDAY        9                        11     -2
  MONTH TO DATE  357                       319     38
  SINCE JUN 1    714                       546    168
  SINCE JAN 1    818                       632    186
..................................................................


WIND (MPH)
  HIGHEST WIND SPEED    14   HIGHEST WIND DIRECTION    NW (330)
  HIGHEST GUST SPEED    17   HIGHEST GUST DIRECTION    NW (310)
  AVERAGE WIND SPEED     5.9


SKY COVER
  AVERAGE SKY COVER 0.1



RELATIVE HUMIDITY (PERCENT)
 HIGHEST   100           200 AM
 LOWEST     67           100 PM
 AVERAGE    84

..........................................................


THE QUINCY IL CLIMATE NORMALS FOR TODAY
                         NORMAL    RECORD    YEAR
 MAXIMUM TEMPERATURE (F)   86       106      1931
 MINIMUM TEMPERATURE (F)   66        48      1971


SUNRISE AND SUNSET
JULY 30 2016..........SUNRISE   602 AM CDT   SUNSET   820 PM CDT
JULY 31 2016..........SUNRISE   603 AM CDT   SUNSET   819 PM CDT


-  INDICATES NEGATIVE NUMBERS.
R  INDICATES RECORD WAS SET OR TIED.
MM INDICATES DATA IS MISSING.
T  INDICATES TRACE AMOUNT.




$$
