000
CDUS43 KLSX 300733
CLIUIN


CLIMATE REPORT
NATIONAL WEATHER SERVICE ST LOUIS MO
231 AM CDT TUE MAY 30 2017


...................................

...THE QUINCY IL CLIMATE SUMMARY FOR MAY 29 2017...

CLIMATE NORMAL PERIOD 1981 TO 2010
CLIMATE RECORD PERIOD 1901 TO 2017


WEATHER ITEM   OBSERVED TIME   RECORD YEAR NORMAL DEPARTURE LAST
                VALUE   (LST)  VALUE       VALUE  FROM      YEAR
                                                  NORMAL
..................................................................
TEMPERATURE (F)
 YESTERDAY
  MAXIMUM         78    447 PM  96    1926  77      1       84
  MINIMUM         54    454 AM  38    1947  57     -3       61
  AVERAGE         66                        67     -1

PRECIPITATION (IN)
  YESTERDAY        0.00          1.87 1924   0.15  -0.15      T
  MONTH TO DATE    4.73                      4.23   0.50     3.64
  SINCE MAR 1     14.72                     10.38   4.34     8.06
  SINCE JAN 1     16.77                     13.78   2.99     8.68

DEGREE DAYS
 HEATING
  YESTERDAY        0                         2     -2
  MONTH TO DATE  122                       132    -10
  SINCE MAR 1    992                      1220   -228
  SINCE JUL 1   4433                      5562  -1129

 COOLING
  YESTERDAY        1                         4     -3
  MONTH TO DATE   76                        59     17
  SINCE MAR 1    108                        77     31
  SINCE JAN 1    108                        77     31
..................................................................


WIND (MPH)
  HIGHEST WIND SPEED    20   HIGHEST WIND DIRECTION     W (290)
  HIGHEST GUST SPEED    23   HIGHEST GUST DIRECTION    NW (300)
  AVERAGE WIND SPEED     9.0


SKY COVER
  AVERAGE SKY COVER 0.2



RELATIVE HUMIDITY (PERCENT)
 HIGHEST    93           500 AM
 LOWEST     29           500 PM
 AVERAGE    61

..........................................................


THE QUINCY IL CLIMATE NORMALS FOR TODAY
                         NORMAL    RECORD    YEAR
 MAXIMUM TEMPERATURE (F)   77       103      1934
 MINIMUM TEMPERATURE (F)   57        42      1965
                                             1947


SUNRISE AND SUNSET
MAY 30 2017...........SUNRISE   539 AM CDT   SUNSET   826 PM CDT
MAY 31 2017...........SUNRISE   539 AM CDT   SUNSET   827 PM CDT


-  INDICATES NEGATIVE NUMBERS.
R  INDICATES RECORD WAS SET OR TIED.
MM INDICATES DATA IS MISSING.
T  INDICATES TRACE AMOUNT.




$$
