000
CDUS46 KEKA 271209
CLIUKI


CLIMATE REPORT
NATIONAL WEATHER SERVICE EUREKA CA
509 AM PDT TUE JUN 27 2017


...................................

...THE UKIAH CA CLIMATE SUMMARY FOR JUNE 26 2017...

CLIMATE NORMAL PERIOD 1981 TO 2010
CLIMATE RECORD PERIOD 1903 TO 2017


WEATHER ITEM   OBSERVED TIME   RECORD YEAR NORMAL DEPARTURE LAST
                VALUE   (LST)  VALUE       VALUE  FROM      YEAR
                                                  NORMAL
..................................................................
TEMPERATURE (F)
 YESTERDAY
  MAXIMUM         82    413 PM 109    1918  86     -4       98
  MINIMUM         57    256 AM  40    1953  55      2       53
  AVERAGE         70                        70      0       76

PRECIPITATION (IN)
  YESTERDAY        0.00          0.14 1941   0.01  -0.01     0.00
  MONTH TO DATE    0.04                      0.32  -0.28     0.36
  SINCE OCT 1     51.62                     36.74  14.88    36.52
  SINCE JAN 1     34.51                     23.36  11.15    24.31

SNOWFALL (IN)
  YESTERDAY        0.0          MM      MM  MM     MM        0.0
  MONTH TO DATE    0.0                      MM     MM        0.0
  SINCE JUN 1      0.0                      MM     MM        0.0
  SINCE JUL 1      0.0                      MM     MM        0.0
  SNOW DEPTH       0

DEGREE DAYS
 HEATING
  YESTERDAY        0                         0      0        0
  MONTH TO DATE   25                        31     -6       22
  SINCE JUN 1     25                        31     -6       22
  SINCE JUL 1   2891                      3117   -226     2557

 COOLING
  YESTERDAY        5                         6     -1       11
  MONTH TO DATE  209                        86    123      142
  SINCE JUN 1    209                        86    123      142
  SINCE JAN 1    303                       138    165      207
..................................................................


WIND (MPH)
  HIGHEST WIND SPEED    14   HIGHEST WIND DIRECTION     N (360)
  HIGHEST GUST SPEED    20   HIGHEST GUST DIRECTION     N (360)
  AVERAGE WIND SPEED     5.8


SKY COVER
  AVERAGE SKY COVER 0.3


WEATHER CONDITIONS
 THE FOLLOWING WEATHER WAS RECORDED YESTERDAY.
  FOG


RELATIVE HUMIDITY (PERCENT)
 HIGHEST    93
 LOWEST     42
 AVERAGE    68

..........................................................


THE UKIAH CA CLIMATE NORMALS FOR TODAY
                         NORMAL    RECORD    YEAR
 MAXIMUM TEMPERATURE (F)   87       110      1918
 MINIMUM TEMPERATURE (F)   55        41      1927


SUNRISE AND SUNSET
JUNE 27 2017..........SUNRISE   549 AM PDT   SUNSET   843 PM PDT
JUNE 28 2017..........SUNRISE   549 AM PDT   SUNSET   843 PM PDT


-  INDICATES NEGATIVE NUMBERS.
R  INDICATES RECORD WAS SET OR TIED.
MM INDICATES DATA IS MISSING.
T  INDICATES TRACE AMOUNT.




$$
