000
CDUS46 KEKA 221210
CLIUKI


CLIMATE REPORT
NATIONAL WEATHER SERVICE EUREKA CA
510 AM PDT FRI AUG 22 2014


...................................

...THE UKIAH CA CLIMATE SUMMARY FOR AUGUST 21 2014...

CLIMATE NORMAL PERIOD 1981 TO 2010
CLIMATE RECORD PERIOD 1903 TO 2014


WEATHER ITEM   OBSERVED TIME   RECORD YEAR NORMAL DEPARTURE LAST
                VALUE   (LST)  VALUE       VALUE  FROM      YEAR
                                                  NORMAL
..................................................................
TEMPERATURE (F)
 YESTERDAY
  MAXIMUM         93    154 PM 106    1942  91      2       90
  MINIMUM         57    531 AM  40    1910  53      4       58
  AVERAGE         75                        72      3       74

PRECIPITATION (IN)
  YESTERDAY        0.00          0.48 1968   0.00   0.00     0.00
  MONTH TO DATE    0.01                      0.02  -0.01     0.00
  SINCE JUL 1      0.01                      0.06  -0.05     0.03
  SINCE JAN 1     16.64                     23.44  -6.80     5.61

SNOWFALL (IN)
  YESTERDAY        0.0          MM      MM  MM     MM        0.0
  MONTH TO DATE    0.0                      MM     MM        0.0
  SINCE JUN 1      0.0                      MM     MM        0.0
  SINCE JUL 1      0.0                      MM     MM        0.0
  SNOW DEPTH       0

DEGREE DAYS
 HEATING
  YESTERDAY        0                         0      0        0
  MONTH TO DATE    0                         0      0        0
  SINCE JUN 1      2                        33    -31       18
  SINCE JUL 1      0                         1     -1        0

 COOLING
  YESTERDAY       10                         7      3        9
  MONTH TO DATE  208                       172     36      178
  SINCE JUN 1    812                       563    249      727
  SINCE JAN 1    901                       615    286      786
..................................................................


WIND (MPH)
  HIGHEST WIND SPEED    15   HIGHEST WIND DIRECTION    NW (330)
  HIGHEST GUST SPEED    21   HIGHEST GUST DIRECTION    NW (310)
  AVERAGE WIND SPEED     3.6


SKY COVER
  AVERAGE SKY COVER 0.0


WEATHER CONDITIONS
 THE FOLLOWING WEATHER WAS RECORDED YESTERDAY.
  NO SIGNIFICANT WEATHER WAS OBSERVED.


RELATIVE HUMIDITY (PERCENT)
 HIGHEST    87
 LOWEST     24
 AVERAGE    56

..........................................................


THE UKIAH CA CLIMATE NORMALS FOR TODAY
                         NORMAL    RECORD    YEAR
 MAXIMUM TEMPERATURE (F)   91       111      1911
 MINIMUM TEMPERATURE (F)   53        42      1906


SUNRISE AND SUNSET
AUGUST 22 2014........SUNRISE   632 AM PDT   SUNSET   758 PM PDT
AUGUST 23 2014........SUNRISE   633 AM PDT   SUNSET   757 PM PDT


-  INDICATES NEGATIVE NUMBERS.
R  INDICATES RECORD WAS SET OR TIED.
MM INDICATES DATA IS MISSING.
T  INDICATES TRACE AMOUNT.




$$
