000
CDUS46 KEKA 281217
CLIUKI


CLIMATE REPORT
NATIONAL WEATHER SERVICE EUREKA CA
514 AM PDT TUE JUL 28 2015


...................................

...THE UKIAH CA CLIMATE SUMMARY FOR JULY 27 2015...

CLIMATE NORMAL PERIOD 1981 TO 2010
CLIMATE RECORD PERIOD 1903 TO 2015


WEATHER ITEM   OBSERVED TIME   RECORD YEAR NORMAL DEPARTURE LAST
                VALUE   (LST)  VALUE       VALUE  FROM      YEAR
                                                  NORMAL
..................................................................
TEMPERATURE (F)
 YESTERDAY
  MAXIMUM         96    243 PM 111    1923  94      2      104
  MINIMUM         56    537 AM  44    1924  55      1       66
  AVERAGE         76                        75      1       85

PRECIPITATION (IN)
  YESTERDAY        0.00          T    2010   0.00   0.00     0.00
  MONTH TO DATE    0.13                      0.04   0.09      T
  SINCE OCT 1     26.00                     36.80 -10.80    17.97
  SINCE JAN 1      8.23                     23.42 -15.19    16.63

SNOWFALL (IN)
  YESTERDAY        0.0          MM      MM  MM     MM        0.0
  MONTH TO DATE    0.0                      MM     MM        0.0
  SINCE JUN 1      0.0                      MM     MM        0.0
  SINCE JUL 1      0.0                      MM     MM        0.0
  SNOW DEPTH       0

DEGREE DAYS
 HEATING
  YESTERDAY        0                         0      0        0
  MONTH TO DATE    1                         0      1        0
  SINCE JUN 1      5                        32    -27        2
  SINCE JUL 1      1                         0      1        0

 COOLING
  YESTERDAY       11                        10      1       20
  MONTH TO DATE  261                       243     18      315
  SINCE JUN 1    552                       355    197      536
  SINCE JAN 1    600                       407    193      625
..................................................................


WIND (MPH)
  HIGHEST WIND SPEED    16   HIGHEST WIND DIRECTION    NW (300)
  HIGHEST GUST SPEED    22   HIGHEST GUST DIRECTION    NW (320)
  AVERAGE WIND SPEED     4.4


SKY COVER
  AVERAGE SKY COVER 0.0


WEATHER CONDITIONS
 THE FOLLOWING WEATHER WAS RECORDED YESTERDAY.
  NO SIGNIFICANT WEATHER WAS OBSERVED.


RELATIVE HUMIDITY (PERCENT)
 HIGHEST    72
 LOWEST     15
 AVERAGE    44

..........................................................


THE UKIAH CA CLIMATE NORMALS FOR TODAY
                         NORMAL    RECORD    YEAR
 MAXIMUM TEMPERATURE (F)   94       111      1923
 MINIMUM TEMPERATURE (F)   55        43      1924


SUNRISE AND SUNSET
JULY 28 2015..........SUNRISE   610 AM PDT   SUNSET   828 PM PDT
JULY 29 2015..........SUNRISE   610 AM PDT   SUNSET   828 PM PDT


-  INDICATES NEGATIVE NUMBERS.
R  INDICATES RECORD WAS SET OR TIED.
MM INDICATES DATA IS MISSING.
T  INDICATES TRACE AMOUNT.




$$
