000
CDUS46 KEKA 221210
CLIUKI


CLIMATE REPORT
NATIONAL WEATHER SERVICE EUREKA CA
409 AM PST WED FEB 22 2017


...................................

...THE UKIAH CA CLIMATE SUMMARY FOR FEBRUARY 21 2017...

CLIMATE NORMAL PERIOD 1981 TO 2010
CLIMATE RECORD PERIOD 1903 TO 2017


WEATHER ITEM   OBSERVED TIME   RECORD YEAR NORMAL DEPARTURE LAST
                VALUE   (LST)  VALUE       VALUE  FROM      YEAR
                                                  NORMAL
..................................................................
TEMPERATURE (F)
 YESTERDAY
  MAXIMUM         53    134 PM  79    1995  61     -8       65
  MINIMUM         43   1159 PM  26    1975  39      4       33
  AVERAGE         48                        50     -2       49

PRECIPITATION (IN)
  YESTERDAY        0.23          2.01 1998   0.27  -0.04     0.00
  MONTH TO DATE   12.06                      4.77   7.29     2.17
  SINCE OCT 1     44.09                     25.16  18.93    25.16
  SINCE JAN 1     26.98                     11.78  15.20    12.95

SNOWFALL (IN)
  YESTERDAY       MM            MM      MM  MM     MM        0.0
  MONTH TO DATE    0.0                      MM     MM        0.0
  SINCE DEC 1      0.0                      MM     MM        0.0
  SINCE JUL 1      0.0                      MM     MM        0.0
  SNOW DEPTH       0

DEGREE DAYS
 HEATING
  YESTERDAY       17                        15      2       16
  MONTH TO DATE  251                       333    -82      238
  SINCE DEC 1   1472                      1510    -38     1337
  SINCE JUL 1   2009                      2133   -124     1860

 COOLING
  YESTERDAY        0                         0      0        0
  MONTH TO DATE    0                         0      0        0
  SINCE DEC 1      0                         0      0        0
  SINCE JAN 1      0                         0      0        0
..................................................................


WIND (MPH)
  HIGHEST WIND SPEED    14   HIGHEST WIND DIRECTION     S (200)
  HIGHEST GUST SPEED    20   HIGHEST GUST DIRECTION     S (180)
  AVERAGE WIND SPEED     3.4


SKY COVER
  AVERAGE SKY COVER 0.9


WEATHER CONDITIONS
 THE FOLLOWING WEATHER WAS RECORDED YESTERDAY.
  RAIN
  LIGHT RAIN
  FOG


RELATIVE HUMIDITY (PERCENT)
 HIGHEST    93
 LOWEST     74
 AVERAGE    84

..........................................................


THE UKIAH CA CLIMATE NORMALS FOR TODAY
                         NORMAL    RECORD    YEAR
 MAXIMUM TEMPERATURE (F)   61        78      1995
 MINIMUM TEMPERATURE (F)   39        20      1920


SUNRISE AND SUNSET
FEBRUARY 22 2017......SUNRISE   655 AM PST   SUNSET   558 PM PST
FEBRUARY 23 2017......SUNRISE   653 AM PST   SUNSET   559 PM PST


-  INDICATES NEGATIVE NUMBERS.
R  INDICATES RECORD WAS SET OR TIED.
MM INDICATES DATA IS MISSING.
T  INDICATES TRACE AMOUNT.




$$
