762
CDUS46 KEKA 191211
CLIUKI


CLIMATE REPORT
NATIONAL WEATHER SERVICE EUREKA CA
409 AM PST THU JAN 19 2017


...................................

...THE UKIAH CA CLIMATE SUMMARY FOR JANUARY 18 2017...

CLIMATE NORMAL PERIOD 1981 TO 2010
CLIMATE RECORD PERIOD 1903 TO 2017


WEATHER ITEM   OBSERVED TIME   RECORD YEAR NORMAL DEPARTURE LAST
                VALUE   (LST)  VALUE       VALUE  FROM      YEAR
                                                  NORMAL
..................................................................
TEMPERATURE (F)
 YESTERDAY
  MAXIMUM         51    539 PM  76    1920  57     -6       57
  MINIMUM         45    523 AM  17    1917  37      8       47
  AVERAGE         48                        47      1       52

PRECIPITATION (IN)
  YESTERDAY        1.90          1.97 1996   0.15   1.75     0.02
  MONTH TO DATE   10.59                      5.40   5.19     7.81
  SINCE OCT 1     27.70                     18.78   8.92    20.02
  SINCE JAN 1     10.59                      5.40   5.19     7.81

SNOWFALL (IN)
  YESTERDAY       MM            MM      MM  MM     MM       MM
  MONTH TO DATE    0.0                      MM     MM        0.0
  SINCE DEC 1      0.0                      MM     MM        0.0
  SINCE JUL 1      0.0                      MM     MM        0.0
  SNOW DEPTH       0

DEGREE DAYS
 HEATING
  YESTERDAY       17                        18     -1       13
  MONTH TO DATE  345                       340      5      323
  SINCE DEC 1    982                       947     35      924
  SINCE JUL 1   1519                      1570    -51     1447

 COOLING
  YESTERDAY        0                         0      0        0
  MONTH TO DATE    0                         0      0        0
  SINCE DEC 1      0                         0      0        0
  SINCE JAN 1      0                         0      0        0
..................................................................


WIND (MPH)
  HIGHEST WIND SPEED    22   HIGHEST WIND DIRECTION     S (160)
  HIGHEST GUST SPEED    33   HIGHEST GUST DIRECTION    SE (140)
  AVERAGE WIND SPEED     8.4


SKY COVER
  AVERAGE SKY COVER 1.0


WEATHER CONDITIONS
 THE FOLLOWING WEATHER WAS RECORDED YESTERDAY.
  HEAVY RAIN
  RAIN
  LIGHT RAIN
  FOG


RELATIVE HUMIDITY (PERCENT)
 HIGHEST    93
 LOWEST     71
 AVERAGE    82

..........................................................


THE UKIAH CA CLIMATE NORMALS FOR TODAY
                         NORMAL    RECORD    YEAR
 MAXIMUM TEMPERATURE (F)   57        74      1975
 MINIMUM TEMPERATURE (F)   37        15      1922


SUNRISE AND SUNSET
JANUARY 19 2017.......SUNRISE   728 AM PST   SUNSET   519 PM PST
JANUARY 20 2017.......SUNRISE   728 AM PST   SUNSET   520 PM PST


-  INDICATES NEGATIVE NUMBERS.
R  INDICATES RECORD WAS SET OR TIED.
MM INDICATES DATA IS MISSING.
T  INDICATES TRACE AMOUNT.




$$
