060
CDUS46 KEKA 090020
CLIUKI


CLIMATE REPORT
NATIONAL WEATHER SERVICE EUREKA CA
415 PM PST MON FEB 8 2016


...................................

...THE UKIAH CA CLIMATE SUMMARY FOR FEBRUARY 8 2016...
VALID TODAY AS OF 0400 PM LOCAL TIME.

CLIMATE NORMAL PERIOD 1981 TO 2010
CLIMATE RECORD PERIOD 1903 TO 2016


WEATHER ITEM   OBSERVED RECORD YEAR NORMAL DEPARTURE LAST
                VALUE   VALUE       VALUE  FROM      YEAR
                                           NORMAL
...........................................................
TEMPERATURE (F)
 TODAY
  MAXIMUM         82R    80    1954  59     23       61
  MINIMUM         41     19    1989  38      3       55
  AVERAGE         62                 49     13       58

PRECIPITATION (IN)
  TODAY            0.00   3.15 1960   0.23  -0.23     1.04
                               1960
                               2014
  MONTH TO DATE    0.29               1.62  -1.33     4.30
  SINCE OCT 1     23.28              22.01   1.27    22.53
  SINCE JAN 1     11.07               8.63   2.44     4.76

SNOWFALL (IN)
  TODAY            0.0   MM          MM     MM       MM
  MONTH TO DATE    0.0               MM     MM        0.0
  SINCE DEC 1      0.0               MM     MM        0.0
  SINCE JUL 1      0.0               MM     MM        0.0
  SNOW DEPTH       0

...........................................................


WIND (MPH)
  HIGHEST WIND SPEED     7   HIGHEST WIND DIRECTION     S (190)
  HIGHEST GUST SPEED     9   HIGHEST GUST DIRECTION     S (180)
  AVERAGE WIND SPEED     0.4


SKY COVER
  AVERAGE SKY COVER 0.0


WEATHER CONDITIONS
 THE FOLLOWING WEATHER WAS RECORDED TODAY.
  NO SIGNIFICANT WEATHER WAS OBSERVED.


RELATIVE HUMIDITY (PERCENT)
 HIGHEST    96
 LOWEST     20
 AVERAGE    58

..........................................................


THE UKIAH CA CLIMATE NORMALS FOR TOMORROW
                         NORMAL    RECORD    YEAR
 MAXIMUM TEMPERATURE (F)   60        79      1954
 MINIMUM TEMPERATURE (F)   38        20      1929


SUNRISE AND SUNSET
FEBRUARY  8 2016......SUNRISE   713 AM PST   SUNSET   542 PM PST
FEBRUARY  9 2016......SUNRISE   712 AM PST   SUNSET   543 PM PST


-  INDICATES NEGATIVE NUMBERS.
R  INDICATES RECORD WAS SET OR TIED.
MM INDICATES DATA IS MISSING.
T  INDICATES TRACE AMOUNT.




$$
