244
CDUS46 KEKA 281220
CLIUKI


CLIMATE REPORT
NATIONAL WEATHER SERVICE EUREKA CA
519 AM PDT SAT MAY 28 2016


...................................

...THE UKIAH CA CLIMATE SUMMARY FOR MAY 27 2016...

CLIMATE NORMAL PERIOD 1981 TO 2010
CLIMATE RECORD PERIOD 1903 TO 2016


WEATHER ITEM   OBSERVED TIME   RECORD YEAR NORMAL DEPARTURE LAST
                VALUE   (LST)  VALUE       VALUE  FROM      YEAR
                                                  NORMAL
..................................................................
TEMPERATURE (F)
 YESTERDAY
  MAXIMUM         84    206 PM 101    1984  79      5       87
  MINIMUM         47    432 AM  35    1929  48     -1       50
  AVERAGE         66                        64      2       69

PRECIPITATION (IN)
  YESTERDAY        0.00          2.10 1990   0.02  -0.02     0.00
  MONTH TO DATE    0.45                      1.31  -0.86     0.40
  SINCE OCT 1     36.16                     36.31  -0.15    25.84
  SINCE JAN 1     23.95                     22.93   1.02     8.07

SNOWFALL (IN)
  YESTERDAY        0.0          MM      MM  MM     MM        0.0
  MONTH TO DATE    0.0                      MM     MM        0.0
  SINCE MAR 1      0.0                      MM     MM        0.0
  SINCE JUL 1      0.0                      MM     MM        0.0
  SNOW DEPTH       0

DEGREE DAYS
 HEATING
  YESTERDAY        0                         3     -3        0
  MONTH TO DATE   72                       129    -57       80
  SINCE MAR 1    596                       842   -246      483
  SINCE JUL 1   2535                      3075   -540     1997

 COOLING
  YESTERDAY        1                         2     -1        4
  MONTH TO DATE   27                        40    -13       17
  SINCE MAR 1     34                        48    -14       31
  SINCE JAN 1     34                        48    -14       31
..................................................................


WIND (MPH)
  HIGHEST WIND SPEED    14   HIGHEST WIND DIRECTION    NW (310)
  HIGHEST GUST SPEED    19   HIGHEST GUST DIRECTION    NW (300)
  AVERAGE WIND SPEED     3.4


SKY COVER
  AVERAGE SKY COVER 0.0


WEATHER CONDITIONS
 THE FOLLOWING WEATHER WAS RECORDED YESTERDAY.
  NO SIGNIFICANT WEATHER WAS OBSERVED.


RELATIVE HUMIDITY (PERCENT)
 HIGHEST    72
 LOWEST     24
 AVERAGE    48

..........................................................


THE UKIAH CA CLIMATE NORMALS FOR TODAY
                         NORMAL    RECORD    YEAR
 MAXIMUM TEMPERATURE (F)   79       105      1984
 MINIMUM TEMPERATURE (F)   48        34      1918


SUNRISE AND SUNSET
MAY 28 2016...........SUNRISE   550 AM PDT   SUNSET   831 PM PDT
MAY 29 2016...........SUNRISE   550 AM PDT   SUNSET   831 PM PDT


-  INDICATES NEGATIVE NUMBERS.
R  INDICATES RECORD WAS SET OR TIED.
MM INDICATES DATA IS MISSING.
T  INDICATES TRACE AMOUNT.




$$
