000
CDUS46 KEKA 281210
CLIUKI


CLIMATE REPORT
NATIONAL WEATHER SERVICE EUREKA CA
509 AM PDT THU JUL 28 2016


...................................

...THE UKIAH CA CLIMATE SUMMARY FOR JULY 27 2016...

CLIMATE NORMAL PERIOD 1981 TO 2010
CLIMATE RECORD PERIOD 1903 TO 2016


WEATHER ITEM   OBSERVED TIME   RECORD YEAR NORMAL DEPARTURE LAST
                VALUE   (LST)  VALUE       VALUE  FROM      YEAR
                                                  NORMAL
..................................................................
TEMPERATURE (F)
 YESTERDAY
  MAXIMUM        106    323 PM 111    1923  94     12       96
  MINIMUM         59    518 AM  44    1924  55      4       56
  AVERAGE         83                        75      8       76

PRECIPITATION (IN)
  YESTERDAY        0.00          T    2010   0.00   0.00     0.00
  MONTH TO DATE    T                         0.04  -0.04     0.13
  SINCE OCT 1     36.52                     36.80  -0.28    26.00
  SINCE JAN 1     24.31                     23.42   0.89     8.23

SNOWFALL (IN)
  YESTERDAY        0.0          MM      MM  MM     MM        0.0
  MONTH TO DATE    0.0                      MM     MM        0.0
  SINCE JUN 1      0.0                      MM     MM        0.0
  SINCE JUL 1      0.0                      MM     MM        0.0
  SNOW DEPTH       0

DEGREE DAYS
 HEATING
  YESTERDAY        0                         0      0        0
  MONTH TO DATE    0                         0      0        1
  SINCE JUN 1     22                        32    -10        5
  SINCE JUL 1      0                         0      0        1

 COOLING
  YESTERDAY       18                        10      8       11
  MONTH TO DATE  229                       243    -14      261
  SINCE JUN 1    423                       355     68      552
  SINCE JAN 1    488                       407     81      600
..................................................................


WIND (MPH)
  HIGHEST WIND SPEED    15   HIGHEST WIND DIRECTION    SW (220)
  HIGHEST GUST SPEED    20   HIGHEST GUST DIRECTION    SW (220)
  AVERAGE WIND SPEED     3.0


SKY COVER
  AVERAGE SKY COVER 0.0


WEATHER CONDITIONS
 THE FOLLOWING WEATHER WAS RECORDED YESTERDAY.
  NO SIGNIFICANT WEATHER WAS OBSERVED.


RELATIVE HUMIDITY (PERCENT)
 HIGHEST    72
 LOWEST     14
 AVERAGE    43

..........................................................


THE UKIAH CA CLIMATE NORMALS FOR TODAY
                         NORMAL    RECORD    YEAR
 MAXIMUM TEMPERATURE (F)   94       111      1923
 MINIMUM TEMPERATURE (F)   55        43      1924


SUNRISE AND SUNSET
JULY 28 2016..........SUNRISE   610 AM PDT   SUNSET   828 PM PDT
JULY 29 2016..........SUNRISE   611 AM PDT   SUNSET   827 PM PDT


-  INDICATES NEGATIVE NUMBERS.
R  INDICATES RECORD WAS SET OR TIED.
MM INDICATES DATA IS MISSING.
T  INDICATES TRACE AMOUNT.




$$
