000
CDUS46 KEKA 221227
CLIUKI


CLIMATE REPORT
NATIONAL WEATHER SERVICE EUREKA CA
426 AM PST MON JAN 22 2018


...................................

...THE UKIAH CA CLIMATE SUMMARY FOR JANUARY 21 2018...

CLIMATE NORMAL PERIOD 1981 TO 2010
CLIMATE RECORD PERIOD 1903 TO 2018


WEATHER ITEM   OBSERVED TIME   RECORD YEAR NORMAL DEPARTURE LAST
                VALUE   (LST)  VALUE       VALUE  FROM      YEAR
                                                  NORMAL
..................................................................
TEMPERATURE (F)
 YESTERDAY
  MAXIMUM         50   1159 PM  74    1975  57     -7       52
  MINIMUM         34    650 AM  17    1937  37     -3       44
  AVERAGE         42                        47     -5       48

PRECIPITATION (IN)
  YESTERDAY       MM             5.50 1943   0.15  MM        0.92
  MONTH TO DATE    3.38                      5.85  -2.47    13.75
  SINCE OCT 1      8.96                     19.23 -10.27    30.86
  SINCE JAN 1      3.38                      5.85  -2.47    13.75

SNOWFALL (IN)
  YESTERDAY       MM            MM      MM  MM     MM       MM
  MONTH TO DATE    0.0                      MM     MM        0.0
  SINCE DEC 1      0.0                      MM     MM        0.0
  SINCE JUL 1      0.0                      MM     MM        0.0
  SNOW DEPTH       0

DEGREE DAYS
 HEATING
  YESTERDAY       23                        18      5       17
  MONTH TO DATE  321                       394    -73      398
  SINCE DEC 1    897                      1001   -104     1035
  SINCE JUL 1   1430                      1624   -194     1572

 COOLING
  YESTERDAY        0                         0      0        0
  MONTH TO DATE    0                         0      0        0
  SINCE DEC 1      0                         0      0        0
  SINCE JAN 1      0                         0      0        0
..................................................................


WIND (MPH)
  HIGHEST WIND SPEED    15   HIGHEST WIND DIRECTION    SE (150)
  HIGHEST GUST SPEED    21   HIGHEST GUST DIRECTION     S (170)
  AVERAGE WIND SPEED     4.7


SKY COVER
  AVERAGE SKY COVER 0.7


WEATHER CONDITIONS
 THE FOLLOWING WEATHER WAS RECORDED YESTERDAY.
  HEAVY RAIN
  RAIN
  LIGHT RAIN
  FOG


RELATIVE HUMIDITY (PERCENT)
 HIGHEST    93
 LOWEST     71
 AVERAGE    82

..........................................................


THE UKIAH CA CLIMATE NORMALS FOR TODAY
                         NORMAL    RECORD    YEAR
 MAXIMUM TEMPERATURE (F)   57        78      1934
 MINIMUM TEMPERATURE (F)   37        19      1937


SUNRISE AND SUNSET
JANUARY 22 2018.......SUNRISE   727 AM PST   SUNSET   522 PM PST
JANUARY 23 2018.......SUNRISE   726 AM PST   SUNSET   523 PM PST


-  INDICATES NEGATIVE NUMBERS.
R  INDICATES RECORD WAS SET OR TIED.
MM INDICATES DATA IS MISSING.
T  INDICATES TRACE AMOUNT.




$$
