000
CDUS46 KEKA 201217
CLIUKI


CLIMATE REPORT
NATIONAL WEATHER SERVICE EUREKA CA
517 AM PDT MON OCT 20 2014


...................................

...THE UKIAH CA CLIMATE SUMMARY FOR OCTOBER 19 2014...

CLIMATE NORMAL PERIOD 1981 TO 2010
CLIMATE RECORD PERIOD 1903 TO 2014


WEATHER ITEM   OBSERVED TIME   RECORD YEAR NORMAL DEPARTURE LAST
                VALUE   (LST)  VALUE       VALUE  FROM      YEAR
                                                  NORMAL
..................................................................
TEMPERATURE (F)
 YESTERDAY
  MAXIMUM         78    237 PM  94    1974  76      2       88
  MINIMUM         55    224 AM  28    1949  43     12       39
  AVERAGE         67                        59      8       64

PRECIPITATION (IN)
  YESTERDAY        0.00          1.90 2004   0.07  -0.07     0.00
  MONTH TO DATE    0.23                      0.72  -0.49     0.00
  SINCE JUL 1      0.92                      1.31  -0.39     0.58
  SINCE JAN 1     17.55                     24.69  -7.14     6.16

SNOWFALL (IN)
  YESTERDAY        0.0          MM      MM  MM     MM        0.0
  MONTH TO DATE    0.0                      MM     MM        0.0
  SINCE SEP 1      0.0                      MM     MM        0.0
  SINCE JUL 1      0.0                      MM     MM        0.0
  SNOW DEPTH       0

DEGREE DAYS
 HEATING
  YESTERDAY        0                         6     -6        1
  MONTH TO DATE   26                        74    -48       87
  SINCE SEP 1     31                       104    -73      123
  SINCE JUL 1     31                       107    -76      123

 COOLING
  YESTERDAY        2                         0      2        0
  MONTH TO DATE   91                        19     72        0
  SINCE SEP 1    290                       149    141      127
  SINCE JAN 1   1290                       832    458      974
..................................................................


WIND (MPH)
  HIGHEST WIND SPEED    14   HIGHEST WIND DIRECTION    SE (130)
  HIGHEST GUST SPEED    19   HIGHEST GUST DIRECTION    SE (130)
  AVERAGE WIND SPEED     3.2


SKY COVER
  AVERAGE SKY COVER 0.6


WEATHER CONDITIONS
 THE FOLLOWING WEATHER WAS RECORDED YESTERDAY.
  FOG


RELATIVE HUMIDITY (PERCENT)
 HIGHEST    93
 LOWEST     49
 AVERAGE    71

..........................................................


THE UKIAH CA CLIMATE NORMALS FOR TODAY
                         NORMAL    RECORD    YEAR
 MAXIMUM TEMPERATURE (F)   75        94      1964
 MINIMUM TEMPERATURE (F)   43        28      1906


SUNRISE AND SUNSET
OCTOBER 20 2014.......SUNRISE   728 AM PDT   SUNSET   627 PM PDT
OCTOBER 21 2014.......SUNRISE   729 AM PDT   SUNSET   626 PM PDT


-  INDICATES NEGATIVE NUMBERS.
R  INDICATES RECORD WAS SET OR TIED.
MM INDICATES DATA IS MISSING.
T  INDICATES TRACE AMOUNT.




$$
