000
CDUS43 KUNR 011836
CLIUNR


CLIMATE REPORT
NATIONAL WEATHER SERVICE RAPID CITY SD
1135 AM MST SUN FEB 1 2015


...................................

...THE EAST RAPID CITY SD CLIMATE SUMMARY FOR FEBRUARY 1 2015...
VALID AS OF 1100 AM LOCAL TIME.

CLIMATE NORMAL PERIOD 1981 TO 2010
CLIMATE RECORD PERIOD 1888 TO 2015


WEATHER ITEM   OBSERVED RECORD YEAR NORMAL DEPARTURE LAST
                VALUE   VALUE       VALUE  FROM      YEAR
                                           NORMAL
...........................................................
TEMPERATURE (F)
 TODAY
  MAXIMUM          9     69    1934  37    -28       17
  MINIMUM         -2    -26    1893  17    -19        0
  AVERAGE          4                 27    -23        9

PRECIPITATION (IN)
  TODAY            T      0.23 1967   0.02  -0.02      T
  MONTH TO DATE    T                  0.02  -0.02      T
  SINCE DEC 1      0.53               0.63  -0.10     0.80
  SINCE JAN 1      0.15               0.31  -0.16     0.26

SNOWFALL (IN)
  TODAY            0.1    4.0  1967   0.3   -0.2       T
  MONTH TO DATE    0.1                0.3   -0.2       T
  SINCE DEC 1     11.9               11.0    0.9     13.3
  SINCE JUL 1     27.2               19.6    7.6     43.1
  SNOW DEPTH       1

DEGREE DAYS
 HEATING
  TODAY           61                 38     23       56
  MONTH TO DATE   61                 38     23       56
  SINCE DEC 1   2151               2386   -235     2544
  SINCE JUL 1   3765               3966   -201     4133

 COOLING
  TODAY            0                  0      0        0
  MONTH TO DATE    0                  0      0        0
  SINCE DEC 1      0                  0      0        0
  SINCE JAN 1      0                  0      0        0
...........................................................





WEATHER CONDITIONS
 THE FOLLOWING WEATHER WAS RECORDED TODAY.
  NO SIGNIFICANT WEATHER WAS OBSERVED.


..........................................................


THE EAST RAPID CITY SD CLIMATE NORMALS FOR TOMORROW
                         NORMAL    RECORD    YEAR
 MAXIMUM TEMPERATURE (F)   37        65      1962
 MINIMUM TEMPERATURE (F)   17       -25      1917


SUNRISE AND SUNSET
FEBRUARY  1 2015......SUNRISE   711 AM MST   SUNSET   503 PM MST
FEBRUARY  2 2015......SUNRISE   709 AM MST   SUNSET   504 PM MST


-  INDICATES NEGATIVE NUMBERS.
R  INDICATES RECORD WAS SET OR TIED.
MM INDICATES DATA IS MISSING.
T  INDICATES TRACE AMOUNT.




$$
