000
CDUS43 KUNR 240843
CLIUNR


CLIMATE REPORT
NATIONAL WEATHER SERVICE RAPID CITY SD
242 AM MDT SUN SEP 24 2017


...................................

...THE EAST RAPID CITY SD CLIMATE SUMMARY FOR SEPTEMBER 23 2017...

CLIMATE NORMAL PERIOD 1981 TO 2010
CLIMATE RECORD PERIOD 1888 TO 2017


WEATHER ITEM   OBSERVED RECORD YEAR NORMAL DEPARTURE LAST
                VALUE   VALUE       VALUE  FROM      YEAR
                                           NORMAL
...........................................................
TEMPERATURE (F)
 YESTERDAY
  MAXIMUM         45     92    1958  69    -24       73
  MINIMUM         41     28    1965  47     -6       51
  AVERAGE         43                 58    -15       62

PRECIPITATION (IN)
  YESTERDAY        0.20   0.67 1948   0.05   0.15     0.31
  MONTH TO DATE    1.46               1.20   0.26     0.81
  SINCE SEP 1      1.46               1.20   0.26     0.81
  SINCE JAN 1     11.43              16.88  -5.45    12.11

SNOWFALL (IN)
  YESTERDAY        0.0    0.2  2000   0.0    0.0      0.0
  MONTH TO DATE    0.0                0.0    0.0      0.0
  SINCE SEP 1      0.0                0.0    0.0      0.0
  SINCE JUL 1      0.0                0.0    0.0      0.0
  SNOW DEPTH       0

DEGREE DAYS
 HEATING
  YESTERDAY       22                  8     14        3
  MONTH TO DATE  114                108      6       71
  SINCE SEP 1    114                108      6       71
  SINCE JUL 1    119                138    -19       96

 COOLING
  YESTERDAY        0                  1     -1        0
  MONTH TO DATE  113                 62     51       47
  SINCE SEP 1    113                 62     51       47
  SINCE JAN 1    850                657    193      807
...........................................................


WIND (MPH)
  HIGHEST GUST SPEED    25   HIGHEST GUST DIRECTION     N (360)



WEATHER CONDITIONS
 THE FOLLOWING WEATHER WAS RECORDED YESTERDAY.
  RAIN
  LIGHT RAIN
  FOG


..........................................................


THE EAST RAPID CITY SD CLIMATE NORMALS FOR TODAY
                         NORMAL    RECORD    YEAR
 MAXIMUM TEMPERATURE (F)   68        88      1938
 MINIMUM TEMPERATURE (F)   46        16      1926


SUNRISE AND SUNSET
SEPTEMBER 24 2017.....SUNRISE   643 AM MDT   SUNSET   646 PM MDT
SEPTEMBER 25 2017.....SUNRISE   644 AM MDT   SUNSET   644 PM MDT


-  INDICATES NEGATIVE NUMBERS.
R  INDICATES RECORD WAS SET OR TIED.
MM INDICATES DATA IS MISSING.
T  INDICATES TRACE AMOUNT.




$$
