000
CDUS43 KUNR 300833
CLIUNR


CLIMATE REPORT
NATIONAL WEATHER SERVICE RAPID CITY SD
232 AM MDT SAT APR 30 2016


...................................

...THE EAST RAPID CITY SD CLIMATE SUMMARY FOR APRIL 29 2016...

CLIMATE NORMAL PERIOD 1981 TO 2010
CLIMATE RECORD PERIOD 1888 TO 2016


WEATHER ITEM   OBSERVED RECORD YEAR NORMAL DEPARTURE LAST
                VALUE   VALUE       VALUE  FROM      YEAR
                                           NORMAL
...........................................................
TEMPERATURE (F)
 YESTERDAY
  MAXIMUM         42     85    1926  61    -19       73
  MINIMUM         34     12    1950  39     -5       39
  AVERAGE         38                 50    -12       56

PRECIPITATION (IN)
  YESTERDAY        T      0.88 1953   0.10  -0.10     0.00
  MONTH TO DATE    1.18               2.00  -0.82     0.95
  SINCE MAR 1      2.23               2.99  -0.76     1.05
  SINCE JAN 1      3.04               3.76  -0.72     1.60

SNOWFALL (IN)
  YESTERDAY        0.0    2.6  1950   0.2   -0.2      0.0
  MONTH TO DATE    3.8                8.6   -4.8       T
  SINCE MAR 1     11.7               20.4   -8.7      1.4
  SINCE JUL 1     41.6               47.1   -5.5     37.1
  SNOW DEPTH       0

DEGREE DAYS
 HEATING
  YESTERDAY       27                 15     12        9
  MONTH TO DATE  491                589    -98      505
  SINCE MAR 1   1176               1497   -321     1130
  SINCE JUL 1   5425               6451  -1026     5826

 COOLING
  YESTERDAY        0                  0      0        0
  MONTH TO DATE    2                  0      2        0
  SINCE MAR 1      2                  0      2        6
  SINCE JAN 1      2                  0      2        6
...........................................................


WIND (MPH)
  HIGHEST GUST SPEED    16   HIGHEST GUST DIRECTION     E (80)



WEATHER CONDITIONS
 THE FOLLOWING WEATHER WAS RECORDED YESTERDAY.
  NO SIGNIFICANT WEATHER WAS OBSERVED.


..........................................................


THE EAST RAPID CITY SD CLIMATE NORMALS FOR TODAY
                         NORMAL    RECORD    YEAR
 MAXIMUM TEMPERATURE (F)   61        89      1901
 MINIMUM TEMPERATURE (F)   40        13      1950


SUNRISE AND SUNSET
APRIL 30 2016.........SUNRISE   545 AM MDT   SUNSET   756 PM MDT
MAY  1 2016...........SUNRISE   544 AM MDT   SUNSET   757 PM MDT


-  INDICATES NEGATIVE NUMBERS.
R  INDICATES RECORD WAS SET OR TIED.
MM INDICATES DATA IS MISSING.
T  INDICATES TRACE AMOUNT.




$$
