000
CDUS44 KCRP 242338
CLIVCT

CLIMATE REPORT
NATIONAL WEATHER SERVICE CORPUS CHRISTI TX
538 PM CST WED DEC 24 2014

...................................

...THE VICTORIA CLIMATE SUMMARY FOR DECEMBER 24 2014...
VALID TODAY AS OF 538 PM LOCAL TIME.

CLIMATE NORMAL PERIOD 1981 TO 2010
CLIMATE RECORD PERIOD 1893 TO 2014


WEATHER ITEM   OBSERVED TIME   RECORD YEAR NORMAL DEPARTURE LAST
                VALUE   (LST)  VALUE       VALUE  FROM      YEAR
                                                  NORMAL
..................................................................
TEMPERATURE (F)
 TODAY
  MAXIMUM         60    411 PM  84    1964  65     -5       62
                                      1948
  MINIMUM         40    700 AM  16    1989  43     -3       30
  AVERAGE         50                        54     -4       46

PRECIPITATION (IN)
  TODAY            0.00          6.12 1975   0.07  -0.07     0.00
  MONTH TO DATE    1.62                      1.77  -0.15     0.27
  SINCE DEC 1      1.62                      1.77  -0.15     0.27
  SINCE JAN 1     29.60                     40.68 -11.08    25.38

SNOWFALL (IN)
  TODAY            0.0
  MONTH TO DATE    0.0
  SINCE DEC 1      0.0
  SINCE JUL 1      0.0
  SNOW DEPTH       0

DEGREE DAYS
 HEATING
  TODAY           15                        12      3       19
  MONTH TO DATE  104                       248   -144      290
  SINCE DEC 1    104                       248   -144      290
  SINCE JUL 1    295                       411   -116      487

 COOLING
  TODAY            0                         1     -1        0
  MONTH TO DATE   24                        24      0       32
  SINCE DEC 1     24                        24      0       32
  SINCE JAN 1   3513                      3147    366     3434
..................................................................


WIND (MPH)
  HIGHEST WIND SPEED    23   HIGHEST WIND DIRECTION    NW (320)
  HIGHEST GUST SPEED    30   HIGHEST GUST DIRECTION    NW (320)


SKY COVER
  POSSIBLE SUNSHINE  MM
  AVERAGE SKY COVER 0.1


WEATHER CONDITIONS
 THE FOLLOWING WEATHER WAS RECORDED TODAY.
  NO SIGNIFICANT WEATHER WAS OBSERVED.


RELATIVE HUMIDITY (PERCENT)
 HIGHEST    76           400 AM
 LOWEST     37           300 PM
 AVERAGE    57

..........................................................


THE VICTORIA CLIMATE NORMALS FOR TOMORROW
                         NORMAL    RECORD    YEAR
 MAXIMUM TEMPERATURE (F)   65        88      1964
 MINIMUM TEMPERATURE (F)   43        14      1983


SUNRISE AND SUNSET
DECEMBER 24 2014......SUNRISE   718 AM CST   SUNSET   537 PM CST
DECEMBER 25 2014......SUNRISE   719 AM CST   SUNSET   537 PM CST


-  INDICATES NEGATIVE NUMBERS.
R  INDICATES RECORD WAS SET OR TIED.
MM INDICATES DATA IS MISSING.
T  INDICATES TRACE AMOUNT.




$$
