000
CDUS44 KCRP 312143
CLIVCT

CLIMATE REPORT
NATIONAL WEATHER SERVICE CORPUS CHRISTI TX
440 PM CDT FRI JUL 31 2015


...................................

...THE VICTORIA CLIMATE SUMMARY FOR JULY 31 2015...
VALID TODAY AS OF 400 PM LOCAL TIME.

CLIMATE NORMAL PERIOD 1981 TO 2010
CLIMATE RECORD PERIOD 1893 TO 2015


WEATHER ITEM   OBSERVED TIME   RECORD YEAR NORMAL DEPARTURE LAST
                VALUE   (LST)  VALUE       VALUE  FROM      YEAR
                                                  NORMAL
..................................................................
TEMPERATURE (F)
 TODAY
  MAXIMUM        102    115 PM 103    1913  95      7      100
  MINIMUM         75    512 AM  69    1994  74      1       77
                                      1978
  AVERAGE         89                        84      5       89

PRECIPITATION (IN)
  TODAY            0.00          2.10 1994   0.10  -0.10     0.00
  MONTH TO DATE    0.48                      4.18  -3.70     2.37
  SINCE JUN 1      9.85                      8.64   1.21     6.48
  SINCE JAN 1     37.58                     24.02  13.56    17.76

SNOWFALL (IN)
  TODAY            0.0
  MONTH TO DATE    0.0
  SINCE JUN 1      0.0
  SINCE JUL 1      0.0
  SNOW DEPTH       0

DEGREE DAYS
 HEATING
  TODAY            0                         0      0        0
  MONTH TO DATE    0                         0      0        0
  SINCE JUN 1      0                         0      0        0
  SINCE JUL 1      0                         0      0        0

 COOLING
  TODAY           24                        19      5       24
  MONTH TO DATE  614                       586     28      639
  SINCE JUN 1   1111                      1094     17     1197
  SINCE JAN 1   1811                      1753     58     1847
..................................................................


WIND (MPH)
  HIGHEST WIND SPEED    24   HIGHEST WIND DIRECTION     E (100)
  HIGHEST GUST SPEED    32   HIGHEST GUST DIRECTION     E (90)


SKY COVER
  POSSIBLE SUNSHINE  MM
  AVERAGE SKY COVER 0.1


WEATHER CONDITIONS
 THE FOLLOWING WEATHER WAS RECORDED TODAY.
  NO SIGNIFICANT WEATHER WAS OBSERVED.


RELATIVE HUMIDITY (PERCENT)
 HIGHEST   100           500 AM
 LOWEST     42           100 PM
 AVERAGE    71

..........................................................


THE VICTORIA CLIMATE NORMALS FOR TOMORROW
                         NORMAL    RECORD    YEAR
 MAXIMUM TEMPERATURE (F)   95       103      2011
                                             1998
 MINIMUM TEMPERATURE (F)   74        68      1936


SUNRISE AND SUNSET
JULY 31 2015..........SUNRISE   648 AM CDT   SUNSET   820 PM CDT
AUGUST  1 2015........SUNRISE   649 AM CDT   SUNSET   819 PM CDT


-  INDICATES NEGATIVE NUMBERS.
R  INDICATES RECORD WAS SET OR TIED.
MM INDICATES DATA IS MISSING.
T  INDICATES TRACE AMOUNT.




$$
