000
CDUS44 KCRP 302338
CLIVCT

CLIMATE REPORT
NATIONAL WEATHER SERVICE CORPUS CHRISTI TX
538 PM CST FRI JAN 30 2015

...................................

...THE VICTORIA CLIMATE SUMMARY FOR JANUARY 30 2015...
VALID TODAY AS OF 538 PM LOCAL TIME.

CLIMATE NORMAL PERIOD 1981 TO 2010
CLIMATE RECORD PERIOD 1893 TO 2015


WEATHER ITEM   OBSERVED TIME   RECORD YEAR NORMAL DEPARTURE LAST
                VALUE   (LST)  VALUE       VALUE  FROM      YEAR
                                                  NORMAL
..................................................................
TEMPERATURE (F)
 TODAY
  MAXIMUM         63    315 PM  88    1971  66     -3       65
  MINIMUM         51    718 AM  16    1949  44      7       31
  AVERAGE         57                        55      2       48

PRECIPITATION (IN)
  TODAY            0.00          1.41 1972   0.07  -0.07     0.00
  MONTH TO DATE    3.01                      2.45   0.56     1.14
  SINCE DEC 1      5.22                      4.76   0.46     1.59
  SINCE JAN 1      3.01                      2.45   0.56     1.14

SNOWFALL (IN)
  TODAY            0.0
  MONTH TO DATE    0.0
  SINCE DEC 1      0.0
  SINCE JUL 1      0.0
  SNOW DEPTH       0

DEGREE DAYS
 HEATING
  TODAY            8                        11     -3       17
  MONTH TO DATE  402                       349     53      385
  SINCE DEC 1    594                       680    -86      768
  SINCE JUL 1    785                       843    -58      965

 COOLING
  TODAY            0                         0      0        0
  MONTH TO DATE    1                         7     -6        3
  SINCE DEC 1     27                        34     -7       35
  SINCE JAN 1      1                         7     -6        3
..................................................................


WIND (MPH)
  HIGHEST WIND SPEED    16   HIGHEST WIND DIRECTION    NE (30)
  HIGHEST GUST SPEED    20   HIGHEST GUST DIRECTION    NE (40)


SKY COVER
  POSSIBLE SUNSHINE  MM
  AVERAGE SKY COVER 0.3


WEATHER CONDITIONS
 THE FOLLOWING WEATHER WAS RECORDED TODAY.
  NO SIGNIFICANT WEATHER WAS OBSERVED.


RELATIVE HUMIDITY (PERCENT)
 HIGHEST    90          1200 AM
 LOWEST     51          1200 PM
 AVERAGE    71

..........................................................


THE VICTORIA CLIMATE NORMALS FOR TOMORROW
                         NORMAL    RECORD    YEAR
 MAXIMUM TEMPERATURE (F)   66        86      1911
 MINIMUM TEMPERATURE (F)   44        12      1949


SUNRISE AND SUNSET
JANUARY 30 2015.......SUNRISE   717 AM CST   SUNSET   605 PM CST
JANUARY 31 2015.......SUNRISE   717 AM CST   SUNSET   606 PM CST


-  INDICATES NEGATIVE NUMBERS.
R  INDICATES RECORD WAS SET OR TIED.
MM INDICATES DATA IS MISSING.
T  INDICATES TRACE AMOUNT.




$$
