000
CDUS44 KCRP 210043
CLIVCT

CLIMATE REPORT
NATIONAL WEATHER SERVICE CORPUS CHRISTI TX
739 PM CDT WED AUG 20 2014


...................................

...THE VICTORIA CLIMATE SUMMARY FOR AUGUST 20 2014...
VALID TODAY AS OF 0700 PM LOCAL TIME.

CLIMATE NORMAL PERIOD 1981 TO 2010
CLIMATE RECORD PERIOD 1893 TO 2014


WEATHER ITEM   OBSERVED TIME   RECORD YEAR NORMAL DEPARTURE LAST
                VALUE   (LST)  VALUE       VALUE  FROM      YEAR
                                                  NORMAL
..................................................................
TEMPERATURE (F)
 TODAY
  MAXIMUM        100    223 PM 105    1930  95      5       82
  MINIMUM         79    618 AM  68    1976  74      5       73
  AVERAGE         90                        84      6       78

PRECIPITATION (IN)
  TODAY            T             3.62 1966   0.10  -0.10     0.58
  MONTH TO DATE    0.40                      1.61  -1.21     0.91
  SINCE JUN 1      6.88                     10.25  -3.37     4.62
  SINCE JAN 1     18.16                     25.63  -7.47    14.00

SNOWFALL (IN)
  TODAY            0.0
  MONTH TO DATE    0.0
  SINCE JUN 1      0.0
  SINCE JUL 1      0.0
  SNOW DEPTH       0

DEGREE DAYS
 HEATING
  TODAY            0                         0      0        0
  MONTH TO DATE    0                         0      0        0
  SINCE JUN 1      0                         0      0        0
  SINCE JUL 1      0                         0      0        0

 COOLING
  TODAY           25                        19      6       13
  MONTH TO DATE  471                       398     73      436
  SINCE JUN 1   1668                      1492    176     1639
  SINCE JAN 1   2318                      2151    167     2273
..................................................................


WIND (MPH)
  HIGHEST WIND SPEED    26   HIGHEST WIND DIRECTION     S (170)
  HIGHEST GUST SPEED    37   HIGHEST GUST DIRECTION     S (160)
  AVERAGE WIND SPEED    MM


SKY COVER
  POSSIBLE SUNSHINE  MM
  AVERAGE SKY COVER 0.2


WEATHER CONDITIONS
 THE FOLLOWING WEATHER WAS RECORDED TODAY.
  LIGHT RAIN
  FOG


RELATIVE HUMIDITY (PERCENT)
 HIGHEST    97           600 AM
 LOWEST     42           200 PM
 AVERAGE    70

..........................................................


THE VICTORIA CLIMATE NORMALS FOR TOMORROW
                         NORMAL    RECORD    YEAR
 MAXIMUM TEMPERATURE (F)   95       104      1930
 MINIMUM TEMPERATURE (F)   74        65      1940


SUNRISE AND SUNSET
AUGUST 20 2014........SUNRISE   659 AM CDT   SUNSET   802 PM CDT
AUGUST 21 2014........SUNRISE   700 AM CDT   SUNSET   801 PM CDT


-  INDICATES NEGATIVE NUMBERS.
R  INDICATES RECORD WAS SET OR TIED.
MM INDICATES DATA IS MISSING.
T  INDICATES TRACE AMOUNT.




$$
