000
CDUS44 KCRP 222134
CLIVCT

CLIMATE REPORT
NATIONAL WEATHER SERVICE CORPUS CHRISTI TX
429 PM CDT MON MAY 22 2017


...................................

...THE VICTORIA CLIMATE SUMMARY FOR MAY 22 2017...
VALID AS OF 400 PM LOCAL TIME.

CLIMATE NORMAL PERIOD 1981 TO 2010
CLIMATE RECORD PERIOD 1893 TO 2017


WEATHER ITEM   OBSERVED TIME   RECORD YEAR NORMAL DEPARTURE LAST
                VALUE   (LST)  VALUE       VALUE  FROM      YEAR
                                                  NORMAL
..................................................................
TEMPERATURE (F)
 TODAY
  MAXIMUM         86    115 PM  99    1917  88     -2       89
  MINIMUM         69    457 AM  56    1911  69      0       72
  AVERAGE         78                        78      0       81

PRECIPITATION (IN)
  TODAY            1.86R         1.17 1963   0.18   1.68     0.00
  MONTH TO DATE    2.72                      3.66  -0.94     3.58
  SINCE MAR 1     10.64                      9.25   1.39    12.49
  SINCE JAN 1     19.24                     13.85   5.39    17.43

SNOWFALL (IN)
  TODAY            0.0
  MONTH TO DATE    0.0
  SINCE MAR 1      0.0
  SINCE JUL 1      0.0
  SNOW DEPTH       0

DEGREE DAYS
 HEATING
  TODAY            0                         0      0        0
  MONTH TO DATE    0                         0      0        0
  SINCE MAR 1     36                       155   -119       63
  SINCE JUL 1    567                      1248   -681      913

 COOLING
  TODAY           13                        13      0       16
  MONTH TO DATE  253                       242     11      223
  SINCE MAR 1    672                       493    179      539
  SINCE JAN 1    879                       531    348      574
..................................................................


WIND (MPH)
  HIGHEST WIND SPEED    20   HIGHEST WIND DIRECTION    NW (310)
  HIGHEST GUST SPEED    23   HIGHEST GUST DIRECTION    NW (310)


SKY COVER
  POSSIBLE SUNSHINE  MM
  AVERAGE SKY COVER 0.7


WEATHER CONDITIONS
 THE FOLLOWING WEATHER WAS RECORDED TODAY.
  THUNDERSTORM
  HEAVY RAIN
  RAIN
  LIGHT RAIN
  FOG


RELATIVE HUMIDITY (PERCENT)
 HIGHEST    93           800 AM
 LOWEST     69           200 PM
 AVERAGE    81

..........................................................


THE VICTORIA CLIMATE NORMALS FOR TOMORROW
                         NORMAL    RECORD    YEAR
 MAXIMUM TEMPERATURE (F)   88        96      1932
 MINIMUM TEMPERATURE (F)   69        57      2001


SUNRISE AND SUNSET
MAY 22 2017...........SUNRISE   633 AM CDT   SUNSET   816 PM CDT
MAY 23 2017...........SUNRISE   632 AM CDT   SUNSET   817 PM CDT


-  INDICATES NEGATIVE NUMBERS.
R  INDICATES RECORD WAS SET OR TIED.
MM INDICATES DATA IS MISSING.
T  INDICATES TRACE AMOUNT.




$$

92
