000
CDUS44 KCRP 100851 RRA
CLIVCT

CLIMATE REPORT
NATIONAL WEATHER SERVICE CORPUS CHRISTI TX
250 AM CST WED FEB 10 2016


...................................

...THE VICTORIA CLIMATE SUMMARY FOR FEBRUARY 9 2016...

CLIMATE NORMAL PERIOD 1981 TO 2010
CLIMATE RECORD PERIOD 1893 TO 2016


WEATHER ITEM   OBSERVED TIME   RECORD YEAR NORMAL DEPARTURE LAST
                VALUE   (LST)  VALUE       VALUE  FROM      YEAR
                                                  NORMAL
..................................................................
TEMPERATURE (F)
 YESTERDAY
  MAXIMUM         72    404 PM  90    1962  67      5       83
  MINIMUM         32    711 AM  17    1933  45    -13       50
  AVERAGE         52                        56     -4       67

PRECIPITATION (IN)
  YESTERDAY        0.00          2.13 1993   0.07  -0.07     0.00
  MONTH TO DATE    T                         0.64  -0.64     0.61
  SINCE DEC 1      4.75                      5.47  -0.72     5.89
  SINCE JAN 1      3.15                      3.16  -0.01     3.68

SNOWFALL (IN)
  YESTERDAY        0.0
  MONTH TO DATE    0.0
  SINCE DEC 1      0.0
  SINCE JUL 1      0.0
  SNOW DEPTH       0

DEGREE DAYS
 HEATING
  YESTERDAY       13                        10      3        0
  MONTH TO DATE  109                        91     18       86
  SINCE DEC 1    689                       780    -91      685
  SINCE JUL 1    787                       943   -156      876

 COOLING
  YESTERDAY        0                         1     -1        2
  MONTH TO DATE    5                         9     -4        5
  SINCE DEC 1     66                        50     16       32
  SINCE JAN 1     10                        23    -13        6
..................................................................


WIND (MPH)
  HIGHEST WIND SPEED    18   HIGHEST WIND DIRECTION    NW (310)
  HIGHEST GUST SPEED    23   HIGHEST GUST DIRECTION     W (290)
  AVERAGE WIND SPEED     8.4


SKY COVER
  POSSIBLE SUNSHINE  MM
  AVERAGE SKY COVER 0.0


WEATHER CONDITIONS
 THE FOLLOWING WEATHER WAS RECORDED YESTERDAY.
  NO SIGNIFICANT WEATHER WAS OBSERVED.


RELATIVE HUMIDITY (PERCENT)
 HIGHEST    85           700 AM
 LOWEST     17          1100 AM
 AVERAGE    51

..........................................................


THE VICTORIA CLIMATE NORMALS FOR TODAY
                         NORMAL    RECORD    YEAR
 MAXIMUM TEMPERATURE (F)   67        88      1957
 MINIMUM TEMPERATURE (F)   45        24      2011
                                             1973


SUNRISE AND SUNSET
FEBRUARY 10 2016......SUNRISE   710 AM CST   SUNSET   614 PM CST
FEBRUARY 11 2016......SUNRISE   710 AM CST   SUNSET   614 PM CST


-  INDICATES NEGATIVE NUMBERS.
R  INDICATES RECORD WAS SET OR TIED.
MM INDICATES DATA IS MISSING.
T  INDICATES TRACE AMOUNT.

$$

CB
