000
CDUS44 KCRP 230035 RRA
CLIVCT

CLIMATE REPORT
NATIONAL WEATHER SERVICE CORPUS CHRISTI TX
633 PM CST MON JAN 22 2018

...................................

...THE VICTORIA CLIMATE SUMMARY FOR JANUARY 22 2018...
VALID TODAY AS OF 600 PM LOCAL TIME.

CLIMATE NORMAL PERIOD 1981 TO 2010
CLIMATE RECORD PERIOD 1893 TO 2018


WEATHER ITEM   OBSERVED TIME   RECORD YEAR NORMAL DEPARTURE LAST
                VALUE   (LST)  VALUE       VALUE  FROM      YEAR
                                                  NORMAL
..................................................................
TEMPERATURE (F)
 TODAY
  MAXIMUM         69    314 PM  85    1972  65      4       73
  MINIMUM         47    707 AM  17    1930  43      4       49
  AVERAGE         58                        54      4       61

PRECIPITATION (IN)
  TODAY            0.00          1.01 2015   0.09  -0.09     0.00
  MONTH TO DATE    0.45                      1.83  -1.38     3.73
  SINCE DEC 1      2.49                      4.14  -1.65     6.74
  SINCE JAN 1      0.45                      1.83  -1.38     3.73

SNOWFALL (IN)
  TODAY            0.0
  MONTH TO DATE    T
  SINCE DEC 1      2.0
  SINCE JUL 1      2.0
  SNOW DEPTH       0

DEGREE DAYS
 HEATING
  TODAY            7                        11     -4        4
  MONTH TO DATE  349                       261     88      129
  SINCE DEC 1    683                       592     91      364
  SINCE JUL 1    801                       755     46      414

 COOLING
  TODAY            0                         0      0        0
  MONTH TO DATE    5                         7     -2       68
  SINCE DEC 1     26                        34     -8      125
  SINCE JAN 1      5                         7     -2       68
..................................................................


WIND (MPH)
  HIGHEST WIND SPEED    23   HIGHEST WIND DIRECTION     N (340)
  HIGHEST GUST SPEED    31   HIGHEST GUST DIRECTION     N (340)


SKY COVER
  POSSIBLE SUNSHINE  MM
  AVERAGE SKY COVER 0.3


WEATHER CONDITIONS
 THE FOLLOWING WEATHER WAS RECORDED TODAY.
  FOG


RELATIVE HUMIDITY (PERCENT)
 HIGHEST    97           500 AM
 LOWEST     17           400 PM
 AVERAGE    57

..........................................................


THE VICTORIA CLIMATE NORMALS FOR TOMORROW
                         NORMAL    RECORD    YEAR
 MAXIMUM TEMPERATURE (F)   65        84      1933
 MINIMUM TEMPERATURE (F)   43        14      1940


SUNRISE AND SUNSET
JANUARY 22 2018.......SUNRISE   720 AM CST   SUNSET   558 PM CST
JANUARY 23 2018.......SUNRISE   720 AM CST   SUNSET   559 PM CST


-  INDICATES NEGATIVE NUMBERS.
R  INDICATES RECORD WAS SET OR TIED.
MM INDICATES DATA IS MISSING.
T  INDICATES TRACE AMOUNT.




$$
