000
CDUS44 KCRP 230752
CLIVCT

CLIMATE REPORT
NATIONAL WEATHER SERVICE CORPUS CHRISTI TX
148 AM CST MON JAN 23 2017


...................................

...THE VICTORIA CLIMATE SUMMARY FOR JANUARY 22 2017...

CLIMATE NORMAL PERIOD 1981 TO 2010
CLIMATE RECORD PERIOD 1893 TO 2017


WEATHER ITEM   OBSERVED TIME   RECORD YEAR NORMAL DEPARTURE LAST
                VALUE   (LST)  VALUE       VALUE  FROM      YEAR
                                                  NORMAL
..................................................................
TEMPERATURE (F)
 YESTERDAY
  MAXIMUM         73    351 PM  85    1972  65      8       57
  MINIMUM         49   1126 PM  17    1930  43      6       35
  AVERAGE         61                        54      7       46

PRECIPITATION (IN)
  YESTERDAY        0.00          1.01 2015   0.09  -0.09     0.00
  MONTH TO DATE    3.73                      1.83   1.90     3.08
  SINCE DEC 1      6.74                      4.14   2.60     4.68
  SINCE JAN 1      3.73                      1.83   1.90     3.08

SNOWFALL (IN)
  YESTERDAY        0.0
  MONTH TO DATE    0.0
  SINCE DEC 1      0.0
  SINCE JUL 1      0.0
  SNOW DEPTH       0

DEGREE DAYS
 HEATING
  YESTERDAY        4                        11     -7       19
  MONTH TO DATE  129                       261   -132      283
  SINCE DEC 1    364                       592   -228      496
  SINCE JUL 1    414                       755   -341      594

 COOLING
  YESTERDAY        0                         0      0        0
  MONTH TO DATE   68                         7     61        0
  SINCE DEC 1    125                        34     91       56
  SINCE JAN 1     68                         7     61        0
..................................................................


WIND (MPH)
  HIGHEST WIND SPEED    37   HIGHEST WIND DIRECTION     W (290)
  HIGHEST GUST SPEED    47   HIGHEST GUST DIRECTION     W (290)
  AVERAGE WIND SPEED    16.7


SKY COVER
  POSSIBLE SUNSHINE  MM
  AVERAGE SKY COVER 0.0


WEATHER CONDITIONS
 THE FOLLOWING WEATHER WAS RECORDED YESTERDAY.
  NO SIGNIFICANT WEATHER WAS OBSERVED.


RELATIVE HUMIDITY (PERCENT)
 HIGHEST    66          1000 PM
 LOWEST     28          1100 AM
 AVERAGE    47

..........................................................


THE VICTORIA CLIMATE NORMALS FOR TODAY
                         NORMAL    RECORD    YEAR
 MAXIMUM TEMPERATURE (F)   65        84      1933
 MINIMUM TEMPERATURE (F)   43        14      1940


SUNRISE AND SUNSET
JANUARY 23 2017.......SUNRISE   720 AM CST   SUNSET   600 PM CST
JANUARY 24 2017.......SUNRISE   720 AM CST   SUNSET   600 PM CST


-  INDICATES NEGATIVE NUMBERS.
R  INDICATES RECORD WAS SET OR TIED.
MM INDICATES DATA IS MISSING.
T  INDICATES TRACE AMOUNT.

$$

GW
