000
CDUS44 KCRP 042318
CLIVCT

CLIMATE REPORT
NATIONAL WEATHER SERVICE CORPUS CHRISTI TX
518 PM CST WED MAR 4 2015

...................................

...THE VICTORIA CLIMATE SUMMARY FOR MARCH 4 2015...
VALID TODAY AS OF 518 PM LOCAL TIME.

CLIMATE NORMAL PERIOD 1981 TO 2010
CLIMATE RECORD PERIOD 1893 TO 2015


WEATHER ITEM   OBSERVED TIME   RECORD YEAR NORMAL DEPARTURE LAST
                VALUE   (LST)  VALUE       VALUE  FROM      YEAR
                                                  NORMAL
..................................................................
TEMPERATURE (F)
 TODAY
  MAXIMUM         77    229 PM  89    1925  72      5       40
  MINIMUM         66    105 AM  21    2002  50     16       32
  AVERAGE         72                        61     11       36

PRECIPITATION (IN)
  TODAY            0.00          0.64 2014   0.09  -0.09     0.64
  MONTH TO DATE    0.10                      0.34  -0.24     0.64
  SINCE MAR 1      0.10                      0.34  -0.24     0.64
  SINCE JAN 1      4.15                      4.94  -0.79     2.30

SNOWFALL (IN)
  TODAY            0.0
  MONTH TO DATE    0.0
  SINCE MAR 1      0.0
  SINCE JUL 1      0.0
  SNOW DEPTH       0

DEGREE DAYS
 HEATING
  TODAY            0                         6     -6       29
  MONTH TO DATE   33                        24      9       67
  SINCE MAR 1     33                        24      9       67
  SINCE JUL 1   1113                      1117     -4     1320

 COOLING
  TODAY            7                         2      5        0
  MONTH TO DATE    7                         7      0        9
  SINCE MAR 1      7                         7      0        9
  SINCE JAN 1     22                        45    -23       67
..................................................................


WIND (MPH)
  HIGHEST WIND SPEED    25   HIGHEST WIND DIRECTION     S (170)
  HIGHEST GUST SPEED    33   HIGHEST GUST DIRECTION     S (170)


SKY COVER
  POSSIBLE SUNSHINE  MM
  AVERAGE SKY COVER 1.0


WEATHER CONDITIONS
 THE FOLLOWING WEATHER WAS RECORDED TODAY.
  FOG
  HAZE


RELATIVE HUMIDITY (PERCENT)
 HIGHEST   100          1200 AM
 LOWEST     74           100 PM
 AVERAGE    87

..........................................................


THE VICTORIA CLIMATE NORMALS FOR TOMORROW
                         NORMAL    RECORD    YEAR
 MAXIMUM TEMPERATURE (F)   72        92      1945
 MINIMUM TEMPERATURE (F)   50        26      1917


SUNRISE AND SUNSET
MARCH  4 2015.........SUNRISE   650 AM CST   SUNSET   629 PM CST
MARCH  5 2015.........SUNRISE   649 AM CST   SUNSET   630 PM CST


-  INDICATES NEGATIVE NUMBERS.
R  INDICATES RECORD WAS SET OR TIED.
MM INDICATES DATA IS MISSING.
T  INDICATES TRACE AMOUNT.




$$
