000
CDUS44 KCRP 260714 RRA
CLIVCT

CLIMATE REPORT
NATIONAL WEATHER SERVICE CORPUS CHRISTI TX
214 AM CDT MON JUN 26 2017


...THE VICTORIA CLIMATE SUMMARY FOR JUNE 25 2017...

CLIMATE NORMAL PERIOD 1981 TO 2010
CLIMATE RECORD PERIOD 1893 TO 2017


WEATHER ITEM   OBSERVED TIME   RECORD YEAR NORMAL DEPARTURE LAST
                VALUE   (LST)  VALUE       VALUE  FROM      YEAR
                                                  NORMAL
..................................................................
TEMPERATURE (F)
 YESTERDAY
  MAXIMUM         94    209 PM 106    2012  92      2       87
  MINIMUM         74    629 AM  60    1974  73      1       76
  AVERAGE         84                        83      1       82

PRECIPITATION (IN)
  YESTERDAY        0.30          2.17 1960   0.15   0.15     0.56
  MONTH TO DATE    1.39                      3.78  -2.39     3.14
  SINCE JUN 1      1.39                      3.78  -2.39     3.14
  SINCE JAN 1     20.97                     19.16   1.81    23.36

SNOWFALL (IN)
  YESTERDAY        0.0
  MONTH TO DATE    0.0
  SINCE JUN 1      0.0
  SINCE JUL 1      0.0
  SNOW DEPTH       0

DEGREE DAYS
 HEATING
  YESTERDAY        0                         0      0        0
  MONTH TO DATE    0                         0      0        0
  SINCE JUN 1      0                         0      0        0
  SINCE JUL 1    567                      1249   -682      913

 COOLING
  YESTERDAY       19                        18      1       17
  MONTH TO DATE  470                       418     52      432
  SINCE JUN 1    470                       418     52      432
  SINCE JAN 1   1482                      1077    405     1145
..................................................................


WIND (MPH)
  HIGHEST WIND SPEED    30   HIGHEST WIND DIRECTION     S (170)
  HIGHEST GUST SPEED    39   HIGHEST GUST DIRECTION     S (170)
  AVERAGE WIND SPEED     5.7


SKY COVER
  POSSIBLE SUNSHINE  MM
  AVERAGE SKY COVER 0.2


WEATHER CONDITIONS
 THE FOLLOWING WEATHER WAS RECORDED YESTERDAY.
  THUNDERSTORM
  HEAVY RAIN
  RAIN
  LIGHT RAIN
  FOG


RELATIVE HUMIDITY (PERCENT)
 HIGHEST    94          1000 PM
 LOWEST     49           200 PM
 AVERAGE    72

..........................................................


THE VICTORIA CLIMATE NORMALS FOR TODAY
                         NORMAL    RECORD    YEAR
 MAXIMUM TEMPERATURE (F)   93       108      2012
 MINIMUM TEMPERATURE (F)   74        64      1974


SUNRISE AND SUNSET
JUNE 26 2017..........SUNRISE   631 AM CDT   SUNSET   830 PM CDT
JUNE 27 2017..........SUNRISE   632 AM CDT   SUNSET   830 PM CDT


-  INDICATES NEGATIVE NUMBERS.
R  INDICATES RECORD WAS SET OR TIED.
MM INDICATES DATA IS MISSING.
T  INDICATES TRACE AMOUNT.

$$

TMT
