000
CDUS45 KGJT 022333 CCA
CLIVEL

CLIMATE REPORT
NATIONAL WEATHER SERVICE GRAND JUNCTION CO
525 PM MDT TUE JUN 2 2015


...................................

...THE VERNAL UT CLIMATE SUMMARY FOR JUNE 2 2015...
VALID TODAY AS OF 0500 PM LOCAL TIME.

CLIMATE NORMAL PERIOD 1981 TO 2010
CLIMATE RECORD PERIOD 9999 TO 9999


WEATHER ITEM   OBSERVED TIME   RECORD YEAR NORMAL DEPARTURE LAST
                VALUE   (LST)  VALUE       VALUE  FROM      YEAR
                                                  NORMAL
..................................................................
TEMPERATURE (F)
 TODAY
  MAXIMUM         82    359 PM  MM      MM  76      6       84
  MINIMUM         53    515 AM  MM      MM  47      6       47
  AVERAGE         68                        62      6       66

PRECIPITATION (IN)
  TODAY            0.00         MM      MM   0.03  -0.03     0.00
  MONTH TO DATE    0.00                      0.06  -0.06     0.00
  SINCE JUN 1      0.00                      0.06  -0.06     0.00
  SINCE JAN 1      4.82                      3.47   1.35     1.98

SNOWFALL (IN)
  TODAY          999.0          MM      MM    MM  999.0     MM
  MONTH TO DATE  999.0                        MM  999.0     MM
  SINCE JUN 1    999.0                        MM  999.0     MM
  SINCE JUL 1    999.0                        MM  981.5     MM
  SNOW DEPTH      MM

DEGREE DAYS
 HEATING
  TODAY            0                         5     -5        0
  MONTH TO DATE    0                        10    -10        0
  SINCE JUN 1      0                        10    -10        0
  SINCE JUL 1   5957                      7158  -1201     7322

 COOLING
  TODAY            3                         1      2        1
  MONTH TO DATE    9                         2      7        1
  SINCE JUN 1      9                         2      7        1
  SINCE JAN 1     13                        11      2       24
..................................................................


WIND (MPH)
  HIGHEST WIND SPEED    15   HIGHEST WIND DIRECTION     S (200)
  HIGHEST GUST SPEED    21   HIGHEST GUST DIRECTION     S (180)
  AVERAGE WIND SPEED     6.3


SKY COVER
  POSSIBLE SUNSHINE  MM
  AVERAGE SKY COVER 0.0


WEATHER CONDITIONS
 THE FOLLOWING WEATHER WAS RECORDED TODAY.
  HAZE


RELATIVE HUMIDITY (PERCENT)
 HIGHEST    47           600 AM
 LOWEST     12           200 PM
 AVERAGE    30

..........................................................


THE VERNAL UT CLIMATE NORMALS FOR TOMORROW
                         NORMAL    RECORD    YEAR
 MAXIMUM TEMPERATURE (F)   76        MM        MM
 MINIMUM TEMPERATURE (F)   48        MM        MM


SUNRISE AND SUNSET
JUNE  2 2015..........SUNRISE   550 AM MDT   SUNSET   843 PM MDT
JUNE  3 2015..........SUNRISE   549 AM MDT   SUNSET   844 PM MDT


-  INDICATES NEGATIVE NUMBERS.
R  INDICATES RECORD WAS SET OR TIED.
MM INDICATES DATA IS MISSING.
T  INDICATES TRACE AMOUNT.




$$
