000
CDUS45 KGJT 190755
CLIVEL


CLIMATE REPORT
NATIONAL WEATHER SERVICE GRAND JUNCTION CO
130 AM MDT FRI SEP 19 2014


...................................

...THE VERNAL UT CLIMATE SUMMARY FOR SEPTEMBER 18 2014...

CLIMATE NORMAL PERIOD 1981 TO 2010
CLIMATE RECORD PERIOD 9999 TO 9999


WEATHER ITEM   OBSERVED TIME   RECORD YEAR NORMAL DEPARTURE LAST
                VALUE   (LST)  VALUE       VALUE  FROM      YEAR
                                                  NORMAL
..................................................................
TEMPERATURE (F)
 YESTERDAY
  MAXIMUM         84    414 PM  MM      MM  74     10       78
  MINIMUM         50    623 AM  MM      MM  45      5       52
  AVERAGE         67                        59      8       65

PRECIPITATION (IN)
  YESTERDAY        0.00         MM      MM   0.03  -0.03     0.00
  MONTH TO DATE    0.67                      0.61   0.06     1.46
  SINCE SEP 1      0.67                      0.61   0.06     1.46
  SINCE JAN 1      7.41                      6.22   1.19     6.29

SNOWFALL (IN)
  YESTERDAY       MM            MM      MM   MM    MM       MM
  MONTH TO DATE   MM                         MM    MM       MM
  SINCE SEP 1     MM                         MM    MM       MM
  SINCE JUL 1     MM                         MM    MM       MM
  SNOW DEPTH      MM

DEGREE DAYS
 HEATING
  YESTERDAY        0                         6     -6        0
  MONTH TO DATE   47                        63    -16        8
  SINCE SEP 1     47                        63    -16        8
  SINCE JUL 1     69                        79    -10       10

 COOLING
  YESTERDAY        2                         0      2        0
  MONTH TO DATE   23                        20      3       70
  SINCE SEP 1     23                        20      3       70
  SINCE JAN 1    610                       509    101      787
..................................................................


WIND (MPH)
  HIGHEST WIND SPEED     9   HIGHEST WIND DIRECTION     W (260)
  HIGHEST GUST SPEED    13   HIGHEST GUST DIRECTION    NW (310)
  AVERAGE WIND SPEED     3.4


SKY COVER
  POSSIBLE SUNSHINE  MM
  AVERAGE SKY COVER 0.0


WEATHER CONDITIONS
 THE FOLLOWING WEATHER WAS RECORDED YESTERDAY.
  NO SIGNIFICANT WEATHER WAS OBSERVED.


RELATIVE HUMIDITY (PERCENT)
 HIGHEST    66           600 AM
 LOWEST     23           400 PM
 AVERAGE    45

..........................................................


THE VERNAL UT CLIMATE NORMALS FOR TODAY
                         NORMAL    RECORD    YEAR
 MAXIMUM TEMPERATURE (F)   73        MM        MM
 MINIMUM TEMPERATURE (F)   44        MM        MM


SUNRISE AND SUNSET
SEPTEMBER 19 2014.....SUNRISE   703 AM MDT   SUNSET   720 PM MDT
SEPTEMBER 20 2014.....SUNRISE   704 AM MDT   SUNSET   718 PM MDT


-  INDICATES NEGATIVE NUMBERS.
R  INDICATES RECORD WAS SET OR TIED.
MM INDICATES DATA IS MISSING.
T  INDICATES TRACE AMOUNT.




$$
