000
CDUS43 KSGF 180631
CLIVIH


CLIMATE REPORT
NATIONAL WEATHER SERVICE SPRINGFIELD MO
1229 AM CST THU DEC 18 2014


...................................

...THE VICHY-ROLLA MO CLIMATE SUMMARY FOR DECEMBER 17 2014...

CLIMATE NORMAL PERIOD 1981 TO 2010
CLIMATE RECORD PERIOD 1888 TO 2014


WEATHER ITEM   OBSERVED TIME   RECORD YEAR NORMAL DEPARTURE LAST
                VALUE   (LST)  VALUE       VALUE  FROM      YEAR
                                                  NORMAL
..................................................................
TEMPERATURE (F)
 YESTERDAY
  MAXIMUM         34    941 PM  67    1962  42     -8       46
  MINIMUM         23    746 AM   0    1901  24     -1       24
  AVERAGE         29                        33     -4       35

PRECIPITATION (IN)
  YESTERDAY        0.05          1.92 1959   0.08  -0.03     0.00
  MONTH TO DATE    1.74                      1.61   0.13     1.03
  SINCE DEC 1      1.74                      1.61   0.13     1.03
  SINCE JAN 1     29.02                     42.58 -13.56    40.78

DEGREE DAYS
 HEATING
  YESTERDAY       36                        32      4       30
  MONTH TO DATE  457                       505    -48      582
  SINCE DEC 1    457                       505    -48      582
  SINCE JUL 1   1599                      1452    147     1632

 COOLING
  YESTERDAY        0                         0      0        0
  MONTH TO DATE    0                         0      0        0
  SINCE DEC 1      0                         0      0        0
  SINCE JAN 1   1186                      1246    -60     1125
..................................................................


WIND (MPH)
  HIGHEST WIND SPEED    12   HIGHEST WIND DIRECTION    NW (310)
  HIGHEST GUST SPEED    14   HIGHEST GUST DIRECTION    NW (310)
  AVERAGE WIND SPEED     4.5


SKY COVER
  AVERAGE SKY COVER 0.7


WEATHER CONDITIONS
 THE FOLLOWING WEATHER WAS RECORDED YESTERDAY.
  LIGHT RAIN
  LIGHT SNOW


RELATIVE HUMIDITY (PERCENT)
 HIGHEST    81           100 AM
 LOWEST     56          1200 PM
 AVERAGE    69

..........................................................


THE VICHY-ROLLA MO CLIMATE NORMALS FOR TODAY
                         NORMAL    RECORD    YEAR
 MAXIMUM TEMPERATURE (F)   42        69      1962
 MINIMUM TEMPERATURE (F)   24        -1      1964


SUNRISE AND SUNSET
DECEMBER 18 2014......SUNRISE   718 AM CST   SUNSET   449 PM CST
DECEMBER 19 2014......SUNRISE   719 AM CST   SUNSET   450 PM CST


-  INDICATES NEGATIVE NUMBERS.
R  INDICATES RECORD WAS SET OR TIED.
MM INDICATES DATA IS MISSING.
T  INDICATES TRACE AMOUNT.




$$
