236
CDUS43 KSGF 210654
CLIVIH


CLIMATE REPORT
NATIONAL WEATHER SERVICE SPRINGFIELD MO
1253 AM CST SUN JAN 21 2018


...................................

...THE VICHY-ROLLA MO CLIMATE SUMMARY FOR JANUARY 20 2018...

CLIMATE NORMAL PERIOD 1981 TO 2010
CLIMATE RECORD PERIOD 1888 TO 2018


WEATHER ITEM   OBSERVED TIME   RECORD YEAR NORMAL DEPARTURE LAST
                VALUE   (LST)  VALUE       VALUE  FROM      YEAR
                                                  NORMAL
..................................................................
TEMPERATURE (F)
 YESTERDAY
  MAXIMUM         59    247 PM  65    2010  41     18       57
  MINIMUM         37    416 AM  -4    1970  21     16       42
  AVERAGE         48                        31     17       50

PRECIPITATION (IN)
  YESTERDAY        0.00          0.74 1993   0.06  -0.06     0.00
  MONTH TO DATE    0.79                      1.49  -0.70     0.97
  SINCE DEC 1      1.43                      4.13  -2.70     1.83
  SINCE JAN 1      0.79                      1.49  -0.70     0.97

DEGREE DAYS
 HEATING
  YESTERDAY       17                        34    -17       15
  MONTH TO DATE  796                       680    116      620
  SINCE DEC 1   1746                      1650     96     1565
  SINCE JUL 1   2498                      2597    -99     2193

 COOLING
  YESTERDAY        0                         0      0        0
  MONTH TO DATE    0                         0      0        0
  SINCE DEC 1      0                         0      0        0
  SINCE JAN 1      0                         0      0        0
..................................................................


WIND (MPH)
  HIGHEST WIND SPEED    23   HIGHEST WIND DIRECTION     S (200)
  HIGHEST GUST SPEED    30   HIGHEST GUST DIRECTION    SW (210)
  AVERAGE WIND SPEED    13.0


SKY COVER
  AVERAGE SKY COVER 0.3


WEATHER CONDITIONS
 THE FOLLOWING WEATHER WAS RECORDED YESTERDAY.
  NO SIGNIFICANT WEATHER WAS OBSERVED.


RELATIVE HUMIDITY (PERCENT)
 HIGHEST    93          1000 PM
 LOWEST     61           100 PM
 AVERAGE    77

..........................................................


THE VICHY-ROLLA MO CLIMATE NORMALS FOR TODAY
                         NORMAL    RECORD    YEAR
 MAXIMUM TEMPERATURE (F)   41        68      1974
 MINIMUM TEMPERATURE (F)   21        -9      1970


SUNRISE AND SUNSET
JANUARY 21 2018.......SUNRISE   719 AM CST   SUNSET   518 PM CST
JANUARY 22 2018.......SUNRISE   719 AM CST   SUNSET   519 PM CST


-  INDICATES NEGATIVE NUMBERS.
R  INDICATES RECORD WAS SET OR TIED.
MM INDICATES DATA IS MISSING.
T  INDICATES TRACE AMOUNT.




$$
