000
CDUS42 KTAE 300639
CLIVLD


CLIMATE REPORT
NATIONAL WEATHER SERVICE TALLAHASSEE FL
239 AM EDT SAT APR 30 2016


...................................

...THE VALDOSTA CLIMATE SUMMARY FOR APRIL 29 2016...

CLIMATE NORMAL PERIOD 1981 TO 2010
CLIMATE RECORD PERIOD 1948 TO 2016


WEATHER ITEM   OBSERVED TIME   NORMAL DEPARTURE LAST
                VALUE   (LST)  VALUE  FROM      YEAR
                                      NORMAL
......................................................
TEMPERATURE (F)
 YESTERDAY
  MAXIMUM         91    325 PM  83      8       74
  MINIMUM         67    551 AM  56     11       60
  AVERAGE         79            69     10       67

PRECIPITATION (IN)
  YESTERDAY        0.00          0.06  -0.06     0.02
  MONTH TO DATE    4.97          2.81   2.16     4.84
  SINCE MAR 1     11.14          7.68   3.46     7.34
  SINCE JAN 1     20.00         16.41   3.59    16.50

DEGREE DAYS
 HEATING
  YESTERDAY        0             1     -1        0
  MONTH TO DATE   30            67    -37        0
  SINCE MAR 1    121           253   -132       96
  SINCE JUL 1   1063          1633   -570     1580

 COOLING
  YESTERDAY       14             5      9        2
  MONTH TO DATE  110            88     22      203
  SINCE MAR 1    199           121     78      295
  SINCE JAN 1    209           131     78      299
......................................................


WIND (MPH)
  HIGHEST WIND SPEED     9   HIGHEST WIND DIRECTION    SE (150)
  HIGHEST GUST SPEED    14   HIGHEST GUST DIRECTION     E (110)
  AVERAGE WIND SPEED     1.1




RELATIVE HUMIDITY (PERCENT)
 HIGHEST   100
 LOWEST     41
 AVERAGE    71

..........................................................




SUNRISE AND SUNSET
APRIL 30 2016.........SUNRISE   650 AM EDT   SUNSET   811 PM EDT
MAY  1 2016...........SUNRISE   649 AM EDT   SUNSET   812 PM EDT


-  INDICATES NEGATIVE NUMBERS.
R  INDICATES RECORD WAS SET OR TIED.
MM INDICATES DATA IS MISSING.
T  INDICATES TRACE AMOUNT.




$$
