000
CDUS42 KTAE 200631
CLIVLD


CLIMATE REPORT
NATIONAL WEATHER SERVICE TALLAHASSEE FL
131 AM EST MON FEB 20 2017


...................................

...THE VALDOSTA CLIMATE SUMMARY FOR FEBRUARY 19 2017...

CLIMATE NORMAL PERIOD 1981 TO 2010
CLIMATE RECORD PERIOD 1948 TO 2017


WEATHER ITEM   OBSERVED TIME   NORMAL DEPARTURE LAST
                VALUE   (LST)  VALUE  FROM      YEAR
                                      NORMAL
......................................................
TEMPERATURE (F)
 YESTERDAY
  MAXIMUM         79    251 PM  68     11       72
  MINIMUM         52   1159 PM  43      9       43
  AVERAGE         66            55     11       58

PRECIPITATION (IN)
  YESTERDAY        0.00          0.20  -0.20     0.00
  MONTH TO DATE    1.18          2.19  -1.01     4.50
  SINCE DEC 1     12.44          9.93   2.51    10.90
  SINCE JAN 1     10.29          6.76   3.53     8.39

DEGREE DAYS
 HEATING
  YESTERDAY        0            10    -10        7
  MONTH TO DATE  109           227   -118      221
  SINCE DEC 1    601          1065   -464      790
  SINCE JUL 1    768          1296   -528      866
......................................................


WIND (MPH)
  HIGHEST WIND SPEED     9   HIGHEST WIND DIRECTION     N (360)
  HIGHEST GUST SPEED    14   HIGHEST GUST DIRECTION    NW (310)
  AVERAGE WIND SPEED     1.4




RELATIVE HUMIDITY (PERCENT)
 HIGHEST   100
 LOWEST     45
 AVERAGE    73

..........................................................




SUNRISE AND SUNSET
FEBRUARY 20 2017......SUNRISE   709 AM EST   SUNSET   625 PM EST
FEBRUARY 21 2017......SUNRISE   708 AM EST   SUNSET   626 PM EST


-  INDICATES NEGATIVE NUMBERS.
R  INDICATES RECORD WAS SET OR TIED.
MM INDICATES DATA IS MISSING.
T  INDICATES TRACE AMOUNT.




$$
