000
CDUS42 KTAE 012240
CLIVLD


CLIMATE REPORT
NATIONAL WEATHER SERVICE TALLAHASSEE FL
537 PM EST SUN MAR 1 2015


...................................

...THE VALDOSTA CLIMATE SUMMARY FOR MARCH 1 2015...
VALID TODAY AS OF 0500 PM LOCAL TIME.

CLIMATE NORMAL PERIOD 1981 TO 2010
CLIMATE RECORD PERIOD 1948 TO 2015


WEATHER ITEM   OBSERVED TIME   NORMAL DEPARTURE LAST
                VALUE   (LST)  VALUE  FROM      YEAR
                                      NORMAL
......................................................
TEMPERATURE (F)
 TODAY
  MAXIMUM         59    457 PM  70    -11       74
  MINIMUM         45    819 AM  45      0       45
  AVERAGE         52            57     -5       60

PRECIPITATION (IN)
  TODAY            0.01          0.17  -0.16     0.00
  MONTH TO DATE    0.01          0.17  -0.16     0.00
  SINCE MAR 1      0.01          0.17  -0.16     0.00
  SINCE JAN 1      9.17          8.90   0.27     6.14

......................................................







THE VALDOSTA CLIMATE NORMALS FOR TOMORROW
                         NORMAL
 MAXIMUM TEMPERATURE (F)   70
 MINIMUM TEMPERATURE (F)   45



-  INDICATES NEGATIVE NUMBERS.
R  INDICATES RECORD WAS SET OR TIED.
MM INDICATES DATA IS MISSING.
T  INDICATES TRACE AMOUNT.




$$
