000
CDUS42 KTAE 220634
CLIVLD


CLIMATE REPORT
NATIONAL WEATHER SERVICE TALLAHASSEE FL
231 AM EDT SAT JUL 22 2017

...................................

...THE VALDOSTA CLIMATE SUMMARY FOR JULY 21 2017...

CLIMATE NORMAL PERIOD 1981 TO 2010
CLIMATE RECORD PERIOD 1948 TO 2017


WEATHER ITEM   OBSERVED TIME   NORMAL DEPARTURE LAST
                VALUE   (LST)  VALUE  FROM      YEAR
                                      NORMAL
......................................................
TEMPERATURE (F)
 YESTERDAY
  MAXIMUM         94    251 PM  92      2       95
  MINIMUM         70   1126 PM  71     -1       73
  AVERAGE         82            82      0       84

PRECIPITATION (IN)
  YESTERDAY        T             0.22  -0.22     0.58
  MONTH TO DATE    1.70          4.41  -2.71     9.71
  SINCE JUN 1     10.59         10.47   0.12    18.11
  SINCE JAN 1     26.38         29.47  -3.09    42.41

DEGREE DAYS
 COOLING
  YESTERDAY       17            17      0       19
  MONTH TO DATE  361           340     21      396
  SINCE JUN 1    768           772     -4      881
  SINCE JAN 1   1309          1184    125     1391
......................................................


WIND (MPH)
  HIGHEST WIND SPEED    18   HIGHEST WIND DIRECTION    NW (300)
  HIGHEST GUST SPEED    23   HIGHEST GUST DIRECTION     W (290)
  AVERAGE WIND SPEED     3.9




RELATIVE HUMIDITY (PERCENT)
 HIGHEST   100
 LOWEST     52
 AVERAGE    76

..........................................................



SUNRISE AND SUNSET
JULY 22 2017..........SUNRISE   645 AM EDT   SUNSET   834 PM EDT
JULY 23 2017..........SUNRISE   645 AM EDT   SUNSET   834 PM EDT


-  INDICATES NEGATIVE NUMBERS.
R  INDICATES RECORD WAS SET OR TIED.
MM INDICATES DATA IS MISSING.
T  INDICATES TRACE AMOUNT.

$$
