000
CDUS42 KTAE 290653
CLIVLD


CLIMATE REPORT
NATIONAL WEATHER SERVICE TALLAHASSEE FL
252 AM EDT MON MAY 29 2017


...................................

...THE VALDOSTA CLIMATE SUMMARY FOR MAY 28 2017...

CLIMATE NORMAL PERIOD 1981 TO 2010
CLIMATE RECORD PERIOD 1948 TO 2017


WEATHER ITEM   OBSERVED TIME   NORMAL DEPARTURE LAST
                VALUE   (LST)  VALUE  FROM      YEAR
                                      NORMAL
......................................................
TEMPERATURE (F)
 YESTERDAY
  MAXIMUM         94    428 PM  88      6       90
  MINIMUM         68    140 AM  65      3       64
  AVERAGE         81            77      4       77

PRECIPITATION (IN)
  YESTERDAY        0.00          0.14  -0.14     0.00
  MONTH TO DATE    1.83          2.05  -0.22     3.45
  SINCE MAR 1      4.97          9.79  -4.82    15.44
  SINCE JAN 1     15.28         18.52  -3.24    24.30

DEGREE DAYS
 COOLING
  YESTERDAY       16            12      4       12
  MONTH TO DATE  231           242    -11      243
  SINCE MAR 1    448           367     81      456
  SINCE JAN 1    494           377    117      466
......................................................


WIND (MPH)
  HIGHEST WIND SPEED    17   HIGHEST WIND DIRECTION     W (270)
  HIGHEST GUST SPEED    20   HIGHEST GUST DIRECTION    SW (210)
  AVERAGE WIND SPEED     4.9




RELATIVE HUMIDITY (PERCENT)
 HIGHEST   100
 LOWEST     44
 AVERAGE    72

..........................................................




SUNRISE AND SUNSET
MAY 29 2017...........SUNRISE   631 AM EDT   SUNSET   830 PM EDT
MAY 30 2017...........SUNRISE   631 AM EDT   SUNSET   831 PM EDT


-  INDICATES NEGATIVE NUMBERS.
R  INDICATES RECORD WAS SET OR TIED.
MM INDICATES DATA IS MISSING.
T  INDICATES TRACE AMOUNT.




$$
