000
CDUS42 KTAE 220642
CLIVLD


CLIMATE REPORT
NATIONAL WEATHER SERVICE TALLAHASSEE FL
238 AM EDT MON SEP 22 2014


...................................

...THE VALDOSTA CLIMATE SUMMARY FOR SEPTEMBER 21 2014...

CLIMATE NORMAL PERIOD 1981 TO 2010
CLIMATE RECORD PERIOD 1948 TO 2014


WEATHER ITEM   OBSERVED TIME   NORMAL DEPARTURE LAST
                VALUE   (LST)  VALUE  FROM      YEAR
                                      NORMAL
......................................................
TEMPERATURE (F)
 YESTERDAY
  MAXIMUM         89    244 PM  87      2       92
  MINIMUM         61    638 AM  66     -5       69
  AVERAGE         75            76     -1       81

PRECIPITATION (IN)
  YESTERDAY        0.00          0.14  -0.14     0.51
  MONTH TO DATE    6.19          3.54   2.65     0.65
  SINCE SEP 1      6.19          3.54   2.65     0.65
  SINCE JAN 1     41.62         40.57   1.05    34.81

DEGREE DAYS
 HEATING
  YESTERDAY        0             0      0        0
  MONTH TO DATE    0             0      0        0
  SINCE SEP 1      0             0      0        0
  SINCE JUL 1      0             0      0        0

 COOLING
  YESTERDAY       10            11     -1       16
  MONTH TO DATE  326           281     45      353
  SINCE SEP 1    326           281     45      353
  SINCE JAN 1   2687          2135    552     2627
......................................................


WIND (MPH)
  HIGHEST WIND SPEED     8   HIGHEST WIND DIRECTION    NE (30)
  HIGHEST GUST SPEED    12   HIGHEST GUST DIRECTION     N (10)
  AVERAGE WIND SPEED     1.0




RELATIVE HUMIDITY (PERCENT)
 HIGHEST    93
 LOWEST     36
 AVERAGE    65

..........................................................




SUNRISE AND SUNSET
SEPTEMBER 22 2014.....SUNRISE   721 AM EDT   SUNSET   730 PM EDT
SEPTEMBER 23 2014.....SUNRISE   722 AM EDT   SUNSET   728 PM EDT


-  INDICATES NEGATIVE NUMBERS.
R  INDICATES RECORD WAS SET OR TIED.
MM INDICATES DATA IS MISSING.
T  INDICATES TRACE AMOUNT.




$$
