000
CDUS42 KTAE 230640
CLIVLD


CLIMATE REPORT
NATIONAL WEATHER SERVICE TALLAHASSEE FL
239 AM EDT WED JUL 23 2014


...................................

...THE VALDOSTA CLIMATE SUMMARY FOR JULY 22 2014...

CLIMATE NORMAL PERIOD 1981 TO 2010
CLIMATE RECORD PERIOD 1948 TO 2014


WEATHER ITEM   OBSERVED TIME   NORMAL DEPARTURE LAST
                VALUE   (LST)  VALUE  FROM      YEAR
                                      NORMAL
......................................................
TEMPERATURE (F)
 YESTERDAY
  MAXIMUM         93    455 PM  92      1       91
  MINIMUM         72    550 AM  71      1       74
  AVERAGE         83            82      1       83

PRECIPITATION (IN)
  YESTERDAY        T             0.24  -0.24     0.23
  MONTH TO DATE    3.69          4.65  -0.96     6.58
  SINCE JUN 1      5.93         10.71  -4.78    10.37
  SINCE JAN 1     29.20         29.71  -0.51    24.91

DEGREE DAYS
 COOLING
  YESTERDAY       18            17      1       18
  MONTH TO DATE  421           357     64      392
  SINCE JUN 1    983           789    194      945
  SINCE JAN 1   1586          1201    385     1507
......................................................


WIND (MPH)
  HIGHEST WIND SPEED    12   HIGHEST WIND DIRECTION     S (160)
  HIGHEST GUST SPEED    15   HIGHEST GUST DIRECTION     S (170)
  AVERAGE WIND SPEED     1.4




RELATIVE HUMIDITY (PERCENT)
 HIGHEST    90
 LOWEST     46
 AVERAGE    68

..........................................................




SUNRISE AND SUNSET
JULY 23 2014..........SUNRISE   645 AM EDT   SUNSET   834 PM EDT
JULY 24 2014..........SUNRISE   646 AM EDT   SUNSET   833 PM EDT


-  INDICATES NEGATIVE NUMBERS.
R  INDICATES RECORD WAS SET OR TIED.
MM INDICATES DATA IS MISSING.
T  INDICATES TRACE AMOUNT.




$$
