000
CDUS42 KTAE 230630
CLIVLD


CLIMATE REPORT
NATIONAL WEATHER SERVICE TALLAHASSEE FL
230 AM EDT SAT SEP 23 2017


...................................

...THE VALDOSTA CLIMATE SUMMARY FOR SEPTEMBER 22 2017...

CLIMATE NORMAL PERIOD 1981 TO 2010
CLIMATE RECORD PERIOD 1948 TO 2017


WEATHER ITEM   OBSERVED TIME   NORMAL DEPARTURE LAST
                VALUE   (LST)  VALUE  FROM      YEAR
                                      NORMAL
......................................................
TEMPERATURE (F)
 YESTERDAY
  MAXIMUM         88    421 PM  86      2       89
  MINIMUM         68    621 AM  65      3       68
  AVERAGE         78            76      2       79

PRECIPITATION (IN)
  YESTERDAY        0.00          0.13  -0.13     0.00
  MONTH TO DATE    2.33          3.67  -1.34     5.56
  SINCE SEP 1      2.33          3.67  -1.34     5.56
  SINCE JAN 1     34.11         40.70  -6.59    49.89

DEGREE DAYS
 HEATING
  YESTERDAY        0             0      0        0
  MONTH TO DATE    0             0      0        0
  SINCE SEP 1      0             0      0        0
  SINCE JUL 1      0             0      0        0

 COOLING
  YESTERDAY       13            11      2       14
  MONTH TO DATE  235           292    -57      333
  SINCE SEP 1    235           292    -57      333
  SINCE JAN 1   2218          2146     72     2463
......................................................


WIND (MPH)
  HIGHEST WIND SPEED    13   HIGHEST WIND DIRECTION    NE (60)
  HIGHEST GUST SPEED    17   HIGHEST GUST DIRECTION     E (70)
  AVERAGE WIND SPEED     4.0




RELATIVE HUMIDITY (PERCENT)
 HIGHEST   100
 LOWEST     53
 AVERAGE    77

..........................................................




SUNRISE AND SUNSET
SEPTEMBER 23 2017.....SUNRISE   722 AM EDT   SUNSET   728 PM EDT
SEPTEMBER 24 2017.....SUNRISE   723 AM EDT   SUNSET   727 PM EDT


-  INDICATES NEGATIVE NUMBERS.
R  INDICATES RECORD WAS SET OR TIED.
MM INDICATES DATA IS MISSING.
T  INDICATES TRACE AMOUNT.




$$
