000
CDUS42 KFFC 240037
CLIVPC


CLIMATE REPORT
NATIONAL WEATHER SERVICE PEACHTREE CITY GA
836 PM EDT SUN APR 23 2017


...................................

...THE CARTERSVILLE CLIMATE SUMMARY FOR APRIL 23 2017...
VALID AS OF 0800 PM LOCAL TIME.

CLIMATE NORMAL PERIOD 1981 TO 2010
CLIMATE RECORD PERIOD 9999 TO 9999


WEATHER ITEM   OBSERVED TIME   RECORD YEAR NORMAL DEPARTURE LAST
                VALUE   (LST)  VALUE       VALUE  FROM      YEAR
                                                  NORMAL
..................................................................
TEMPERATURE (F)
 TODAY
  MAXIMUM         66    512 PM  MM      MM  74     -8       75
  MINIMUM         57    718 PM  MM      MM  48      9       49
  AVERAGE         62                        61      1       62

PRECIPITATION (IN)
  TODAY            0.56         MM      MM   0.15   0.41     0.00
  MONTH TO DATE    3.47                      2.89   0.58     2.53
  SINCE MAR 1      6.89                      7.61  -0.72     5.32

SNOWFALL (IN)
  TODAY            0.0          MM      MM  MM     MM       MM
  MONTH TO DATE    0.0                      MM     MM        0.0
  SINCE MAR 1      0.0                      MM     MM        0.0
  SINCE JUL 1      T                        MM     MM         T
  SNOW DEPTH       0

DEGREE DAYS
 HEATING
  TODAY            3                         5     -2        3
  MONTH TO DATE   66                       169   -103      162
  SINCE MAR 1    384                       585   -201      450
  SINCE JUL 1   2214                      3197   -983     2572

 COOLING
  TODAY            0                         1     -1        0
  MONTH TO DATE   51                        12     39        5
  SINCE MAR 1     72                        16     56       12
  SINCE JAN 1     72                        16     56       12
..................................................................


WIND (MPH)
  RESULTANT WIND SPEED   3   RESULTANT WIND DIRECTION   E (110)
  HIGHEST WIND SPEED    13   HIGHEST WIND DIRECTION    SE (120)
  HIGHEST GUST SPEED    20   HIGHEST GUST DIRECTION    SE (120)
  AVERAGE WIND SPEED     3.3


SKY COVER
  AVERAGE SKY COVER 0.9


WEATHER CONDITIONS
 THE FOLLOWING WEATHER WAS RECORDED TODAY.
  HEAVY RAIN
  RAIN
  LIGHT RAIN
  FOG


RELATIVE HUMIDITY (PERCENT)
 HIGHEST   100           500 AM
 LOWEST     73           500 PM
 AVERAGE    87

..........................................................


THE CARTERSVILLE CLIMATE NORMALS FOR TOMORROW
                         NORMAL    RECORD    YEAR
 MAXIMUM TEMPERATURE (F)   75        MM        MM
 MINIMUM TEMPERATURE (F)   48        MM        MM


SUNRISE AND SUNSET
APRIL 23 2017.........SUNRISE   658 AM EDT   SUNSET   817 PM EDT
APRIL 24 2017.........SUNRISE   657 AM EDT   SUNSET   818 PM EDT


-  INDICATES NEGATIVE NUMBERS.
R  INDICATES RECORD WAS SET OR TIED.
MM INDICATES DATA IS MISSING.
T  INDICATES TRACE AMOUNT.




$$
