000
CDUS42 KFFC 200029
CLIVPC


CLIMATE REPORT
NATIONAL WEATHER SERVICE PEACHTREE CITY GA
729 PM EST SUN NOV 19 2017


...................................

...THE CARTERSVILLE CLIMATE SUMMARY FOR NOVEMBER 19 2017...
VALID AS OF 0700 PM LOCAL TIME.

CLIMATE NORMAL PERIOD 1981 TO 2010
CLIMATE RECORD PERIOD 9999 TO 9999


WEATHER ITEM   OBSERVED TIME   RECORD YEAR NORMAL DEPARTURE LAST
                VALUE   (LST)  VALUE       VALUE  FROM      YEAR
                                                  NORMAL
..................................................................
TEMPERATURE (F)
 TODAY
  MAXIMUM         54    139 PM  MM      MM  62     -8       59
  MINIMUM         41    716 PM  MM      MM  38      3       39
  AVERAGE         48                        50     -2       49

PRECIPITATION (IN)
  TODAY            0.00         MM      MM   0.15  -0.15     0.00
  MONTH TO DATE    1.08                      2.32  -1.24     0.00
  SINCE SEP 1     10.76                      9.34   1.42     2.76

SNOWFALL (IN)
  TODAY            0.0          MM      MM  MM     MM        0.0
  MONTH TO DATE    0.0                      MM     MM        0.0
  SINCE SEP 1      0.0                      MM     MM        0.0
  SINCE JUL 1      0.0                      MM     MM        0.0
  SNOW DEPTH       0

DEGREE DAYS
 HEATING
  TODAY           17                        15      2       16
  MONTH TO DATE  184                       231    -47      161
  SINCE SEP 1    362                       423    -61      222
  SINCE JUL 1    362                       423    -61      222
..................................................................


WIND (MPH)
  RESULTANT WIND SPEED   4   RESULTANT WIND DIRECTION   N (0)
  HIGHEST WIND SPEED    14   HIGHEST WIND DIRECTION     N (340)
  HIGHEST GUST SPEED    25   HIGHEST GUST DIRECTION    NW (330)
  AVERAGE WIND SPEED     6.7


SKY COVER
  AVERAGE SKY COVER 0.6


WEATHER CONDITIONS
 THE FOLLOWING WEATHER WAS RECORDED TODAY.
  NO SIGNIFICANT WEATHER WAS OBSERVED.


RELATIVE HUMIDITY (PERCENT)
 HIGHEST    86          1200 AM
 LOWEST     45           200 PM
 AVERAGE    66

..........................................................


THE CARTERSVILLE CLIMATE NORMALS FOR TOMORROW
                         NORMAL    RECORD    YEAR
 MAXIMUM TEMPERATURE (F)   62        MM        MM
 MINIMUM TEMPERATURE (F)   38        MM        MM


SUNRISE AND SUNSET
NOVEMBER 19 2017......SUNRISE   716 AM EST   SUNSET   533 PM EST
NOVEMBER 20 2017......SUNRISE   717 AM EST   SUNSET   533 PM EST


-  INDICATES NEGATIVE NUMBERS.
R  INDICATES RECORD WAS SET OR TIED.
MM INDICATES DATA IS MISSING.
T  INDICATES TRACE AMOUNT.




$$
