000
CDUS42 KFFC 280021
CLIVPC


CLIMATE REPORT
NATIONAL WEATHER SERVICE PEACHTREE CITY GA
721 PM EST SAT DEC 27 2014


...................................

...THE CARTERSVILLE CLIMATE SUMMARY FOR DECEMBER 27 2014...
VALID AS OF 0700 PM LOCAL TIME.

CLIMATE NORMAL PERIOD 1981 TO 2010
CLIMATE RECORD PERIOD 9999 TO 9999


WEATHER ITEM   OBSERVED TIME   RECORD YEAR NORMAL DEPARTURE LAST
                VALUE   (LST)  VALUE       VALUE  FROM      YEAR
                                                  NORMAL
..................................................................
TEMPERATURE (F)
 TODAY
  MAXIMUM         58    400 PM  MM      MM  52      6       53
  MINIMUM         31    433 AM  MM      MM  31      0       22
  AVERAGE         45                        41      4       38

PRECIPITATION (IN)
  TODAY            T            MM      MM   0.10  -0.10     0.00
  MONTH TO DATE    2.95                      3.85  -0.90     9.37
  SINCE DEC 1      2.95                      3.85  -0.90     9.37

SNOWFALL (IN)
  TODAY           MM            MM      MM  MM     MM       MM
  MONTH TO DATE    0.0                      MM     MM        0.0
  SINCE DEC 1      0.0                      MM     MM        0.0
  SINCE JUL 1      0.0                      MM     MM        0.0
  SNOW DEPTH      MM

DEGREE DAYS
 HEATING
  TODAY           20                        24     -4       27
  MONTH TO DATE  509                       597    -88      516
  SINCE DEC 1    509                       597    -88      516
  SINCE JUL 1   1228                      1206     22     1171
..................................................................


WIND (MPH)
  RESULTANT WIND SPEED   2   RESULTANT WIND DIRECTION   E (110)
  HIGHEST WIND SPEED     8   HIGHEST WIND DIRECTION    SE (130)
  HIGHEST GUST SPEED    11   HIGHEST GUST DIRECTION     E (100)
  AVERAGE WIND SPEED     2.2


SKY COVER
  AVERAGE SKY COVER 0.5


WEATHER CONDITIONS
 THE FOLLOWING WEATHER WAS RECORDED TODAY.
  LIGHT RAIN


RELATIVE HUMIDITY (PERCENT)
 HIGHEST    96           500 AM
 LOWEST     55           300 PM
 AVERAGE    76

..........................................................


THE CARTERSVILLE CLIMATE NORMALS FOR TOMORROW
                         NORMAL    RECORD    YEAR
 MAXIMUM TEMPERATURE (F)   51        MM        MM
 MINIMUM TEMPERATURE (F)   31        MM        MM


SUNRISE AND SUNSET
DECEMBER 27 2014......SUNRISE   744 AM EST   SUNSET   537 PM EST
DECEMBER 28 2014......SUNRISE   744 AM EST   SUNSET   538 PM EST


-  INDICATES NEGATIVE NUMBERS.
R  INDICATES RECORD WAS SET OR TIED.
MM INDICATES DATA IS MISSING.
T  INDICATES TRACE AMOUNT.




$$
