000
CDUS43 KLOT 270634
CLIVPZ


CLIMATE REPORT
NATIONAL WEATHER SERVICE CHICAGO IL
133 AM CDT FRI MAR 27 2015


...................................

...THE VALPARAISO CLIMATE SUMMARY FOR MARCH 26 2015...

CLIMATE NORMAL PERIOD 1981 TO 2010
CLIMATE RECORD PERIOD 1998 TO 2015


WEATHER ITEM   OBSERVED TIME   RECORD YEAR NORMAL DEPARTURE LAST
                VALUE   (LST)  VALUE       VALUE  FROM      YEAR
                                                  NORMAL
..................................................................
TEMPERATURE (F)
 YESTERDAY
  MAXIMUM         44    213 PM  75    1976  51     -7       37
                                      1925
  MINIMUM         31   1159 PM  10    1955  32     -1       14
                                      1944
                                      1894
  AVERAGE         38                        42     -4       26

PRECIPITATION (IN)
  YESTERDAY        T             1.85 1970   0.09  -0.09     0.00
  MONTH TO DATE    0.61                      2.03  -1.42     0.61
  SINCE MAR 1      0.61                      2.03  -1.42     0.61
  SINCE JAN 1      2.22                      5.20  -2.98     3.24

DEGREE DAYS
 HEATING
  YESTERDAY       27                        24      3       39
  MONTH TO DATE  815                       733     82      879
  SINCE MAR 1    815                       733     82      879
  SINCE JUL 1   6073                      5465    608     6328

 COOLING
  YESTERDAY        0                         0      0        0
  MONTH TO DATE    0                         0      0        0
  SINCE MAR 1      0                         0      0        0
  SINCE JAN 1      0                         0      0        0
..................................................................


WIND (MPH)
  RESULTANT WIND SPEED   7   RESULTANT WIND DIRECTION   N (340)
  HIGHEST WIND SPEED    15   HIGHEST WIND DIRECTION     N (340)
  HIGHEST GUST SPEED    22   HIGHEST GUST DIRECTION     N (340)
  AVERAGE WIND SPEED     8.3



WEATHER CONDITIONS
 THE FOLLOWING WEATHER WAS RECORDED YESTERDAY.
  LIGHT SNOW
  FOG


..........................................................


THE VALPARAISO CLIMATE NORMALS FOR TODAY
                         NORMAL    RECORD    YEAR
 MAXIMUM TEMPERATURE (F)   52        79      1945
 MINIMUM TEMPERATURE (F)   32         1      1965


SUNRISE AND SUNSET
MARCH 27 2015.........SUNRISE   640 AM CDT   SUNSET   708 PM CDT
MARCH 28 2015.........SUNRISE   638 AM CDT   SUNSET   709 PM CDT


-  INDICATES NEGATIVE NUMBERS.
R  INDICATES RECORD WAS SET OR TIED.
MM INDICATES DATA IS MISSING.
T  INDICATES TRACE AMOUNT.




$$
