000
CDUS43 KLOT 190639
CLIVPZ


CLIMATE REPORT
NATIONAL WEATHER SERVICE CHICAGO IL
1237 AM CST THU JAN 19 2017


...................................

...THE VALPARAISO CLIMATE SUMMARY FOR JANUARY 18 2017...

CLIMATE NORMAL PERIOD 1981 TO 2010
CLIMATE RECORD PERIOD 1998 TO 2017


WEATHER ITEM   OBSERVED TIME   RECORD YEAR NORMAL DEPARTURE LAST
                VALUE   (LST)  VALUE       VALUE  FROM      YEAR
                                                  NORMAL
..................................................................
TEMPERATURE (F)
 YESTERDAY
  MAXIMUM         38    907 PM  46    1999  31      7       12
  MINIMUM         35    203 PM  -3    2016  16     19       -3
  AVERAGE         37                        23     14        5

PRECIPITATION (IN)
  YESTERDAY        0.00          0.07 2011   0.06  -0.06      T
  MONTH TO DATE    1.82                      0.98   0.84     0.40
  SINCE DEC 1      2.57                      3.16  -0.59     2.53
  SINCE JAN 1      1.82                      0.98   0.84     0.40

DEGREE DAYS
 HEATING
  YESTERDAY       28                        42    -14       60
  MONTH TO DATE  671                       747    -76      719
  SINCE DEC 1   1869                      1891    -22     1432
  SINCE JUL 1   2682                      3149   -467     2408

 COOLING
  YESTERDAY        0                         0      0        0
  MONTH TO DATE    0                         0      0        0
  SINCE DEC 1      0                         0      0        0
  SINCE JAN 1      0                         0      0        0
..................................................................


WIND (MPH)
  RESULTANT WIND SPEED  11   RESULTANT WIND DIRECTION  SW (240)
  HIGHEST WIND SPEED    20   HIGHEST WIND DIRECTION    SW (220)
  HIGHEST GUST SPEED    23   HIGHEST GUST DIRECTION    SW (220)
  AVERAGE WIND SPEED    11.4



WEATHER CONDITIONS
 THE FOLLOWING WEATHER WAS RECORDED YESTERDAY.
  FOG


..........................................................


THE VALPARAISO CLIMATE NORMALS FOR TODAY
                         NORMAL    RECORD    YEAR
 MAXIMUM TEMPERATURE (F)   31        55      2006
 MINIMUM TEMPERATURE (F)   16        -3      2003


SUNRISE AND SUNSET
JANUARY 19 2017.......SUNRISE   710 AM CST   SUNSET   448 PM CST
JANUARY 20 2017.......SUNRISE   709 AM CST   SUNSET   450 PM CST


-  INDICATES NEGATIVE NUMBERS.
R  INDICATES RECORD WAS SET OR TIED.
MM INDICATES DATA IS MISSING.
T  INDICATES TRACE AMOUNT.




$$
