000
CDUS43 KLOT 190632
CLIVPZ


CLIMATE REPORT
NATIONAL WEATHER SERVICE CHICAGO IL
1232 AM CST FRI DEC 19 2014


...................................

...THE VALPARAISO CLIMATE SUMMARY FOR DECEMBER 18 2014...

CLIMATE NORMAL PERIOD 1981 TO 2010
CLIMATE RECORD PERIOD 1998 TO 2014


WEATHER ITEM   OBSERVED TIME   RECORD YEAR NORMAL DEPARTURE LAST
                VALUE   (LST)  VALUE       VALUE  FROM      YEAR
                                                  NORMAL
..................................................................
TEMPERATURE (F)
 YESTERDAY
  MAXIMUM         27    322 PM  53    2002  34     -7       35
  MINIMUM         21    511 PM  -2    2000  20      1       10
  AVERAGE         24                        27     -3       23

PRECIPITATION (IN)
  YESTERDAY        0.00          0.91 2002   0.07  -0.07     0.00
  MONTH TO DATE    0.26                      1.34  -1.08     0.45
  SINCE DEC 1      0.26                      1.34  -1.08     0.45
  SINCE JAN 1     38.08                     36.67   1.41    35.00

DEGREE DAYS
 HEATING
  YESTERDAY       41                        38      3       42
  MONTH TO DATE  580                       631    -51      771
  SINCE DEC 1    580                       631    -51      771
  SINCE JUL 1   2081                      1889    192     2157

 COOLING
  YESTERDAY        0                         0      0        0
  MONTH TO DATE    0                         0      0        0
  SINCE DEC 1      0                         0      0        0
  SINCE JAN 1    611                       713   -102      810
..................................................................


WIND (MPH)
  RESULTANT WIND SPEED   5   RESULTANT WIND DIRECTION  SW (240)
  HIGHEST WIND SPEED    12   HIGHEST WIND DIRECTION    SW (240)
  HIGHEST GUST SPEED    13   HIGHEST GUST DIRECTION    SW (220)
  AVERAGE WIND SPEED     5.6



WEATHER CONDITIONS
 THE FOLLOWING WEATHER WAS RECORDED YESTERDAY.
  HAZE


..........................................................


THE VALPARAISO CLIMATE NORMALS FOR TODAY
                         NORMAL    RECORD    YEAR
 MAXIMUM TEMPERATURE (F)   33        53      2011
 MINIMUM TEMPERATURE (F)   20        -2      2005


SUNRISE AND SUNSET
DECEMBER 19 2014......SUNRISE   710 AM CST   SUNSET   421 PM CST
DECEMBER 20 2014......SUNRISE   710 AM CST   SUNSET   421 PM CST


-  INDICATES NEGATIVE NUMBERS.
R  INDICATES RECORD WAS SET OR TIED.
MM INDICATES DATA IS MISSING.
T  INDICATES TRACE AMOUNT.




$$
