000
CDUS43 KLOT 040631
CLIVPZ


CLIMATE REPORT
NATIONAL WEATHER SERVICE CHICAGO IL
131 AM CDT SAT JUL 4 2015


...................................

...THE VALPARAISO CLIMATE SUMMARY FOR JULY 3 2015...

CLIMATE NORMAL PERIOD 1981 TO 2010
CLIMATE RECORD PERIOD 1998 TO 2015


WEATHER ITEM   OBSERVED TIME   RECORD YEAR NORMAL DEPARTURE LAST
                VALUE   (LST)  VALUE       VALUE  FROM      YEAR
                                                  NORMAL
..................................................................
TEMPERATURE (F)
 YESTERDAY
  MAXIMUM         77    146 PM  95    2002  83     -6       73
  MINIMUM         56   1140 PM  53    2005  62     -6       54
  AVERAGE         67                        73     -6       64

PRECIPITATION (IN)
  YESTERDAY        0.00          0.87 2004   0.12  -0.12     0.14
  MONTH TO DATE    0.00                      0.33  -0.33     0.23
  SINCE JUN 1      5.61                      4.24   1.37     8.44
  SINCE JAN 1     14.40                     17.22  -2.82    17.37

DEGREE DAYS
 HEATING
  YESTERDAY        0                         0      0        1
  MONTH TO DATE    2                         0      2        1
  SINCE JUN 1     29                        41    -12       21
  SINCE JUL 1      2                         0      2        1

 COOLING
  YESTERDAY        2                         8     -6        0
  MONTH TO DATE    2                        24    -22        9
  SINCE JUN 1    134                       188    -54      168
  SINCE JAN 1    210                       235    -25      241
..................................................................


WIND (MPH)
  RESULTANT WIND SPEED   4   RESULTANT WIND DIRECTION  NE (50)
  HIGHEST WIND SPEED    10   HIGHEST WIND DIRECTION     N (10)
  HIGHEST GUST SPEED    15   HIGHEST GUST DIRECTION     N (10)
  AVERAGE WIND SPEED     4.6



WEATHER CONDITIONS
 THE FOLLOWING WEATHER WAS RECORDED YESTERDAY.
  FOG


..........................................................


THE VALPARAISO CLIMATE NORMALS FOR TODAY
                         NORMAL    RECORD    YEAR
 MAXIMUM TEMPERATURE (F)   83        98      2012
 MINIMUM TEMPERATURE (F)   62        51      2014


SUNRISE AND SUNSET
JULY  4 2015..........SUNRISE   520 AM CDT   SUNSET   825 PM CDT
JULY  5 2015..........SUNRISE   520 AM CDT   SUNSET   825 PM CDT


-  INDICATES NEGATIVE NUMBERS.
R  INDICATES RECORD WAS SET OR TIED.
MM INDICATES DATA IS MISSING.
T  INDICATES TRACE AMOUNT.




$$
