000
CDUS43 KLOT 240638
CLIVPZ


CLIMATE REPORT
NATIONAL WEATHER SERVICE CHICAGO IL
138 AM CDT TUE OCT 24 2017


...................................

...THE VALPARAISO CLIMATE SUMMARY FOR OCTOBER 23 2017...

CLIMATE NORMAL PERIOD 1981 TO 2010
CLIMATE RECORD PERIOD 1998 TO 2017


WEATHER ITEM   OBSERVED TIME   RECORD YEAR NORMAL DEPARTURE LAST
                VALUE   (LST)  VALUE       VALUE  FROM      YEAR
                                                  NORMAL
..................................................................
TEMPERATURE (F)
 YESTERDAY
  MAXIMUM         57    950 AM  76    2016  60     -3       76
  MINIMUM         51   1159 PM  30    2014  41     10       43
  AVERAGE         54                        50      4       60

PRECIPITATION (IN)
  YESTERDAY        1.81R         1.71 2009   0.11   1.70     0.00
  MONTH TO DATE    6.25                      2.45   3.80     3.83
  SINCE SEP 1      7.65                      5.66   1.99     5.07
  SINCE JAN 1     31.70                     31.20   0.50    27.91

DEGREE DAYS
 HEATING
  YESTERDAY       11                        15     -4        5
  MONTH TO DATE   75                       272   -197      141
  SINCE SEP 1    134                       385   -251      168
  SINCE JUL 1    140                       402   -262      176

 COOLING
  YESTERDAY        0                         0      0        0
  MONTH TO DATE   48                        11     37       21
  SINCE SEP 1    204                        77    127      162
  SINCE JAN 1    968                       713    255     1011
..................................................................


WIND (MPH)
  RESULTANT WIND SPEED   6   RESULTANT WIND DIRECTION  NW (330)
  HIGHEST WIND SPEED    21   HIGHEST WIND DIRECTION     W (270)
  HIGHEST GUST SPEED    27   HIGHEST GUST DIRECTION     W (270)
  AVERAGE WIND SPEED    10.6



WEATHER CONDITIONS
 THE FOLLOWING WEATHER WAS RECORDED YESTERDAY.
  HEAVY RAIN
  RAIN
  LIGHT RAIN
  FOG


..........................................................


THE VALPARAISO CLIMATE NORMALS FOR TODAY
                         NORMAL    RECORD    YEAR
 MAXIMUM TEMPERATURE (F)   60        79      2012
 MINIMUM TEMPERATURE (F)   40        30      2006


SUNRISE AND SUNSET
OCTOBER 24 2017.......SUNRISE   710 AM CDT   SUNSET   553 PM CDT
OCTOBER 25 2017.......SUNRISE   712 AM CDT   SUNSET   552 PM CDT


-  INDICATES NEGATIVE NUMBERS.
R  INDICATES RECORD WAS SET OR TIED.
MM INDICATES DATA IS MISSING.
T  INDICATES TRACE AMOUNT.




$$
