000
CDUS43 KLOT 220632
CLIVPZ


CLIMATE REPORT
NATIONAL WEATHER SERVICE CHICAGO IL
132 AM CDT FRI MAY 22 2015


...................................

...THE VALPARAISO CLIMATE SUMMARY FOR MAY 21 2015...

CLIMATE NORMAL PERIOD 1981 TO 2010
CLIMATE RECORD PERIOD 1998 TO 2015


WEATHER ITEM   OBSERVED TIME   RECORD YEAR NORMAL DEPARTURE LAST
                VALUE   (LST)  VALUE       VALUE  FROM      YEAR
                                                  NORMAL
..................................................................
TEMPERATURE (F)
 YESTERDAY
  MAXIMUM         67    426 PM  84    2009  72     -5       83
  MINIMUM         42    158 AM  30    2002  50     -8       62
  AVERAGE         55                        61     -6       73

PRECIPITATION (IN)
  YESTERDAY        T             0.68 2013   0.14  -0.14     0.00
  MONTH TO DATE    2.29                      2.65  -0.36     2.83
  SINCE MAR 1      5.06                      8.66  -3.60     5.82
  SINCE JAN 1      6.67                     11.83  -5.16     8.45

DEGREE DAYS
 HEATING
  YESTERDAY       10                         6      4        0
  MONTH TO DATE  126                       174    -48      201
  SINCE MAR 1   1536                      1501     35     1719
  SINCE JUL 1   6794                      6233    561     7168

 COOLING
  YESTERDAY        0                         2     -2        8
  MONTH TO DATE   41                        20     21       40
  SINCE MAR 1     41                        25     16       40
  SINCE JAN 1     41                        25     16       40
..................................................................


WIND (MPH)
  RESULTANT WIND SPEED   6   RESULTANT WIND DIRECTION   W (270)
  HIGHEST WIND SPEED    18   HIGHEST WIND DIRECTION     W (270)
  HIGHEST GUST SPEED    25   HIGHEST GUST DIRECTION    SW (240)
  AVERAGE WIND SPEED     7.3



WEATHER CONDITIONS
 THE FOLLOWING WEATHER WAS RECORDED YESTERDAY.
  LIGHT RAIN


..........................................................


THE VALPARAISO CLIMATE NORMALS FOR TODAY
                         NORMAL    RECORD    YEAR
 MAXIMUM TEMPERATURE (F)   72        87      2007
 MINIMUM TEMPERATURE (F)   50        36      2006


SUNRISE AND SUNSET
MAY 22 2015...........SUNRISE   523 AM CDT   SUNSET   807 PM CDT
MAY 23 2015...........SUNRISE   522 AM CDT   SUNSET   808 PM CDT


-  INDICATES NEGATIVE NUMBERS.
R  INDICATES RECORD WAS SET OR TIED.
MM INDICATES DATA IS MISSING.
T  INDICATES TRACE AMOUNT.




$$
