000
CDUS43 KLOT 260638
CLIVPZ


CLIMATE REPORT
NATIONAL WEATHER SERVICE CHICAGO IL
138 AM CDT THU MAY 26 2016


...................................

...THE VALPARAISO CLIMATE SUMMARY FOR MAY 25 2016...

CLIMATE NORMAL PERIOD 1981 TO 2010
CLIMATE RECORD PERIOD 1998 TO 2016


WEATHER ITEM   OBSERVED TIME   RECORD YEAR NORMAL DEPARTURE LAST
                VALUE   (LST)  VALUE       VALUE  FROM      YEAR
                                                  NORMAL
..................................................................
TEMPERATURE (F)
 YESTERDAY
  MAXIMUM         88R   344 PM  87    2010  73     15       81
  MINIMUM         60    442 AM  36    2013  51      9       68
  AVERAGE         74                        62     12       75

PRECIPITATION (IN)
  YESTERDAY        0.04          1.72 2011   0.12  -0.08     0.01
  MONTH TO DATE    1.70                      3.17  -1.47     2.30
  SINCE MAR 1      7.43                      9.18  -1.75     5.07
  SINCE JAN 1      8.76                     12.35  -3.59     6.68

DEGREE DAYS
 HEATING
  YESTERDAY        0                         5     -5        0
  MONTH TO DATE  237                       195     42      133
  SINCE MAR 1   1380                      1522   -142     1543
  SINCE JUL 1   5238                      6254  -1016     6801

 COOLING
  YESTERDAY        9                         2      7       10
  MONTH TO DATE   15                        28    -13       55
  SINCE MAR 1     21                        33    -12       55
  SINCE JAN 1     21                        33    -12       55
..................................................................


WIND (MPH)
  RESULTANT WIND SPEED   7   RESULTANT WIND DIRECTION   S (190)
  HIGHEST WIND SPEED    29   HIGHEST WIND DIRECTION    SW (220)
  HIGHEST GUST SPEED    35   HIGHEST GUST DIRECTION    SW (220)
  AVERAGE WIND SPEED     9.0



WEATHER CONDITIONS
 THE FOLLOWING WEATHER WAS RECORDED YESTERDAY.
  THUNDERSTORM
  RAIN
  LIGHT RAIN


..........................................................


THE VALPARAISO CLIMATE NORMALS FOR TODAY
                         NORMAL    RECORD    YEAR
 MAXIMUM TEMPERATURE (F)   74        91      2012
 MINIMUM TEMPERATURE (F)   51        37      2002


SUNRISE AND SUNSET
MAY 26 2016...........SUNRISE   520 AM CDT   SUNSET   811 PM CDT
MAY 27 2016...........SUNRISE   519 AM CDT   SUNSET   812 PM CDT


-  INDICATES NEGATIVE NUMBERS.
R  INDICATES RECORD WAS SET OR TIED.
MM INDICATES DATA IS MISSING.
T  INDICATES TRACE AMOUNT.




$$
