000
CDUS43 KLOT 220633
CLIVPZ


CLIMATE REPORT
NATIONAL WEATHER SERVICE CHICAGO IL
1232 AM CST WED FEB 22 2017


...................................

...THE VALPARAISO CLIMATE SUMMARY FOR FEBRUARY 21 2017...

CLIMATE NORMAL PERIOD 1981 TO 2010
CLIMATE RECORD PERIOD 1998 TO 2017


WEATHER ITEM   OBSERVED TIME   RECORD YEAR NORMAL DEPARTURE LAST
                VALUE   (LST)  VALUE       VALUE  FROM      YEAR
                                                  NORMAL
..................................................................
TEMPERATURE (F)
 YESTERDAY
  MAXIMUM         66R   410 PM  46    2016  37     29       46
  MINIMUM         52   1159 PM   4    2008  22     30       32
  AVERAGE         59                        29     30       39

PRECIPITATION (IN)
  YESTERDAY        0.05          0.33 2010   0.05   0.00     0.00
  MONTH TO DATE    0.53                      1.05  -0.52     0.72
  SINCE DEC 1      3.69                      4.98  -1.29     3.31
  SINCE JAN 1      2.94                      2.80   0.14     1.18

DEGREE DAYS
 HEATING
  YESTERDAY        6                        36    -30       26
  MONTH TO DATE  527                       809   -282      751
  SINCE DEC 1   2768                      3236   -468     2656
  SINCE JUL 1   3581                      4494   -913     3632

 COOLING
  YESTERDAY        0                         0      0        0
  MONTH TO DATE    0                         0      0        0
  SINCE DEC 1      0                         0      0        0
  SINCE JAN 1      0                         0      0        0
..................................................................


WIND (MPH)
  RESULTANT WIND SPEED   6   RESULTANT WIND DIRECTION   S (180)
  HIGHEST WIND SPEED    10   HIGHEST WIND DIRECTION     S (200)
  HIGHEST GUST SPEED    15   HIGHEST GUST DIRECTION    SE (150)
  AVERAGE WIND SPEED     5.1



WEATHER CONDITIONS
 THE FOLLOWING WEATHER WAS RECORDED YESTERDAY.
  LIGHT RAIN
  FOG


..........................................................


THE VALPARAISO CLIMATE NORMALS FOR TODAY
                         NORMAL    RECORD    YEAR
 MAXIMUM TEMPERATURE (F)   38        53      2000
 MINIMUM TEMPERATURE (F)   22         8      2015


SUNRISE AND SUNSET
FEBRUARY 22 2017......SUNRISE   633 AM CST   SUNSET   531 PM CST
FEBRUARY 23 2017......SUNRISE   631 AM CST   SUNSET   532 PM CST


-  INDICATES NEGATIVE NUMBERS.
R  INDICATES RECORD WAS SET OR TIED.
MM INDICATES DATA IS MISSING.
T  INDICATES TRACE AMOUNT.




$$
