000
CDUS42 KMLB 292032
CLIVRB


CLIMATE REPORT
NATIONAL WEATHER SERVICE MELBOURNE FL
431 PM EDT WED JUL 29 2015


...................................

...THE VERO BEACH CLIMATE SUMMARY FOR JULY 29 2015...
VALID TODAY AS OF 0400 PM LOCAL TIME.

CLIMATE NORMAL PERIOD 1981 TO 2010
CLIMATE RECORD PERIOD 1942 TO 2015


WEATHER ITEM   OBSERVED TIME   RECORD YEAR NORMAL DEPARTURE LAST
                VALUE   (LST)  VALUE       VALUE  FROM      YEAR
                                                  NORMAL
..................................................................
TEMPERATURE (F)
 TODAY
  MAXIMUM         88   1217 PM  97    1999  90     -2       93
                                      1950
  MINIMUM         79    629 AM  69    1976  74      5       74
                                      1972
                                      1967
  AVERAGE         84                        82      2       84

PRECIPITATION (IN)
  TODAY            0.00          1.74 2007   0.18  -0.18     0.05
  MONTH TO DATE    5.55                      5.28   0.27     6.14
  SINCE JUN 1     10.46                     11.95  -1.49    13.84
  SINCE JAN 1     22.18                     27.32  -5.14    27.02

SNOWFALL (IN)
  TODAY            0.0
  MONTH TO DATE    0.0
  SINCE JUL 1      0.0

DEGREE DAYS
 HEATING
  TODAY            0                         0      0        0
  MONTH TO DATE    0                         0      0        0
  SINCE JUN 1      0                         0      0        0
  SINCE JUL 1      0                         0      0        0

 COOLING
  TODAY           19                        17      2       19
  MONTH TO DATE  529                       484     45      455
  SINCE JUN 1   1042                       940    102      889
  SINCE JAN 1   2194                      1746    448     1815
..................................................................


WIND (MPH)
  HIGHEST WIND SPEED    18   HIGHEST WIND DIRECTION    SW (230)
  HIGHEST GUST SPEED    25   HIGHEST GUST DIRECTION    SW (240)
  AVERAGE WIND SPEED     8.0


SKY COVER
  AVERAGE SKY COVER 0.7


WEATHER CONDITIONS
 THE FOLLOWING WEATHER WAS RECORDED TODAY.
  THUNDERSTORM


RELATIVE HUMIDITY (PERCENT)
 HIGHEST    91           300 AM
 LOWEST     65           300 PM
 AVERAGE    78

..........................................................


THE VERO BEACH CLIMATE NORMALS FOR TOMORROW
                         NORMAL    RECORD    YEAR
 MAXIMUM TEMPERATURE (F)   90        97      2010
 MINIMUM TEMPERATURE (F)   74        69      2000
                                             1982
                                             1976


SUNRISE AND SUNSET
JULY 29 2015..........SUNRISE   643 AM EDT   SUNSET   813 PM EDT
JULY 30 2015..........SUNRISE   644 AM EDT   SUNSET   812 PM EDT


-  INDICATES NEGATIVE NUMBERS.
R  INDICATES RECORD WAS SET OR TIED.
MM INDICATES DATA IS MISSING.
T  INDICATES TRACE AMOUNT.




$$
