000
CDUS42 KMLB 240631
CLIVRB


CLIMATE REPORT
NATIONAL WEATHER SERVICE MELBOURNE FL
231 AM EDT MON APR 24 2017


...................................

...THE VERO BEACH CLIMATE SUMMARY FOR APRIL 23 2017...

CLIMATE NORMAL PERIOD 1981 TO 2010
CLIMATE RECORD PERIOD 1942 TO 2017


WEATHER ITEM   OBSERVED TIME   RECORD YEAR NORMAL DEPARTURE LAST
                VALUE   (LST)  VALUE       VALUE  FROM      YEAR
                                                  NORMAL
..................................................................
TEMPERATURE (F)
 YESTERDAY
  MAXIMUM         78    357 PM  92    1988  81     -3       86
  MINIMUM         67   1159 PM  46    1993  62      5       70
  AVERAGE         73                        72      1       78

PRECIPITATION (IN)
  YESTERDAY        0.08          0.90 1997   0.09  -0.01     0.00
  MONTH TO DATE    2.74                      2.13   0.61     1.49
  SINCE MAR 1      4.36                      6.25  -1.89     4.35
  SINCE JAN 1      6.32                     11.42  -5.10    17.70

SNOWFALL (IN)
  YESTERDAY        0.0
  MONTH TO DATE    0.0
  SINCE JUL 1      0.0

DEGREE DAYS
 HEATING
  YESTERDAY        0                         0      0        0
  MONTH TO DATE    3                        13    -10        5
  SINCE MAR 1     42                        68    -26       16
  SINCE JUL 1    185                       453   -268      284

 COOLING
  YESTERDAY        8                         7      1       13
  MONTH TO DATE  213                       136     77      159
  SINCE MAR 1    370                       265    105      395
  SINCE JAN 1    571                       404    167      493
..................................................................


WIND (MPH)
  HIGHEST WIND SPEED    16   HIGHEST WIND DIRECTION     E (110)
  HIGHEST GUST SPEED    21   HIGHEST GUST DIRECTION     E (110)
  AVERAGE WIND SPEED     7.6


SKY COVER
  AVERAGE SKY COVER 0.7


WEATHER CONDITIONS
 THE FOLLOWING WEATHER WAS RECORDED YESTERDAY.
  LIGHT RAIN
  FOG


RELATIVE HUMIDITY (PERCENT)
 HIGHEST    93          1000 AM
 LOWEST     69          1200 AM
 AVERAGE    81

..........................................................


THE VERO BEACH CLIMATE NORMALS FOR TODAY
                         NORMAL    RECORD    YEAR
 MAXIMUM TEMPERATURE (F)   82        94      1968
 MINIMUM TEMPERATURE (F)   63        50      2012
                                             1998


SUNRISE AND SUNSET
APRIL 24 2017.........SUNRISE   648 AM EDT   SUNSET   752 PM EDT
APRIL 25 2017.........SUNRISE   647 AM EDT   SUNSET   752 PM EDT


-  INDICATES NEGATIVE NUMBERS.
R  INDICATES RECORD WAS SET OR TIED.
MM INDICATES DATA IS MISSING.
T  INDICATES TRACE AMOUNT.




$$
