000
CDUS42 KMLB 200627
CLIVRB


CLIMATE REPORT
NATIONAL WEATHER SERVICE MELBOURNE
227 AM EDT SUN APR 20 2014


...................................

...THE VERO BEACH CLIMATE SUMMARY FOR APRIL 19 2014...

CLIMATE NORMAL PERIOD 1981 TO 2010
CLIMATE RECORD PERIOD 1942 TO 2014


WEATHER ITEM   OBSERVED TIME   RECORD YEAR NORMAL DEPARTURE LAST
                VALUE   (LST)  VALUE       VALUE  FROM      YEAR
                                                  NORMAL
..................................................................
TEMPERATURE (F)
 YESTERDAY
  MAXIMUM         83   1234 PM  93    1969  81      2       88
  MINIMUM         60   1159 PM  43    1999  62     -2       74
  AVERAGE         72                        71      1       81

PRECIPITATION (IN)
  YESTERDAY        0.37          1.75 1943   0.08   0.29     0.73
  MONTH TO DATE    1.99                      1.78   0.21     2.85
  SINCE MAR 1      3.94                      5.90  -1.96     3.95
  SINCE JAN 1     10.49                     11.07  -0.58     6.50

SNOWFALL (IN)
  YESTERDAY        0.0
  MONTH TO DATE    0.0
  SINCE JUL 1      0.0

DEGREE DAYS
 HEATING
  YESTERDAY        0                         0      0        0
  MONTH TO DATE    5                        13     -8        0
  SINCE MAR 1     33                        68    -35      170
  SINCE JUL 1    268                       453   -185      398

 COOLING
  YESTERDAY        7                         7      0       16
  MONTH TO DATE  137                       108     29      190
  SINCE MAR 1    257                       237     20      252
  SINCE JAN 1    465                       376     89      487
..................................................................


WIND (MPH)
  HIGHEST WIND SPEED    22   HIGHEST WIND DIRECTION     W (260)
  HIGHEST GUST SPEED    26   HIGHEST GUST DIRECTION     W (270)
  AVERAGE WIND SPEED    11.5


SKY COVER
  AVERAGE SKY COVER 0.4


WEATHER CONDITIONS
 THE FOLLOWING WEATHER WAS RECORDED YESTERDAY.
  THUNDERSTORM
  HEAVY RAIN
  LIGHT RAIN
  FOG


RELATIVE HUMIDITY (PERCENT)
 HIGHEST   100           200 AM
 LOWEST     50           600 PM
 AVERAGE    75

..........................................................


THE VERO BEACH CLIMATE NORMALS FOR TODAY
                         NORMAL    RECORD    YEAR
 MAXIMUM TEMPERATURE (F)   81        90      1968
 MINIMUM TEMPERATURE (F)   62        49      1999


SUNRISE AND SUNSET
APRIL 20 2014.........SUNRISE   652 AM EDT   SUNSET   749 PM EDT
APRIL 21 2014.........SUNRISE   651 AM EDT   SUNSET   750 PM EDT


-  INDICATES NEGATIVE NUMBERS.
R  INDICATES RECORD WAS SET OR TIED.
MM INDICATES DATA IS MISSING.
T  INDICATES TRACE AMOUNT.




$$
