000
CDUS42 KMLB 060627
CLIVRB


CLIMATE REPORT
NATIONAL WEATHER SERVICE MELBOURNE FL
126 AM EST FRI MAR 6 2015


...................................

...THE VERO BEACH CLIMATE SUMMARY FOR MARCH 5 2015...

CLIMATE NORMAL PERIOD 1981 TO 2010
CLIMATE RECORD PERIOD 1942 TO 2015


WEATHER ITEM   OBSERVED TIME   RECORD YEAR NORMAL DEPARTURE LAST
                VALUE   (LST)  VALUE       VALUE  FROM      YEAR
                                                  NORMAL
..................................................................
TEMPERATURE (F)
 YESTERDAY
  MAXIMUM         88    312 PM  89    2003  76     12       82
  MINIMUM         71   1148 PM  33    2010  56     15       58
  AVERAGE         80                        66     14       70

PRECIPITATION (IN)
  YESTERDAY        0.00          0.78 1982   0.12  -0.12     0.00
  MONTH TO DATE    T                         0.55  -0.55     0.00
  SINCE MAR 1      T                         0.55  -0.55     0.00
  SINCE JAN 1      3.63                      5.72  -2.09     6.55

SNOWFALL (IN)
  YESTERDAY        0.0
  MONTH TO DATE    0.0
  SINCE JUL 1      0.0

DEGREE DAYS
 HEATING
  YESTERDAY        0                         3     -3        0
  MONTH TO DATE    0                        15    -15        0
  SINCE MAR 1      0                        15    -15        0
  SINCE JUL 1    372                       400    -28      235

 COOLING
  YESTERDAY       15                         4     11        5
  MONTH TO DATE   44                        20     24       18
  SINCE MAR 1     44                        20     24       18
  SINCE JAN 1    169                       159     10      226
..................................................................


WIND (MPH)
  HIGHEST WIND SPEED    20   HIGHEST WIND DIRECTION    SW (230)
  HIGHEST GUST SPEED    23   HIGHEST GUST DIRECTION    SW (230)
  AVERAGE WIND SPEED     9.0


SKY COVER
  AVERAGE SKY COVER 0.2


WEATHER CONDITIONS
 THE FOLLOWING WEATHER WAS RECORDED YESTERDAY.
  NO SIGNIFICANT WEATHER WAS OBSERVED.


RELATIVE HUMIDITY (PERCENT)
 HIGHEST    90           100 AM
 LOWEST     40           200 PM
 AVERAGE    65

..........................................................


THE VERO BEACH CLIMATE NORMALS FOR TODAY
                         NORMAL    RECORD    YEAR
 MAXIMUM TEMPERATURE (F)   76        90      2003
                                             1945
 MINIMUM TEMPERATURE (F)   57        38      1962


SUNRISE AND SUNSET
MARCH  6 2015.........SUNRISE   641 AM EST   SUNSET   625 PM EST
MARCH  7 2015.........SUNRISE   640 AM EST   SUNSET   626 PM EST


-  INDICATES NEGATIVE NUMBERS.
R  INDICATES RECORD WAS SET OR TIED.
MM INDICATES DATA IS MISSING.
T  INDICATES TRACE AMOUNT.




$$
