682
CDUS42 KMLB 192114
CLIVRB


CLIMATE REPORT
NATIONAL WEATHER SERVICE MELBOURNE FL
414 PM EST SUN NOV 19 2017


...................................

...THE VERO BEACH CLIMATE SUMMARY FOR NOVEMBER 19 2017...
VALID TODAY AS OF 0400 PM LOCAL TIME.

CLIMATE NORMAL PERIOD 1981 TO 2010
CLIMATE RECORD PERIOD 1942 TO 2017


WEATHER ITEM   OBSERVED TIME   RECORD YEAR NORMAL DEPARTURE LAST
                VALUE   (LST)  VALUE       VALUE  FROM      YEAR
                                                  NORMAL
..................................................................
TEMPERATURE (F)
 TODAY
  MAXIMUM         83    301 PM  87    2015  78      5       78
                                      2000
                                      1957
  MINIMUM         57    702 AM  40    1951  61     -4       56
  AVERAGE         70                        70      0       67

PRECIPITATION (IN)
  TODAY            0.00          1.73 1987   0.09  -0.09     0.00
  MONTH TO DATE    2.13                      2.21  -0.08     0.34
  SINCE SEP 1     24.17                     13.91  10.26     9.39
  SINCE JAN 1     53.59                     48.61   4.98    62.82

SNOWFALL (IN)
  TODAY            0.0
  MONTH TO DATE    0.0
  SINCE JUL 1      0.0

DEGREE DAYS
 HEATING
  TODAY            0                         1     -1        0
  MONTH TO DATE    0                        11    -11        1
  SINCE SEP 1     18                        14      4        1
  SINCE JUL 1     18                        14      4        1

 COOLING
  TODAY            5                         5      0        2
  MONTH TO DATE  161                       129     32      107
  SINCE SEP 1   1038                       959     79     1044
  SINCE JAN 1   3750                      3257    493     3634
..................................................................


WIND (MPH)
  HIGHEST WIND SPEED    20   HIGHEST WIND DIRECTION     W (260)
  HIGHEST GUST SPEED    23   HIGHEST GUST DIRECTION     W (260)
  AVERAGE WIND SPEED     7.3


SKY COVER
  AVERAGE SKY COVER 0.0


WEATHER CONDITIONS
 THE FOLLOWING WEATHER WAS RECORDED TODAY.
  NO SIGNIFICANT WEATHER WAS OBSERVED.


RELATIVE HUMIDITY (PERCENT)
 HIGHEST   100           300 AM
 LOWEST     47           300 PM
 AVERAGE    74

..........................................................


THE VERO BEACH CLIMATE NORMALS FOR TOMORROW
                         NORMAL    RECORD    YEAR
 MAXIMUM TEMPERATURE (F)   78        86      1986
 MINIMUM TEMPERATURE (F)   61        40      1968


SUNRISE AND SUNSET
NOVEMBER 19 2017......SUNRISE   646 AM EST   SUNSET   528 PM EST
NOVEMBER 20 2017......SUNRISE   647 AM EST   SUNSET   528 PM EST


-  INDICATES NEGATIVE NUMBERS.
R  INDICATES RECORD WAS SET OR TIED.
MM INDICATES DATA IS MISSING.
T  INDICATES TRACE AMOUNT.




$$
