000
CDUS42 KMLB 232127
CLIVRB


CLIMATE REPORT
NATIONAL WEATHER SERVICE MELBOURNE FL
421 PM EST MON JAN 23 2017


...................................

...THE VERO BEACH CLIMATE SUMMARY FOR JANUARY 23 2017...
VALID TODAY AS OF 0400 PM LOCAL TIME.

CLIMATE NORMAL PERIOD 1981 TO 2010
CLIMATE RECORD PERIOD 1942 TO 2017


WEATHER ITEM   OBSERVED TIME   RECORD YEAR NORMAL DEPARTURE LAST
                VALUE   (LST)  VALUE       VALUE  FROM      YEAR
                                                  NORMAL
..................................................................
TEMPERATURE (F)
 TODAY
  MAXIMUM         77   1200 AM  83    1965  73      4       58
  MINIMUM         62    913 AM  28    1985  52     10       43
  AVERAGE         70                        62      8       51

PRECIPITATION (IN)
  TODAY            0.07          1.69 1958   0.09  -0.02     0.01
  MONTH TO DATE    0.53                      1.86  -1.33     5.39
  SINCE DEC 1      2.67                      4.05  -1.38     9.96
  SINCE JAN 1      0.53                      1.86  -1.33     5.39

SNOWFALL (IN)
  TODAY            0.0
  MONTH TO DATE    0.0
  SINCE JUL 1      0.0

DEGREE DAYS
 HEATING
  TODAY            0                         5     -5       14
  MONTH TO DATE   30                       115    -85       91
  SINCE DEC 1     45                       220   -175       93
  SINCE JUL 1     64                       250   -186       94

 COOLING
  TODAY            5                         2      3        0
  MONTH TO DATE   97                        46     51       30
  SINCE DEC 1    302                       139    163      322
  SINCE JAN 1     97                        46     51       30
..................................................................


WIND (MPH)
  HIGHEST WIND SPEED    33   HIGHEST WIND DIRECTION     W (270)
  HIGHEST GUST SPEED    40   HIGHEST GUST DIRECTION     W (280)
  AVERAGE WIND SPEED    16.5


SKY COVER
  AVERAGE SKY COVER 0.7


WEATHER CONDITIONS
 THE FOLLOWING WEATHER WAS RECORDED TODAY.
  THUNDERSTORM
  HEAVY RAIN
  LIGHT RAIN
  FOG


RELATIVE HUMIDITY (PERCENT)
 HIGHEST   100           200 AM
 LOWEST     49           300 PM
 AVERAGE    75

..........................................................


THE VERO BEACH CLIMATE NORMALS FOR TOMORROW
                         NORMAL    RECORD    YEAR
 MAXIMUM TEMPERATURE (F)   73        85      1965
 MINIMUM TEMPERATURE (F)   52        30      2003


SUNRISE AND SUNSET
JANUARY 23 2017.......SUNRISE   712 AM EST   SUNSET   556 PM EST
JANUARY 24 2017.......SUNRISE   712 AM EST   SUNSET   556 PM EST


-  INDICATES NEGATIVE NUMBERS.
R  INDICATES RECORD WAS SET OR TIED.
MM INDICATES DATA IS MISSING.
T  INDICATES TRACE AMOUNT.




$$
