931
CDUS41 KBTV 140539
CLIVSF


CLIMATE REPORT
NATIONAL WEATHER SERVICE BURLINGTON VT
1237 AM EST THU DEC 14 2017


...................................

...THE SPRINGFIELD VT CLIMATE SUMMARY FOR DECEMBER 13 2017...

CLIMATE NORMAL PERIOD 1981 TO 2010
CLIMATE RECORD PERIOD 9999 TO 9999


WEATHER ITEM   OBSERVED TIME   NORMAL DEPARTURE LAST
                VALUE   (LST)  VALUE  FROM      YEAR
                                      NORMAL
......................................................
TEMPERATURE (F)
 YESTERDAY
  MAXIMUM         28   1217 AM  35     -7       38
  MINIMUM         14   1140 PM  18     -4       25
  AVERAGE         21            26     -5       32

PRECIPITATION (IN)
  YESTERDAY        0.03          0.11  -0.08      T
  MONTH TO DATE    1.83          1.48   0.35     1.07
  SINCE DEC 1      1.83          1.48   0.35     1.07
  SINCE JAN 1     39.18         42.06  -2.88    26.03

DEGREE DAYS
 HEATING
  YESTERDAY       44            39      5       33
  MONTH TO DATE  446           471    -25      464
  SINCE DEC 1    446           471    -25      464
  SINCE JUL 1   1838          2114   -276     1920

 COOLING
  YESTERDAY        0             0      0        0
  MONTH TO DATE    0             0      0        0
  SINCE DEC 1      0             0      0        0
  SINCE JAN 1    386           345     41      481
......................................................


WIND (MPH)
  HIGHEST WIND SPEED    20   HIGHEST WIND DIRECTION     W (270)
  HIGHEST GUST SPEED    28   HIGHEST GUST DIRECTION     W (260)
  AVERAGE WIND SPEED     7.8


SKY COVER
  AVERAGE SKY COVER 0.8


WEATHER CONDITIONS
 THE FOLLOWING WEATHER WAS RECORDED YESTERDAY.
  LIGHT SNOW
  HAZE


RELATIVE HUMIDITY (PERCENT)
 HIGHEST    71           300 AM
 LOWEST     56           200 PM
 AVERAGE    64

..........................................................


THE SPRINGFIELD VT CLIMATE NORMALS FOR TODAY
                         NORMAL    RECORD    YEAR
 MAXIMUM TEMPERATURE (F)   35        54      2006
 MINIMUM TEMPERATURE (F)   18        -8      2005


SUNRISE AND SUNSET
DECEMBER 14 2017......SUNRISE   715 AM EST   SUNSET   415 PM EST
DECEMBER 15 2017......SUNRISE   716 AM EST   SUNSET   415 PM EST


-  INDICATES NEGATIVE NUMBERS.
R  INDICATES RECORD WAS SET OR TIED.
MM INDICATES DATA IS MISSING.
T  INDICATES TRACE AMOUNT.




$$
