601
CDUS41 KBTV 080553
CLIVSF


CLIMATE REPORT
NATIONAL WEATHER SERVICE BURLINGTON VT
1253 AM EST THU DEC 8 2016


...................................

...THE SPRINGFIELD VT CLIMATE SUMMARY FOR DECEMBER 7 2016...

CLIMATE NORMAL PERIOD 1981 TO 2010
CLIMATE RECORD PERIOD 9999 TO 9999


WEATHER ITEM   OBSERVED TIME   NORMAL DEPARTURE LAST
                VALUE   (LST)  VALUE  FROM      YEAR
                                      NORMAL
......................................................
TEMPERATURE (F)
 YESTERDAY
  MAXIMUM         34    357 PM  37     -3       49
  MINIMUM         29    525 AM  21      8       23
  AVERAGE         32            29      3       36

PRECIPITATION (IN)
  YESTERDAY        0.07          0.11  -0.04     0.00
  MONTH TO DATE    0.72          0.81  -0.09     0.35
  SINCE DEC 1      0.72          0.81  -0.09     0.35
  SINCE JAN 1     25.68         41.39 -15.71    28.90

DEGREE DAYS
 HEATING
  YESTERDAY       33            36     -3       29
  MONTH TO DATE  221           245    -24      214
  SINCE DEC 1    221           245    -24      214
  SINCE JUL 1   1677          1888   -211     1627

 COOLING
  YESTERDAY        0             0      0        0
  MONTH TO DATE    0             0      0        0
  SINCE DEC 1      0             0      0        0
  SINCE JAN 1    481           345    136      460
......................................................


WIND (MPH)
  HIGHEST WIND SPEED     5   HIGHEST WIND DIRECTION     S (200)
  HIGHEST GUST SPEED     6   HIGHEST GUST DIRECTION     S (180)
  AVERAGE WIND SPEED     0.1


SKY COVER
  AVERAGE SKY COVER 1.0


WEATHER CONDITIONS
 THE FOLLOWING WEATHER WAS RECORDED YESTERDAY.
  LIGHT RAIN
  LIGHT SNOW
  FOG
  FOG W/VISIBILITY <= 1/4 MILE


RELATIVE HUMIDITY (PERCENT)
 HIGHEST   100           500 AM
 LOWEST     85          1200 AM
 AVERAGE    93

..........................................................


THE SPRINGFIELD VT CLIMATE NORMALS FOR TODAY
                         NORMAL    RECORD    YEAR
 MAXIMUM TEMPERATURE (F)   37        46      2004
 MINIMUM TEMPERATURE (F)   20         1      2008


SUNRISE AND SUNSET
DECEMBER  8 2016......SUNRISE   710 AM EST   SUNSET   414 PM EST
DECEMBER  9 2016......SUNRISE   711 AM EST   SUNSET   414 PM EST


-  INDICATES NEGATIVE NUMBERS.
R  INDICATES RECORD WAS SET OR TIED.
MM INDICATES DATA IS MISSING.
T  INDICATES TRACE AMOUNT.




$$
