000
CDUS41 KBTV 240614
CLIVSF


CLIMATE REPORT
NATIONAL WEATHER SERVICE BURLINGTON VT
113 AM EST TUE JAN 24 2017


...................................

...THE SPRINGFIELD VT CLIMATE SUMMARY FOR JANUARY 23 2017...

CLIMATE NORMAL PERIOD 1981 TO 2010
CLIMATE RECORD PERIOD 9999 TO 9999


WEATHER ITEM   OBSERVED TIME   NORMAL DEPARTURE LAST
                VALUE   (LST)  VALUE  FROM      YEAR
                                      NORMAL
......................................................
TEMPERATURE (F)
 YESTERDAY
  MAXIMUM         33    224 AM  29      4       26
  MINIMUM         29   1159 PM   9     20       14
  AVERAGE         31            19     12       20

PRECIPITATION (IN)
  YESTERDAY        0.05          0.07  -0.02     0.00
  MONTH TO DATE    0.99          2.27  -1.28     1.49
  SINCE DEC 1      3.39          5.54  -2.15     4.81
  SINCE JAN 1      0.99          2.27  -1.28     1.49

DEGREE DAYS
 HEATING
  YESTERDAY       34            46    -12       45
  MONTH TO DATE  901          1047   -146      961
  SINCE DEC 1   2116          2267   -151     1831
  SINCE JUL 1   3572          3910   -338     3244

 COOLING
  YESTERDAY        0             0      0        0
  MONTH TO DATE    0             0      0        0
  SINCE DEC 1      0             0      0        0
  SINCE JAN 1      0             0      0        0
......................................................


WIND (MPH)
  HIGHEST WIND SPEED    16   HIGHEST WIND DIRECTION     E (90)
  HIGHEST GUST SPEED    23   HIGHEST GUST DIRECTION    NE (50)
  AVERAGE WIND SPEED     7.6


SKY COVER
  AVERAGE SKY COVER 1.0


WEATHER CONDITIONS
 THE FOLLOWING WEATHER WAS RECORDED YESTERDAY.
  LIGHT SNOW


RELATIVE HUMIDITY (PERCENT)
 HIGHEST    82           100 AM
 LOWEST     69           700 AM
 AVERAGE    76

..........................................................


THE SPRINGFIELD VT CLIMATE NORMALS FOR TODAY
                         NORMAL    RECORD    YEAR
 MAXIMUM TEMPERATURE (F)   29        51      1999
 MINIMUM TEMPERATURE (F)    9       -21      2011


SUNRISE AND SUNSET
JANUARY 24 2017.......SUNRISE   713 AM EST   SUNSET   452 PM EST
JANUARY 25 2017.......SUNRISE   712 AM EST   SUNSET   453 PM EST


-  INDICATES NEGATIVE NUMBERS.
R  INDICATES RECORD WAS SET OR TIED.
MM INDICATES DATA IS MISSING.
T  INDICATES TRACE AMOUNT.




$$
