000
CDUS41 KBTV 020529
CLIVSF


CLIMATE REPORT
NATIONAL WEATHER SERVICE BURLINGTON VT
127 AM EDT THU JUL 2 2015


...................................

...THE SPRINGFIELD VT CLIMATE SUMMARY FOR JULY 1 2015...

CLIMATE NORMAL PERIOD 1981 TO 2010
CLIMATE RECORD PERIOD 9999 TO 9999


WEATHER ITEM   OBSERVED TIME   NORMAL DEPARTURE LAST
                VALUE   (LST)  VALUE  FROM      YEAR
                                      NORMAL
......................................................
TEMPERATURE (F)
 YESTERDAY
  MAXIMUM         72        MM  80     -8       89
  MINIMUM         59        MM  56      3       62
  AVERAGE         66            68     -2       76

PRECIPITATION (IN)
  YESTERDAY        0.53          0.12   0.41     0.00
  MONTH TO DATE    0.53          0.12   0.41     0.00
  SINCE JUN 1      5.73          4.01   1.72     4.18
  SINCE JAN 1     14.23         20.28  -6.05    17.71

DEGREE DAYS
 HEATING
  YESTERDAY        0             1     -1        0
  MONTH TO DATE    0             1     -1        0
  SINCE JUN 1    107            97     10       58
  SINCE JUL 1      0             1     -1        0

 COOLING
  YESTERDAY        1             4     -3       11
  MONTH TO DATE    1             4     -3       11
  SINCE JUN 1     44            68    -24       70
  SINCE JAN 1     93            80     13       75
......................................................


WIND (MPH)
  HIGHEST WIND SPEED     8   HIGHEST WIND DIRECTION    SW (240)
  HIGHEST GUST SPEED    MM   HIGHEST GUST DIRECTION    MM
  AVERAGE WIND SPEED     2.7


SKY COVER
  AVERAGE SKY COVER 0.7


WEATHER CONDITIONS
 THE FOLLOWING WEATHER WAS RECORDED YESTERDAY.
  RAIN
  LIGHT RAIN
  FOG


RELATIVE HUMIDITY (PERCENT)
 HIGHEST   100           100 AM
 LOWEST     79           100 PM
 AVERAGE    90

..........................................................


THE SPRINGFIELD VT CLIMATE NORMALS FOR TODAY
                         NORMAL    RECORD    YEAR
 MAXIMUM TEMPERATURE (F)   80       103      2002
 MINIMUM TEMPERATURE (F)   56        45      2007


SUNRISE AND SUNSET
JULY  2 2015..........SUNRISE   514 AM EDT   SUNSET   834 PM EDT
JULY  3 2015..........SUNRISE   514 AM EDT   SUNSET   834 PM EDT


-  INDICATES NEGATIVE NUMBERS.
R  INDICATES RECORD WAS SET OR TIED.
MM INDICATES DATA IS MISSING.
T  INDICATES TRACE AMOUNT.




$$
