415
CDUS41 KBTV 250540
CLIVSF


CLIMATE REPORT
NATIONAL WEATHER SERVICE BURLINGTON VT
137 AM EDT MON JUL 25 2016


...................................

...THE SPRINGFIELD VT CLIMATE SUMMARY FOR JULY 24 2016...

CLIMATE NORMAL PERIOD 1981 TO 2010
CLIMATE RECORD PERIOD 9999 TO 9999


WEATHER ITEM   OBSERVED TIME   NORMAL DEPARTURE LAST
                VALUE   (LST)  VALUE  FROM      YEAR
                                      NORMAL
......................................................
TEMPERATURE (F)
 YESTERDAY
  MAXIMUM         84    324 PM  81      3       79
  MINIMUM         57    502 AM  57      0       54
  AVERAGE         71            69      2       67

PRECIPITATION (IN)
  YESTERDAY        0.00          0.14  -0.14     0.02
  MONTH TO DATE    3.17          3.45  -0.28     1.04
  SINCE JUN 1      5.45          7.34  -1.89     6.24
  SINCE JAN 1     15.87         23.61  -7.74    14.74

DEGREE DAYS
 HEATING
  YESTERDAY        0             1     -1        0
  MONTH TO DATE   14            10      4       16
  SINCE JUN 1     86           106    -20      123
  SINCE JUL 1     14            10      4       16

 COOLING
  YESTERDAY        6             5      1        2
  MONTH TO DATE  119           113      6       81
  SINCE JUN 1    176           177     -1      124
  SINCE JAN 1    217           189     28      173
......................................................


WIND (MPH)
  HIGHEST WIND SPEED    18   HIGHEST WIND DIRECTION    NW (300)
  HIGHEST GUST SPEED    26   HIGHEST GUST DIRECTION     W (290)
  AVERAGE WIND SPEED     3.8


SKY COVER
  AVERAGE SKY COVER 0.3


WEATHER CONDITIONS
 THE FOLLOWING WEATHER WAS RECORDED YESTERDAY.
  FOG
  FOG W/VISIBILITY <= 1/4 MILE


RELATIVE HUMIDITY (PERCENT)
 HIGHEST   100           100 AM
 LOWEST     28           200 PM
 AVERAGE    64

..........................................................


THE SPRINGFIELD VT CLIMATE NORMALS FOR TODAY
                         NORMAL    RECORD    YEAR
 MAXIMUM TEMPERATURE (F)   81        89      2001
 MINIMUM TEMPERATURE (F)   57        46      1997


SUNRISE AND SUNSET
JULY 25 2016..........SUNRISE   533 AM EDT   SUNSET   819 PM EDT
JULY 26 2016..........SUNRISE   534 AM EDT   SUNSET   818 PM EDT


-  INDICATES NEGATIVE NUMBERS.
R  INDICATES RECORD WAS SET OR TIED.
MM INDICATES DATA IS MISSING.
T  INDICATES TRACE AMOUNT.




$$
