000
CDUS41 KBTV 010538
CLIVSF


CLIMATE REPORT
NATIONAL WEATHER SERVICE BURLINGTON VT
137 AM EDT TUE SEP 1 2015


...................................

...THE SPRINGFIELD VT CLIMATE SUMMARY FOR AUGUST 31 2015...

CLIMATE NORMAL PERIOD 1981 TO 2010
CLIMATE RECORD PERIOD 9999 TO 9999


WEATHER ITEM   OBSERVED TIME   NORMAL DEPARTURE LAST
                VALUE   (LST)  VALUE  FROM      YEAR
                                      NORMAL
......................................................
TEMPERATURE (F)
 YESTERDAY
  MAXIMUM         85    219 PM  77      8       80
  MINIMUM         56    608 AM  53      3       58
  AVERAGE         71            65      6       69

PRECIPITATION (IN)
  YESTERDAY        0.00          0.10  -0.10     0.22
  MONTH TO DATE    3.52          3.78  -0.26     3.60
  SINCE JUN 1     10.00         12.10  -2.10    14.16
  SINCE JAN 1     18.50         28.37  -9.87    27.69

DEGREE DAYS
 HEATING
  YESTERDAY        0             2     -2        0
  MONTH TO DATE    7            38    -31       42
  SINCE JUN 1    130           151    -21      107
  SINCE JUL 1     23            55    -32       49

 COOLING
  YESTERDAY        6             2      4        4
  MONTH TO DATE  155           106     49       60
  SINCE JUN 1    340           309     31      232
  SINCE JAN 1    389           321     68      237
......................................................


WIND (MPH)
  HIGHEST WIND SPEED    17   HIGHEST WIND DIRECTION    SW (240)
  HIGHEST GUST SPEED    25   HIGHEST GUST DIRECTION     W (280)
  AVERAGE WIND SPEED     2.9


SKY COVER
  AVERAGE SKY COVER 0.4


WEATHER CONDITIONS
 THE FOLLOWING WEATHER WAS RECORDED YESTERDAY.
  FOG
  FOG W/VISIBILITY <= 1/4 MILE
  HAZE


RELATIVE HUMIDITY (PERCENT)
 HIGHEST   100           200 AM
 LOWEST     44           100 PM
 AVERAGE    72

..........................................................


THE SPRINGFIELD VT CLIMATE NORMALS FOR TODAY
                         NORMAL    RECORD    YEAR
 MAXIMUM TEMPERATURE (F)   76        94      2010
 MINIMUM TEMPERATURE (F)   53        43      2009


SUNRISE AND SUNSET
SEPTEMBER  1 2015.....SUNRISE   614 AM EDT   SUNSET   726 PM EDT
SEPTEMBER  2 2015.....SUNRISE   615 AM EDT   SUNSET   724 PM EDT


-  INDICATES NEGATIVE NUMBERS.
R  INDICATES RECORD WAS SET OR TIED.
MM INDICATES DATA IS MISSING.
T  INDICATES TRACE AMOUNT.




$$
