000
CDUS41 KBTV 210639
CLIVSF


CLIMATE REPORT
NATIONAL WEATHER SERVICE BURLINGTON VT
117 AM EST TUE FEB 21 2017


...................................

...THE SPRINGFIELD VT CLIMATE SUMMARY FOR FEBRUARY 20 2017...

CLIMATE NORMAL PERIOD 1981 TO 2010
CLIMATE RECORD PERIOD 9999 TO 9999


WEATHER ITEM   OBSERVED TIME   NORMAL DEPARTURE LAST
                VALUE   (LST)  VALUE  FROM      YEAR
                                      NORMAL
......................................................
TEMPERATURE (F)
 YESTERDAY
  MAXIMUM         43   1236 AM  34      9       53
  MINIMUM         20   1159 PM  14      6       30
  AVERAGE         32            24      8       42

PRECIPITATION (IN)
  YESTERDAY        0.00          0.10  -0.10     0.01
  MONTH TO DATE    0.72          1.97  -1.25     2.06
  SINCE DEC 1      5.54          8.16  -2.62     6.87
  SINCE JAN 1      3.14          4.89  -1.75     3.55

DEGREE DAYS
 HEATING
  YESTERDAY       33            41     -8       23
  MONTH TO DATE  812           859    -47      822
  SINCE DEC 1   3213          3488   -275     2957
  SINCE JUL 1   4669          5131   -462     4370

 COOLING
  YESTERDAY        0             0      0        0
  MONTH TO DATE    0             0      0        0
  SINCE DEC 1      0             0      0        0
  SINCE JAN 1      0             0      0        0
......................................................


WIND (MPH)
  HIGHEST WIND SPEED    14   HIGHEST WIND DIRECTION     N (350)
  HIGHEST GUST SPEED    21   HIGHEST GUST DIRECTION    NW (330)
  AVERAGE WIND SPEED     5.1


SKY COVER
  AVERAGE SKY COVER 0.1


WEATHER CONDITIONS
 THE FOLLOWING WEATHER WAS RECORDED YESTERDAY.
  NO SIGNIFICANT WEATHER WAS OBSERVED.


RELATIVE HUMIDITY (PERCENT)
 HIGHEST    65          1000 PM
 LOWEST     27           200 PM
 AVERAGE    46

..........................................................


THE SPRINGFIELD VT CLIMATE NORMALS FOR TODAY
                         NORMAL    RECORD    YEAR
 MAXIMUM TEMPERATURE (F)   35        51      2003
 MINIMUM TEMPERATURE (F)   15       -15      2015


SUNRISE AND SUNSET
FEBRUARY 21 2017......SUNRISE   639 AM EST   SUNSET   529 PM EST
FEBRUARY 22 2017......SUNRISE   637 AM EST   SUNSET   530 PM EST


-  INDICATES NEGATIVE NUMBERS.
R  INDICATES RECORD WAS SET OR TIED.
MM INDICATES DATA IS MISSING.
T  INDICATES TRACE AMOUNT.




$$
