000
CDUS43 KLBF 172231
CLIVTN


CLIMATE REPORT
NATIONAL WEATHER SERVICE NORTH PLATTE
430 PM CST FRI NOV 17 2017


...................................

...THE VALENTINE NE CLIMATE SUMMARY FOR NOVEMBER 17 2017...
VALID TODAY AS OF 0400 PM LOCAL TIME.

CLIMATE NORMAL PERIOD 1981 TO 2010
CLIMATE RECORD PERIOD 1885 TO 2017


WEATHER ITEM   OBSERVED TIME   RECORD YEAR NORMAL DEPARTURE LAST
                VALUE   (LST)  VALUE       VALUE  FROM      YEAR
                                                  NORMAL
..................................................................
TEMPERATURE (F)
 TODAY
  MAXIMUM         49    125 PM  74    1999  47      2       45
  MINIMUM         36    801 AM -18    1891  21     15       29
  AVERAGE         43                        34      9       37

PRECIPITATION (IN)
  TODAY            T             0.43 1952   0.03  -0.03     0.16
  MONTH TO DATE    0.50                      0.43   0.07     0.16
  SINCE SEP 1      4.42                      3.32   1.10     3.58
  SINCE JAN 1     17.60                     19.43  -1.83    25.51

SNOWFALL (IN)
  TODAY            0.0           3.5  1927   0.2   -0.2      1.6
  MONTH TO DATE    1.3                       3.0   -1.7      1.6
  SINCE SEP 1      1.3                       5.2   -3.9      4.6
  SINCE JUL 1      1.3                       5.2   -3.9      4.6
  SNOW DEPTH       0

DEGREE DAYS
 HEATING
  TODAY           22                        31     -9       28
  MONTH TO DATE  443                       463    -20      255
  SINCE SEP 1   1022                      1140   -118      654
  SINCE JUL 1   1029                      1165   -136      682

 COOLING
  TODAY            0                         0      0        0
  MONTH TO DATE    0                         0      0        0
  SINCE SEP 1    126                        85     41       83
  SINCE JAN 1   1060                       821    239      880
..................................................................


WIND (MPH)
  HIGHEST WIND SPEED   214   HIGHEST WIND DIRECTION     N (340)
  HIGHEST GUST SPEED    28   HIGHEST GUST DIRECTION     N (340)
  AVERAGE WIND SPEED     8.3


SKY COVER
  POSSIBLE SUNSHINE  MM
  AVERAGE SKY COVER 0.4


WEATHER CONDITIONS
 THE FOLLOWING WEATHER WAS RECORDED TODAY.
  NO SIGNIFICANT WEATHER WAS OBSERVED.


RELATIVE HUMIDITY (PERCENT)
 HIGHEST    75           800 AM
 LOWEST     56          1200 AM
 AVERAGE    66

..........................................................


THE VALENTINE NE CLIMATE NORMALS FOR TOMORROW
                         NORMAL    RECORD    YEAR
 MAXIMUM TEMPERATURE (F)   46        77      2008
 MINIMUM TEMPERATURE (F)   20       -14      2014


SUNRISE AND SUNSET
NOVEMBER 17 2017......SUNRISE   737 AM CST   SUNSET   517 PM CST
NOVEMBER 18 2017......SUNRISE   738 AM CST   SUNSET   516 PM CST


-  INDICATES NEGATIVE NUMBERS.
R  INDICATES RECORD WAS SET OR TIED.
MM INDICATES DATA IS MISSING.
T  INDICATES TRACE AMOUNT.




$$
