000
CDUS43 KLBF 250849
CLIVTN


CLIMATE REPORT
NATIONAL WEATHER SERVICE NORTH PLATTE
347 AM CDT TUE APR 25 2017


...................................

...THE VALENTINE NE CLIMATE SUMMARY FOR APRIL 24 2017...

CLIMATE NORMAL PERIOD 1981 TO 2010
CLIMATE RECORD PERIOD 1885 TO 2017


WEATHER ITEM   OBSERVED TIME   RECORD YEAR NORMAL DEPARTURE LAST
                VALUE   (LST)  VALUE       VALUE  FROM      YEAR
                                                  NORMAL
..................................................................
TEMPERATURE (F)
 YESTERDAY
  MAXIMUM         61    421 PM  91    1962  64     -3       75
  MINIMUM         43   1159 PM  22    2013  36      7       46
                                      1972
  AVERAGE         52                        50      2       61

PRECIPITATION (IN)
  YESTERDAY        0.00          2.05 1935   0.09  -0.09      T
  MONTH TO DATE    1.23                      1.68  -0.45     1.75
  SINCE MAR 1      1.99                      2.75  -0.76     2.68
  SINCE JAN 1      4.06                      3.49   0.57     3.36

SNOWFALL (IN)
  YESTERDAY        0.0           6.0  2006   0.1   -0.1      0.0
  MONTH TO DATE    0.7                       4.1   -3.4       T
  SINCE MAR 1      2.7                      10.6   -7.9      5.5
  SINCE JUL 1     44.5                      32.7   11.8     36.7
  SNOW DEPTH       0

DEGREE DAYS
 HEATING
  YESTERDAY       13                        15     -2        4
  MONTH TO DATE  319                       470   -151      362
  SINCE MAR 1   1080                      1363   -283     1074
  SINCE JUL 1   5839                      6599   -760     5760

 COOLING
  YESTERDAY        0                         0      0        0
  MONTH TO DATE    2                         0      2        3
  SINCE MAR 1      2                         0      2        3
  SINCE JAN 1      2                         0      2        3
..................................................................


WIND (MPH)
  HIGHEST WIND SPEED    28   HIGHEST WIND DIRECTION     S (180)
  HIGHEST GUST SPEED    34   HIGHEST GUST DIRECTION     S (170)
  AVERAGE WIND SPEED    11.8


SKY COVER
  POSSIBLE SUNSHINE  MM
  AVERAGE SKY COVER 0.2


WEATHER CONDITIONS
 THE FOLLOWING WEATHER WAS RECORDED YESTERDAY.
  NO SIGNIFICANT WEATHER WAS OBSERVED.


RELATIVE HUMIDITY (PERCENT)
 HIGHEST    76          1100 PM
 LOWEST     33           100 AM
 AVERAGE    55

..........................................................


THE VALENTINE NE CLIMATE NORMALS FOR TODAY
                         NORMAL    RECORD    YEAR
 MAXIMUM TEMPERATURE (F)   64        93      1962
 MINIMUM TEMPERATURE (F)   37        21      1958


SUNRISE AND SUNSET
APRIL 25 2017.........SUNRISE   645 AM CDT   SUNSET   836 PM CDT
APRIL 26 2017.........SUNRISE   643 AM CDT   SUNSET   838 PM CDT


-  INDICATES NEGATIVE NUMBERS.
R  INDICATES RECORD WAS SET OR TIED.
MM INDICATES DATA IS MISSING.
T  INDICATES TRACE AMOUNT.




$$
