000
CDUS43 KLBF 210907
CLIVTN


CLIMATE REPORT
NATIONAL WEATHER SERVICE NORTH PLATTE
405 AM CDT THU SEP 21 2017


...................................

...THE VALENTINE NE CLIMATE SUMMARY FOR SEPTEMBER 20 2017...

CLIMATE NORMAL PERIOD 1981 TO 2010
CLIMATE RECORD PERIOD 1885 TO 2017


WEATHER ITEM   OBSERVED TIME   RECORD YEAR NORMAL DEPARTURE LAST
                VALUE   (LST)  VALUE       VALUE  FROM      YEAR
                                                  NORMAL
..................................................................
TEMPERATURE (F)
 YESTERDAY
  MAXIMUM         78    446 PM  99    2010  75      3       90
  MINIMUM         47    657 AM  26    1918  45      2       56
  AVERAGE         63                        60      3       73

PRECIPITATION (IN)
  YESTERDAY        0.00          1.61 1955   0.06  -0.06     0.00
  MONTH TO DATE    0.79                      1.09  -0.30     1.36
  SINCE SEP 1      0.79                      1.09  -0.30     1.36
  SINCE JAN 1     13.97                     17.20  -3.23    23.29

SNOWFALL (IN)
  YESTERDAY        0.0           1.0  1995   0.1   -0.1      0.0
  MONTH TO DATE    0.0                       0.3   -0.3      0.0
  SINCE SEP 1      0.0                       0.3   -0.3      0.0
  SINCE JUL 1      0.0                       0.3   -0.3      0.0
  SNOW DEPTH       0

DEGREE DAYS
 HEATING
  YESTERDAY        2                         6     -4        0
  MONTH TO DATE   46                        75    -29       51
  SINCE SEP 1     46                        75    -29       51
  SINCE JUL 1     53                       100    -47       79

 COOLING
  YESTERDAY        0                         2     -2        8
  MONTH TO DATE  117                        72     45       57
  SINCE SEP 1    117                        72     45       57
  SINCE JAN 1   1051                       808    243      854
..................................................................


WIND (MPH)
  HIGHEST WIND SPEED    21   HIGHEST WIND DIRECTION    SW (230)
  HIGHEST GUST SPEED    27   HIGHEST GUST DIRECTION    SW (210)
  AVERAGE WIND SPEED     9.1


SKY COVER
  POSSIBLE SUNSHINE  MM
  AVERAGE SKY COVER 0.0


WEATHER CONDITIONS
 THE FOLLOWING WEATHER WAS RECORDED YESTERDAY.
  NO SIGNIFICANT WEATHER WAS OBSERVED.


RELATIVE HUMIDITY (PERCENT)
 HIGHEST    93           700 AM
 LOWEST     15           200 PM
 AVERAGE    54

..........................................................


THE VALENTINE NE CLIMATE NORMALS FOR TODAY
                         NORMAL    RECORD    YEAR
 MAXIMUM TEMPERATURE (F)   75        96      1922
 MINIMUM TEMPERATURE (F)   45        25      1995


SUNRISE AND SUNSET
SEPTEMBER 21 2017.....SUNRISE   729 AM CDT   SUNSET   741 PM CDT
SEPTEMBER 22 2017.....SUNRISE   730 AM CDT   SUNSET   739 PM CDT


-  INDICATES NEGATIVE NUMBERS.
R  INDICATES RECORD WAS SET OR TIED.
MM INDICATES DATA IS MISSING.
T  INDICATES TRACE AMOUNT.




$$
