000
CDUS43 KLBF 271002
CLIVTN


CLIMATE REPORT
NATIONAL WEATHER SERVICE NORTH PLATTE
400 AM CST MON FEB 27 2017


...................................

...THE VALENTINE NE CLIMATE SUMMARY FOR FEBRUARY 26 2017...

CLIMATE NORMAL PERIOD 1981 TO 2010
CLIMATE RECORD PERIOD 1885 TO 2017


WEATHER ITEM   OBSERVED TIME   RECORD YEAR NORMAL DEPARTURE LAST
                VALUE   (LST)  VALUE       VALUE  FROM      YEAR
                                                  NORMAL
..................................................................
TEMPERATURE (F)
 YESTERDAY
  MAXIMUM         31    356 PM  68    1932  43    -12       58
  MINIMUM          5    741 AM -24    1934  17    -12       23
  AVERAGE         18                        30    -12       41

PRECIPITATION (IN)
  YESTERDAY        0.00          0.53 1895   0.02  -0.02     0.00
  MONTH TO DATE    1.16                      0.43   0.73     0.16
  SINCE DEC 1      3.01                      1.06   1.95     1.72
  SINCE JAN 1      2.07                      0.69   1.38     0.68

SNOWFALL (IN)
  YESTERDAY        0.0           6.0  1996   0.2   -0.2      0.0
  MONTH TO DATE   18.6                       5.1   13.5      1.0
  SINCE DEC 1     35.5                      14.0   21.5     21.1
  SINCE JUL 1     41.8                      21.6   20.2     31.2
  SNOW DEPTH       8

DEGREE DAYS
 HEATING
  YESTERDAY       47                        35     12       24
  MONTH TO DATE  856                       988   -132      786
  SINCE DEC 1   3574                      3548     26     3323
  SINCE JUL 1   4680                      5166   -486     4616

 COOLING
  YESTERDAY        0                         0      0        0
  MONTH TO DATE    0                         0      0        0
  SINCE DEC 1      0                         0      0        0
  SINCE JAN 1      0                         0      0        0
..................................................................


WIND (MPH)
  HIGHEST WIND SPEED    16   HIGHEST WIND DIRECTION     W (270)
  HIGHEST GUST SPEED    18   HIGHEST GUST DIRECTION     W (270)
  AVERAGE WIND SPEED     9.4


SKY COVER
  POSSIBLE SUNSHINE  MM
  AVERAGE SKY COVER 0.0


WEATHER CONDITIONS
 THE FOLLOWING WEATHER WAS RECORDED YESTERDAY.
  NO SIGNIFICANT WEATHER WAS OBSERVED.


RELATIVE HUMIDITY (PERCENT)
 HIGHEST    83           700 AM
 LOWEST     53           100 PM
 AVERAGE    68

..........................................................


THE VALENTINE NE CLIMATE NORMALS FOR TODAY
                         NORMAL    RECORD    YEAR
 MAXIMUM TEMPERATURE (F)   44        76      2016
 MINIMUM TEMPERATURE (F)   18       -24      1962


SUNRISE AND SUNSET
FEBRUARY 27 2017......SUNRISE   721 AM CST   SUNSET   630 PM CST
FEBRUARY 28 2017......SUNRISE   719 AM CST   SUNSET   631 PM CST


-  INDICATES NEGATIVE NUMBERS.
R  INDICATES RECORD WAS SET OR TIED.
MM INDICATES DATA IS MISSING.
T  INDICATES TRACE AMOUNT.




$$
