000
CDUS43 KLBF 200859
CLIVTN


CLIMATE REPORT
NATIONAL WEATHER SERVICE NORTH PLATTE
357 AM CDT THU JUL 20 2017


...................................

...THE VALENTINE NE CLIMATE SUMMARY FOR JULY 19 2017...

CLIMATE NORMAL PERIOD 1981 TO 2010
CLIMATE RECORD PERIOD 1885 TO 2017


WEATHER ITEM   OBSERVED TIME   RECORD YEAR NORMAL DEPARTURE LAST
                VALUE   (LST)  VALUE       VALUE  FROM      YEAR
                                                  NORMAL
..................................................................
TEMPERATURE (F)
 YESTERDAY
  MAXIMUM        112R   245 PM 108    1934  89     23       96
  MINIMUM         69    403 AM  49    1993  61      8       64
                                      1971
                                      1915
  AVERAGE         91                        75     16       80

PRECIPITATION (IN)
  YESTERDAY        0.00          2.00 1999   0.10  -0.10      T
  MONTH TO DATE    0.10                      1.99  -1.89     1.36
  SINCE JUN 1      0.63                      5.55  -4.92     5.52
  SINCE JAN 1     10.23                     12.71  -2.48    18.84

SNOWFALL (IN)
  YESTERDAY        0.0           0.0    MM   0.0    0.0      0.0
  MONTH TO DATE    0.0                       0.0    0.0      0.0
  SINCE JUN 1      0.0                       0.0    0.0      0.0
  SINCE JUL 1      0.0                       0.0    0.0      0.0
  SNOW DEPTH       0

DEGREE DAYS
 HEATING
  YESTERDAY        0                         0      0        0
  MONTH TO DATE    0                         2     -2        5
  SINCE JUN 1     16                        63    -47       16
  SINCE JUL 1      0                         2     -2        5

 COOLING
  YESTERDAY       26                        10     16       15
  MONTH TO DATE  322                       178    144      151
  SINCE JUN 1    518                       315    203      388
  SINCE JAN 1    541                       349    192      406
..................................................................


WIND (MPH)
  HIGHEST WIND SPEED    25   HIGHEST WIND DIRECTION    SW (240)
  HIGHEST GUST SPEED    32   HIGHEST GUST DIRECTION     W (250)
  AVERAGE WIND SPEED    10.6


SKY COVER
  POSSIBLE SUNSHINE  MM
  AVERAGE SKY COVER 0.0


WEATHER CONDITIONS
 THE FOLLOWING WEATHER WAS RECORDED YESTERDAY.
  THUNDERSTORM
  HAZE


RELATIVE HUMIDITY (PERCENT)
 HIGHEST    84           400 AM
 LOWEST     14           500 PM
 AVERAGE    49

..........................................................


THE VALENTINE NE CLIMATE NORMALS FOR TODAY
                         NORMAL    RECORD    YEAR
 MAXIMUM TEMPERATURE (F)   89       110      1934
 MINIMUM TEMPERATURE (F)   61        45      1915


SUNRISE AND SUNSET
JULY 20 2017..........SUNRISE   622 AM CDT   SUNSET   915 PM CDT
JULY 21 2017..........SUNRISE   623 AM CDT   SUNSET   914 PM CDT


-  INDICATES NEGATIVE NUMBERS.
R  INDICATES RECORD WAS SET OR TIED.
MM INDICATES DATA IS MISSING.
T  INDICATES TRACE AMOUNT.




$$
