000
CDUS43 KLBF 211101
CLIVTN


CLIMATE REPORT
NATIONAL WEATHER SERVICE NORTH PLATTE
500 AM CST SUN JAN 21 2018


...................................

...THE VALENTINE NE CLIMATE SUMMARY FOR JANUARY 20 2018...

CLIMATE NORMAL PERIOD 1981 TO 2010
CLIMATE RECORD PERIOD 1885 TO 2018


WEATHER ITEM   OBSERVED TIME   RECORD YEAR NORMAL DEPARTURE LAST
                VALUE   (LST)  VALUE       VALUE  FROM      YEAR
                                                  NORMAL
..................................................................
TEMPERATURE (F)
 YESTERDAY
  MAXIMUM         42    323 PM  64    1944  37      5       45
  MINIMUM         25    553 AM -24    1984  11     14       19
                                      1962
                                      1943
  AVERAGE         34                        24     10       32

PRECIPITATION (IN)
  YESTERDAY        0.00          0.49 1973   0.00   0.00     0.00
  MONTH TO DATE    0.27                      0.16   0.11     0.10
  SINCE DEC 1      0.61                      0.53   0.08     1.04
  SINCE JAN 1      0.27                      0.16   0.11     0.10

SNOWFALL (IN)
  YESTERDAY        0.0           6.6  1973   0.1   -0.1      0.0
  MONTH TO DATE    1.2                       2.5   -1.3      1.2
  SINCE DEC 1      5.7                       7.6   -1.9      6.6
  SINCE JUL 1      7.0                      15.2   -8.2     12.9
  SNOW DEPTH       0

DEGREE DAYS
 HEATING
  YESTERDAY       31                        41    -10       33
  MONTH TO DATE  868                       833     35      901
  SINCE DEC 1   2096                      2110    -14     2316
  SINCE JUL 1   3395                      3728   -333     3422

 COOLING
  YESTERDAY        0                         0      0        0
  MONTH TO DATE    0                         0      0        0
  SINCE DEC 1      0                         0      0        0
  SINCE JAN 1      0                         0      0        0
..................................................................


WIND (MPH)
  HIGHEST WIND SPEED    17   HIGHEST WIND DIRECTION     N (10)
  HIGHEST GUST SPEED    24   HIGHEST GUST DIRECTION     N (10)
  AVERAGE WIND SPEED     7.8


SKY COVER
  POSSIBLE SUNSHINE  MM
  AVERAGE SKY COVER 0.2


WEATHER CONDITIONS
 THE FOLLOWING WEATHER WAS RECORDED YESTERDAY.
  NO SIGNIFICANT WEATHER WAS OBSERVED.


RELATIVE HUMIDITY (PERCENT)
 HIGHEST    92           100 AM
 LOWEST     70           100 PM
 AVERAGE    81

..........................................................


THE VALENTINE NE CLIMATE NORMALS FOR TODAY
                         NORMAL    RECORD    YEAR
 MAXIMUM TEMPERATURE (F)   37        63      2009
 MINIMUM TEMPERATURE (F)   11       -28      1949


SUNRISE AND SUNSET
JANUARY 21 2018.......SUNRISE   807 AM CST   SUNSET   541 PM CST
JANUARY 22 2018.......SUNRISE   806 AM CST   SUNSET   542 PM CST


-  INDICATES NEGATIVE NUMBERS.
R  INDICATES RECORD WAS SET OR TIED.
MM INDICATES DATA IS MISSING.
T  INDICATES TRACE AMOUNT.




$$
