000
CDUS43 KLBF 261407
CLIVTN


CLIMATE REPORT
NATIONAL WEATHER SERVICE NORTH PLATTE
905 AM CDT FRI MAY 26 2017


...................................

...THE VALENTINE NE CLIMATE SUMMARY FOR MAY 25 2017...

CLIMATE NORMAL PERIOD 1981 TO 2010
CLIMATE RECORD PERIOD 1885 TO 2017


WEATHER ITEM   OBSERVED TIME   RECORD YEAR NORMAL DEPARTURE LAST
                VALUE   (LST)  VALUE       VALUE  FROM      YEAR
                                                  NORMAL
..................................................................
TEMPERATURE (F)
 YESTERDAY
  MAXIMUM         74    449 PM  97    1985  74      0       79
  MINIMUM         53    525 AM  32    1910  47      6       49
  AVERAGE         64                        60      4       64

PRECIPITATION (IN)
  YESTERDAY        0.00          4.00 1920   0.10  -0.10      T
  MONTH TO DATE    4.98                      2.45   2.53     5.81
  SINCE MAR 1      7.10                      5.74   1.36    11.36
  SINCE JAN 1      9.17                      6.48   2.69    12.04

SNOWFALL (IN)
  YESTERDAY        0.0           0.0    MM   0.0    0.0      0.0
  MONTH TO DATE    0.0                       0.1   -0.1      0.0
  SINCE MAR 1      2.7                      11.2   -8.5      7.0
  SINCE JUL 1     44.5                      33.3   11.2     38.2
  SNOW DEPTH       0

DEGREE DAYS
 HEATING
  YESTERDAY        1                         6     -5        1
  MONTH TO DATE  217                       231    -14      240
  SINCE MAR 1   1437                      1678   -241     1452
  SINCE JUL 1   6196                      6914   -718     6138

 COOLING
  YESTERDAY        0                         1     -1        0
  MONTH TO DATE   21                        22     -1       11
  SINCE MAR 1     23                        26     -3       14
  SINCE JAN 1     23                        26     -3       14
..................................................................


WIND (MPH)
  HIGHEST WIND SPEED    25   HIGHEST WIND DIRECTION     S (190)
  HIGHEST GUST SPEED    33   HIGHEST GUST DIRECTION     S (200)
  AVERAGE WIND SPEED    10.2


SKY COVER
  POSSIBLE SUNSHINE  MM
  AVERAGE SKY COVER 0.1


WEATHER CONDITIONS
 THE FOLLOWING WEATHER WAS RECORDED YESTERDAY.
  NO SIGNIFICANT WEATHER WAS OBSERVED.


RELATIVE HUMIDITY (PERCENT)
 HIGHEST    72          1000 PM
 LOWEST     31           300 PM
 AVERAGE    52

..........................................................


THE VALENTINE NE CLIMATE NORMALS FOR TODAY
                         NORMAL    RECORD    YEAR
 MAXIMUM TEMPERATURE (F)   74        98      1969
 MINIMUM TEMPERATURE (F)   48        28      1992


SUNRISE AND SUNSET
MAY 26 2017...........SUNRISE   610 AM CDT   SUNSET   909 PM CDT
MAY 27 2017...........SUNRISE   609 AM CDT   SUNSET   910 PM CDT


-  INDICATES NEGATIVE NUMBERS.
R  INDICATES RECORD WAS SET OR TIED.
MM INDICATES DATA IS MISSING.
T  INDICATES TRACE AMOUNT.




$$
