000
CDUS43 KLBF 181045
CLIVTN

CLIMATE REPORT
NATIONAL WEATHER SERVICE NORTH PLATTE
435 AM CST THU DEC 18 2014


...................................

...THE VALENTINE NE CLIMATE SUMMARY FOR DECEMBER 17 2014...

CLIMATE NORMAL PERIOD 1981 TO 2010
CLIMATE RECORD PERIOD 1885 TO 2014


WEATHER ITEM   OBSERVED TIME   RECORD YEAR NORMAL DEPARTURE LAST
                VALUE   (LST)  VALUE       VALUE  FROM      YEAR
                                                  NORMAL
..................................................................
TEMPERATURE (F)
 YESTERDAY
  MAXIMUM         24   1159 PM  68    1939  36    -12       39
  MINIMUM         18    907 AM -23    1983  10      8       19
  AVERAGE         21                        23     -2       29

PRECIPITATION (IN)
  YESTERDAY        0.00          0.27 1908   0.01  -0.01     0.00
  MONTH TO DATE    0.51                      0.21   0.30     0.69
  SINCE DEC 1      0.51                      0.21   0.30     0.69
  SINCE JAN 1     21.40                     19.86   1.54    23.61

SNOWFALL (IN)
  YESTERDAY        0.0           8.6  1908   0.2   -0.2      0.0
  MONTH TO DATE    3.5                       2.8    0.7     12.0
  SINCE DEC 1      3.5                       2.8    0.7     12.0
  SINCE JUL 1      9.9                      10.4   -0.5     18.8
  SNOW DEPTH       4

DEGREE DAYS
 HEATING
  YESTERDAY       44                        42      2       36
  MONTH TO DATE  544                       687   -143      842
  SINCE DEC 1    544                       687   -143      842
  SINCE JUL 1   2148                      2305   -157     2401

 COOLING
  YESTERDAY        0                         0      0        0
  MONTH TO DATE    0                         0      0        0
  SINCE DEC 1      0                         0      0        0
  SINCE JAN 1    724                       821    -97      964
..................................................................


WIND (MPH)
  HIGHEST WIND SPEED    16   HIGHEST WIND DIRECTION    SW (210)
  HIGHEST GUST SPEED    20   HIGHEST GUST DIRECTION     S (200)
  AVERAGE WIND SPEED    11.2


SKY COVER
  POSSIBLE SUNSHINE  MM
  AVERAGE SKY COVER 1.0


WEATHER CONDITIONS
 THE FOLLOWING WEATHER WAS RECORDED YESTERDAY.
  FOG


RELATIVE HUMIDITY (PERCENT)
 HIGHEST    92           700 AM
 LOWEST     84          1200 AM
 AVERAGE    88

..........................................................


THE VALENTINE NE CLIMATE NORMALS FOR TODAY
                         NORMAL    RECORD    YEAR
 MAXIMUM TEMPERATURE (F)   36        70      1979
 MINIMUM TEMPERATURE (F)   10       -28      1983


SUNRISE AND SUNSET
DECEMBER 18 2014......SUNRISE   808 AM CST   SUNSET   510 PM CST
DECEMBER 19 2014......SUNRISE   809 AM CST   SUNSET   510 PM CST


-  INDICATES NEGATIVE NUMBERS.
R  INDICATES RECORD WAS SET OR TIED.
MM INDICATES DATA IS MISSING.
T  INDICATES TRACE AMOUNT.




$$
