000
CDUS43 KLBF 302358
CLIVTN

CLIMATE REPORT
NATIONAL WEATHER SERVICE NORTH PLATTE
529 PM CDT TUE JUN 30 2015


...................................

...THE VALENTINE NE CLIMATE SUMMARY FOR JUNE 30 2015...
VALID TODAY AS OF 0500 PM LOCAL TIME.

CLIMATE NORMAL PERIOD 1981 TO 2010
CLIMATE RECORD PERIOD 1885 TO 2015


WEATHER ITEM   OBSERVED TIME   RECORD YEAR NORMAL DEPARTURE LAST
                VALUE   (LST)  VALUE       VALUE  FROM      YEAR
                                                  NORMAL
..................................................................
TEMPERATURE (F)
 TODAY
  MAXIMUM         86   1218 PM 102    1980  86      0       82
                                      1900
  MINIMUM         61    315 AM  39    1918  58      3       62
  AVERAGE         74                        72      2       72

PRECIPITATION (IN)
  TODAY            0.00          1.87 1962   0.11  -0.11     0.00
  MONTH TO DATE    3.42                      3.56  -0.14     8.63
  SINCE JUN 1      3.42                      3.56  -0.14     8.63
  SINCE JAN 1     12.81                     10.72   2.09    15.84

SNOWFALL (IN)
  TODAY            0.0           0.0    MM   0.0    0.0      0.0
  MONTH TO DATE    0.0                       0.0    0.0      0.0
  SINCE JUN 1      0.0                       0.0    0.0      0.0
  SINCE JUL 1     22.5                      33.3  -10.8     35.8
  SNOW DEPTH       0

DEGREE DAYS
 HEATING
  TODAY            0                         1     -1        0
  MONTH TO DATE    8                        61    -53       54
  SINCE JUN 1      8                        61    -53       54
  SINCE JUL 1   6578                      7003   -425     7298

 COOLING
  TODAY            9                         8      1        7
  MONTH TO DATE  140                       137      3      111
  SINCE JUN 1    140                       137      3      111
  SINCE JAN 1    146                       171    -25      172
..................................................................


WIND (MPH)
  HIGHEST WIND SPEED    17   HIGHEST WIND DIRECTION     E (70)
  HIGHEST GUST SPEED    20   HIGHEST GUST DIRECTION     E (110)
  AVERAGE WIND SPEED     8.5


SKY COVER
  POSSIBLE SUNSHINE  MM
  AVERAGE SKY COVER 0.0


WEATHER CONDITIONS
 THE FOLLOWING WEATHER WAS RECORDED TODAY.
  NO SIGNIFICANT WEATHER WAS OBSERVED.


RELATIVE HUMIDITY (PERCENT)
 HIGHEST    97           300 AM
 LOWEST     48          1200 PM
 AVERAGE    73

..........................................................


THE VALENTINE NE CLIMATE NORMALS FOR TOMORROW
                         NORMAL    RECORD    YEAR
 MAXIMUM TEMPERATURE (F)   87       109      1990
 MINIMUM TEMPERATURE (F)   58        42      1959


SUNRISE AND SUNSET
JUNE 30 2015..........SUNRISE   607 AM CDT   SUNSET   925 PM CDT
JULY  1 2015..........SUNRISE   607 AM CDT   SUNSET   925 PM CDT


-  INDICATES NEGATIVE NUMBERS.
R  INDICATES RECORD WAS SET OR TIED.
MM INDICATES DATA IS MISSING.
T  INDICATES TRACE AMOUNT.

$$
