000
CDUS43 KLBF 290942 RRA
CLIVTN

CLIMATE REPORT
NATIONAL WEATHER SERVICE NORTH PLATTE
441 AM CDT SAT AUG 29 2015


...................................

...THE VALENTINE NE CLIMATE SUMMARY FOR AUGUST 28 2015...

CLIMATE NORMAL PERIOD 1981 TO 2010
CLIMATE RECORD PERIOD 1885 TO 2015


WEATHER ITEM   OBSERVED TIME   RECORD YEAR NORMAL DEPARTURE LAST
                VALUE   (LST)  VALUE       VALUE  FROM      YEAR
                                                  NORMAL
..................................................................
TEMPERATURE (F)
 YESTERDAY
  MAXIMUM         82    341 PM 106    2012  85     -3       78
  MINIMUM         MM        MM  34    1988  56     MM       62
  AVERAGE         MM                        70     MM       70

PRECIPITATION (IN)
  YESTERDAY        0.00          0.92 1920   0.05  -0.05     0.21
  MONTH TO DATE    1.89                      2.03  -0.14     2.41
  SINCE JUN 1      8.56                      8.80  -0.24    11.62
  SINCE JAN 1     17.95                     15.96   1.99    18.83

SNOWFALL (IN)
  YESTERDAY        0.0           0.0    MM   0.0    0.0      0.0
  MONTH TO DATE    0.0                       0.0    0.0      0.0
  SINCE JUN 1      0.0                       0.0    0.0      0.0
  SINCE JUL 1      0.0                       0.0    0.0      0.0
  SNOW DEPTH       0

DEGREE DAYS
 HEATING
  YESTERDAY       MM                         1     MM        0
  MONTH TO DATE   29                         9     20        2
  SINCE JUN 1     39                        78    -39       75
  SINCE JUL 1     31                        17     14       21

 COOLING
  YESTERDAY       MM                         7     MM        5
  MONTH TO DATE  202                       242    -40      223
  SINCE JUN 1    614                       683    -69      564
  SINCE JAN 1    620                       717    -97      625
..................................................................


WIND (MPH)
  HIGHEST WIND SPEED    14   HIGHEST WIND DIRECTION    NE (50)
  HIGHEST GUST SPEED    17   HIGHEST GUST DIRECTION    NE (40)
  AVERAGE WIND SPEED     5.7


SKY COVER
  POSSIBLE SUNSHINE  MM
  AVERAGE SKY COVER 0.2


WEATHER CONDITIONS
 THE FOLLOWING WEATHER WAS RECORDED YESTERDAY.
  NO SIGNIFICANT WEATHER WAS OBSERVED.


RELATIVE HUMIDITY (PERCENT)
 HIGHEST    97          1100 PM
 LOWEST     51           300 PM
 AVERAGE    74

..........................................................


THE VALENTINE NE CLIMATE NORMALS FOR TODAY
                         NORMAL    RECORD    YEAR
 MAXIMUM TEMPERATURE (F)   85       108      2012
 MINIMUM TEMPERATURE (F)   55        39      1988


SUNRISE AND SUNSET
AUGUST 29 2015........SUNRISE   703 AM CDT   SUNSET   822 PM CDT
AUGUST 30 2015........SUNRISE   704 AM CDT   SUNSET   821 PM CDT


-  INDICATES NEGATIVE NUMBERS.
R  INDICATES RECORD WAS SET OR TIED.
MM INDICATES DATA IS MISSING.
T  INDICATES TRACE AMOUNT.

$$
