765
CDUS43 KLBF 060936
CLIVTN


CLIMATE REPORT
NATIONAL WEATHER SERVICE NORTH PLATTE
434 AM CDT FRI MAY 6 2016


...................................

...THE VALENTINE NE CLIMATE SUMMARY FOR MAY 5 2016...

CLIMATE NORMAL PERIOD 1981 TO 2010
CLIMATE RECORD PERIOD 1885 TO 2016


WEATHER ITEM   OBSERVED TIME   RECORD YEAR NORMAL DEPARTURE LAST
                VALUE   (LST)  VALUE       VALUE  FROM      YEAR
                                                  NORMAL
..................................................................
TEMPERATURE (F)
 YESTERDAY
  MAXIMUM         87    411 PM  98    2004  68     19       63
  MINIMUM         42    559 AM  23    1944  40      2       43
  AVERAGE         65                        54     11       53

PRECIPITATION (IN)
  YESTERDAY        0.00          1.67 1942   0.09  -0.09     0.29
  MONTH TO DATE    0.21                      0.46  -0.25     0.37
  SINCE MAR 1      5.76                      3.75   2.01     2.02
  SINCE JAN 1      6.44                      4.49   1.95     2.64

SNOWFALL (IN)
  YESTERDAY        0.0           6.5  1929   0.0    0.0      0.0
  MONTH TO DATE    0.0                       0.1   -0.1      0.0
  SINCE MAR 1      7.0                      11.2   -4.2      0.8
  SINCE JUL 1     38.2                      33.3    4.9     22.5
  SNOW DEPTH       0

DEGREE DAYS
 HEATING
  YESTERDAY        0                        12    -12       12
  MONTH TO DATE   61                        62     -1       32
  SINCE MAR 1   1273                      1509   -236     1167
  SINCE JUL 1   5959                      6745   -786     6293

 COOLING
  YESTERDAY        0                         1     -1        0
  MONTH TO DATE    0                         2     -2        1
  SINCE MAR 1      3                         6     -3        3
  SINCE JAN 1      3                         6     -3        3
..................................................................


WIND (MPH)
  HIGHEST WIND SPEED    24   HIGHEST WIND DIRECTION     S (180)
  HIGHEST GUST SPEED    29   HIGHEST GUST DIRECTION     S (170)
  AVERAGE WIND SPEED    10.7


SKY COVER
  POSSIBLE SUNSHINE  MM
  AVERAGE SKY COVER 0.0


WEATHER CONDITIONS
 THE FOLLOWING WEATHER WAS RECORDED YESTERDAY.
  NO SIGNIFICANT WEATHER WAS OBSERVED.


RELATIVE HUMIDITY (PERCENT)
 HIGHEST    76           500 AM
 LOWEST     18           400 PM
 AVERAGE    47

..........................................................


THE VALENTINE NE CLIMATE NORMALS FOR TODAY
                         NORMAL    RECORD    YEAR
 MAXIMUM TEMPERATURE (F)   68        90      1896
 MINIMUM TEMPERATURE (F)   41        21      1989
                                             1976


SUNRISE AND SUNSET
MAY  6 2016...........SUNRISE   629 AM CDT   SUNSET   849 PM CDT
MAY  7 2016...........SUNRISE   628 AM CDT   SUNSET   850 PM CDT


-  INDICATES NEGATIVE NUMBERS.
R  INDICATES RECORD WAS SET OR TIED.
MM INDICATES DATA IS MISSING.
T  INDICATES TRACE AMOUNT.




$$
