000
CDUS43 KLBF 051032
CLIVTN


CLIMATE REPORT
NATIONAL WEATHER SERVICE NORTH PLATTE
431 AM CST MON DEC 5 2016


...................................

...THE VALENTINE NE CLIMATE SUMMARY FOR DECEMBER 4 2016...

CLIMATE NORMAL PERIOD 1981 TO 2010
CLIMATE RECORD PERIOD 1885 TO 2016


WEATHER ITEM   OBSERVED TIME   RECORD YEAR NORMAL DEPARTURE LAST
                VALUE   (LST)  VALUE       VALUE  FROM      YEAR
                                                  NORMAL
..................................................................
TEMPERATURE (F)
 YESTERDAY
  MAXIMUM         49    335 PM  68    1995  39     10       44
  MINIMUM         19    458 AM -18    1897  13      6       13
  AVERAGE         34                        26      8       29

PRECIPITATION (IN)
  YESTERDAY        0.00          0.61 1910   0.01  -0.01     0.00
  MONTH TO DATE    0.00                      0.05  -0.05     0.10
  SINCE DEC 1      0.00                      0.05  -0.05     0.10
  SINCE JAN 1     25.64                     19.70   5.94    26.13

SNOWFALL (IN)
  YESTERDAY        0.0           6.6  1910   0.1   -0.1      0.0
  MONTH TO DATE    0.0                       0.6   -0.6      2.3
  SINCE DEC 1      0.0                       0.6   -0.6      2.3
  SINCE JUL 1      6.3                       8.2   -1.9     12.4
  SNOW DEPTH       0

DEGREE DAYS
 HEATING
  YESTERDAY       31                        39     -8       36
  MONTH TO DATE  135                       154    -19      155
  SINCE DEC 1    135                       154    -19      155
  SINCE JUL 1   1241                      1772   -531     1448

 COOLING
  YESTERDAY        0                         0      0        0
  MONTH TO DATE    0                         0      0        0
  SINCE DEC 1      0                         0      0        0
  SINCE JAN 1    880                       821     59      800
..................................................................


WIND (MPH)
  HIGHEST WIND SPEED    21   HIGHEST WIND DIRECTION     W (280)
  HIGHEST GUST SPEED    24   HIGHEST GUST DIRECTION     W (280)
  AVERAGE WIND SPEED     9.5


SKY COVER
  POSSIBLE SUNSHINE  MM
  AVERAGE SKY COVER 0.2


WEATHER CONDITIONS
 THE FOLLOWING WEATHER WAS RECORDED YESTERDAY.
  NO SIGNIFICANT WEATHER WAS OBSERVED.


RELATIVE HUMIDITY (PERCENT)
 HIGHEST    84           200 AM
 LOWEST     23           400 PM
 AVERAGE    54

..........................................................


THE VALENTINE NE CLIMATE NORMALS FOR TODAY
                         NORMAL    RECORD    YEAR
 MAXIMUM TEMPERATURE (F)   38        70      1939
 MINIMUM TEMPERATURE (F)   13       -16      2013


SUNRISE AND SUNSET
DECEMBER  5 2016......SUNRISE   758 AM CST   SUNSET   508 PM CST
DECEMBER  6 2016......SUNRISE   759 AM CST   SUNSET   508 PM CST


-  INDICATES NEGATIVE NUMBERS.
R  INDICATES RECORD WAS SET OR TIED.
MM INDICATES DATA IS MISSING.
T  INDICATES TRACE AMOUNT.




$$
