000
CDUS43 KLBF 240931
CLIVTN

CLIMATE REPORT
NATIONAL WEATHER SERVICE NORTH PLATTE
431 AM CDT FRI OCT 24 2014

...................................

...THE VALENTINE NE CLIMATE SUMMARY FOR OCTOBER 23 2014...

CLIMATE NORMAL PERIOD 1981 TO 2010
CLIMATE RECORD PERIOD 1885 TO 2014


WEATHER ITEM   OBSERVED TIME   RECORD YEAR NORMAL DEPARTURE LAST
                VALUE   (LST)  VALUE       VALUE  FROM      YEAR
                                                  NORMAL
..................................................................
TEMPERATURE (F)
 YESTERDAY
  MAXIMUM         75    304 PM  84    1973  60     15       54
  MINIMUM         30    727 AM   5    1917  31     -1       36
  AVERAGE         53                        46      7       45

PRECIPITATION (IN)
  YESTERDAY        0.00          1.42 1906   0.03  -0.03     0.00
  MONTH TO DATE    0.42                      1.00  -0.58     3.19
  SINCE SEP 1      1.16                      2.64  -1.48     4.74
  SINCE JAN 1     20.20                     18.75   1.45    22.38

SNOWFALL (IN)
  YESTERDAY        0.0          10.0  1906   0.0    0.0      0.0
  MONTH TO DATE    0.0                       0.8   -0.8      1.0
  SINCE SEP 1      0.0                       1.5   -1.5      1.0
  SINCE JUL 1      0.0                       1.5   -1.5      1.0
  SNOW DEPTH       0

DEGREE DAYS
 HEATING
  YESTERDAY       12                        19     -7       20
  MONTH TO DATE  263                       348    -85      398
  SINCE SEP 1    396                       508   -112      461
  SINCE JUL 1    417                       533   -116      464

 COOLING
  YESTERDAY        0                         0      0        0
  MONTH TO DATE    0                         1     -1        0
  SINCE SEP 1     89                        82      7      171
  SINCE JAN 1    724                       818    -94      964
..................................................................


WIND (MPH)
  HIGHEST WIND SPEED    20   HIGHEST WIND DIRECTION    SW (230)
  HIGHEST GUST SPEED    23   HIGHEST GUST DIRECTION    SW (230)
  AVERAGE WIND SPEED     7.6


SKY COVER
  POSSIBLE SUNSHINE  MM
  AVERAGE SKY COVER 0.0


WEATHER CONDITIONS
 THE FOLLOWING WEATHER WAS RECORDED YESTERDAY.
  FOG


RELATIVE HUMIDITY (PERCENT)
 HIGHEST   100           400 AM
 LOWEST     20           400 PM
 AVERAGE    60

..........................................................


THE VALENTINE NE CLIMATE NORMALS FOR TODAY
                         NORMAL    RECORD    YEAR
 MAXIMUM TEMPERATURE (F)   60        85      1894
 MINIMUM TEMPERATURE (F)   31        14      1995


SUNRISE AND SUNSET
OCTOBER 24 2014.......SUNRISE   806 AM CDT   SUNSET   646 PM CDT
OCTOBER 25 2014.......SUNRISE   808 AM CDT   SUNSET   644 PM CDT


-  INDICATES NEGATIVE NUMBERS.
R  INDICATES RECORD WAS SET OR TIED.
MM INDICATES DATA IS MISSING.
T  INDICATES TRACE AMOUNT.

$$
