000
CDUS46 KPQR 211142
CLIVUO


CLIMATE REPORT
NATIONAL WEATHER SERVICE PORTLAND OREGON
341 AM PST TUE FEB 21 2017


...................................

...THE VANCOUVER WA CLIMATE SUMMARY FOR FEBRUARY 20 2017...

CLIMATE NORMAL PERIOD 1981 TO 2010
CLIMATE RECORD PERIOD 1891 TO 2017


WEATHER ITEM   OBSERVED TIME   RECORD YEAR NORMAL DEPARTURE LAST
                VALUE   (LST)  VALUE       VALUE  FROM      YEAR
                                                  NORMAL
..................................................................
TEMPERATURE (F)
 YESTERDAY
  MAXIMUM         50    304 PM  62    1995  53     -3       53
  MINIMUM         41    730 AM  19    2006  35      6       34
  AVERAGE         46                        44      2       44

PRECIPITATION (IN)
  YESTERDAY        0.81                      0.12   0.69     0.02
  MONTH TO DATE    9.49                      2.94   6.55     2.90
  SINCE OCT 1     33.66                     24.19   9.47    33.85
  SINCE JAN 1     13.80                      8.44   5.36    10.00

DEGREE DAYS
 HEATING
  YESTERDAY       19                                        21
  MONTH TO DATE  468                                       338
  SINCE JUL 1   3101                                      2671

 COOLING
  YESTERDAY        0                                         0
  MONTH TO DATE    0                                         0
  SINCE JAN 1      0                                         0
..................................................................


WIND (MPH)
  HIGHEST WIND SPEED    13   HIGHEST WIND DIRECTION    SE (120)
  HIGHEST GUST SPEED    16   HIGHEST GUST DIRECTION    SE (120)
  AVERAGE WIND SPEED     3.9


SKY COVER
  POSSIBLE SUNSHINE  MM
  AVERAGE SKY COVER 1.0


WEATHER CONDITIONS
 THE FOLLOWING WEATHER WAS RECORDED YESTERDAY.
  HEAVY RAIN
  RAIN
  LIGHT RAIN
  FOG


RELATIVE HUMIDITY (PERCENT)
 HIGHEST   100          1200 AM
 LOWEST     80           300 PM
 AVERAGE    90

..........................................................




SUNRISE AND SUNSET
FEBRUARY 21 2017......SUNRISE   702 AM PST   SUNSET   547 PM PST
FEBRUARY 22 2017......SUNRISE   701 AM PST   SUNSET   548 PM PST


-  INDICATES NEGATIVE NUMBERS.
R  INDICATES RECORD WAS SET OR TIED.
MM INDICATES DATA IS MISSING.
T  INDICATES TRACE AMOUNT.




$$
