000
CDUS46 KPQR 290223
CLIVUO


CLIMATE REPORT
NATIONAL WEATHER SERVICE PORTLAND OREGON
722 PM PDT WED SEP 28 2016


...................................

...THE VANCOUVER WA CLIMATE SUMMARY FOR SEPTEMBER 28 2016...
VALID TODAY AS OF 0700 PM LOCAL TIME.

CLIMATE NORMAL PERIOD 1981 TO 2010
CLIMATE RECORD PERIOD 1891 TO 2016


WEATHER ITEM   OBSERVED TIME   RECORD YEAR NORMAL DEPARTURE LAST
                VALUE   (LST)  VALUE       VALUE  FROM      YEAR
                                                  NORMAL
..................................................................
TEMPERATURE (F)
 TODAY
  MAXIMUM         75    346 PM  89    1936  71      4       82
  MINIMUM         47    620 AM  32    1983  48     -1       40
  AVERAGE         61                        60      1       61

PRECIPITATION (IN)
  TODAY            0.00                      0.09  -0.09     0.00
  MONTH TO DATE    1.15                      1.39  -0.24     1.23
  SINCE OCT 1     46.58                     38.97   7.61    32.00
  SINCE JAN 1     22.73                     23.22  -0.49    17.11

DEGREE DAYS
 HEATING
  TODAY            4                                         4
  MONTH TO DATE   90                                       100
  SINCE SEP 1     90                                       100
  SINCE JUL 1    112                                       104

 COOLING
  TODAY            0                                         0
  MONTH TO DATE   18                                        33
  SINCE SEP 1     18                                        33
  SINCE JAN 1    407                                       660
..................................................................


WIND (MPH)
  HIGHEST WIND SPEED    13   HIGHEST WIND DIRECTION    NW (310)
  HIGHEST GUST SPEED    18   HIGHEST GUST DIRECTION    NW (310)
  AVERAGE WIND SPEED     5.6


SKY COVER
  POSSIBLE SUNSHINE  MM
  AVERAGE SKY COVER 0.0


WEATHER CONDITIONS
 THE FOLLOWING WEATHER WAS RECORDED TODAY.
  NO SIGNIFICANT WEATHER WAS OBSERVED.


RELATIVE HUMIDITY (PERCENT)
 HIGHEST    82           600 AM
 LOWEST     41           300 PM
 AVERAGE    62

..........................................................


THE VANCOUVER WA CLIMATE NORMALS FOR TOMORROW
                         NORMAL    RECORD    YEAR
 MAXIMUM TEMPERATURE (F)   71        92      2008
 MINIMUM TEMPERATURE (F)   48        31      1985


SUNRISE AND SUNSET
SEPTEMBER 28 2016.....SUNRISE   706 AM PDT   SUNSET   655 PM PDT
SEPTEMBER 29 2016.....SUNRISE   707 AM PDT   SUNSET   653 PM PDT


-  INDICATES NEGATIVE NUMBERS.
R  INDICATES RECORD WAS SET OR TIED.
MM INDICATES DATA IS MISSING.
T  INDICATES TRACE AMOUNT.




$$
