000
CDUS46 KPQR 280221
CLIVUO


CLIMATE REPORT
NATIONAL WEATHER SERVICE PORTLAND OREGON
721 PM PDT THU AUG 27 2015


...................................

...THE VANCOUVER WA CLIMATE SUMMARY FOR AUGUST 27 2015...
VALID TODAY AS OF 0700 PM LOCAL TIME.

CLIMATE NORMAL PERIOD 1981 TO 2010
CLIMATE RECORD PERIOD 1891 TO 2015


WEATHER ITEM   OBSERVED TIME   RECORD YEAR NORMAL DEPARTURE LAST
                VALUE   (LST)  VALUE       VALUE  FROM      YEAR
                                                  NORMAL
..................................................................
TEMPERATURE (F)
 TODAY
  MAXIMUM         88    549 PM  98    1935  81      7       90
  MINIMUM         56    505 AM  40    1981  56      0       60
  AVERAGE         72                        68      4       75

PRECIPITATION (IN)
  TODAY            0.00                      0.04  -0.04     0.00
  MONTH TO DATE    0.01                      0.61  -0.60     0.02
  SINCE OCT 1     30.23                     37.42  -7.19    27.74
  SINCE JAN 1     15.34                     21.67  -6.33    22.27

DEGREE DAYS
 HEATING
  TODAY            0                                         0
  MONTH TO DATE    0                                         0
  SINCE JUN 1     28                                        81
  SINCE JUL 1      4                                         3

 COOLING
  TODAY            7                                        10
  MONTH TO DATE  181                                       207
  SINCE JUN 1    593                                       424
  SINCE JAN 1    609                                       439
..................................................................


WIND (MPH)
  HIGHEST WIND SPEED     7   HIGHEST WIND DIRECTION    SW (210)
  HIGHEST GUST SPEED     9   HIGHEST GUST DIRECTION     W (260)
  AVERAGE WIND SPEED     1.2


SKY COVER
  POSSIBLE SUNSHINE  MM
  AVERAGE SKY COVER 0.0


WEATHER CONDITIONS
 THE FOLLOWING WEATHER WAS RECORDED TODAY.
  NO SIGNIFICANT WEATHER WAS OBSERVED.


RELATIVE HUMIDITY (PERCENT)
 HIGHEST    72           400 AM
 LOWEST     20           500 PM
 AVERAGE    46

..........................................................


THE VANCOUVER WA CLIMATE NORMALS FOR TOMORROW
                         NORMAL    RECORD    YEAR
 MAXIMUM TEMPERATURE (F)   81       100      1967
 MINIMUM TEMPERATURE (F)   56        37      1980


SUNRISE AND SUNSET
AUGUST 27 2015........SUNRISE   626 AM PDT   SUNSET   758 PM PDT
AUGUST 28 2015........SUNRISE   627 AM PDT   SUNSET   756 PM PDT


-  INDICATES NEGATIVE NUMBERS.
R  INDICATES RECORD WAS SET OR TIED.
MM INDICATES DATA IS MISSING.
T  INDICATES TRACE AMOUNT.




$$
