000
CDUS46 KPQR 211142
CLIVUO


CLIMATE REPORT
NATIONAL WEATHER SERVICE PORTLAND OREGON
441 AM PDT THU AUG 21 2014


...................................

...THE VANCOUVER WA CLIMATE SUMMARY FOR AUGUST 20 2014...

CLIMATE NORMAL PERIOD 1981 TO 2010
CLIMATE RECORD PERIOD 1891 TO 2014


WEATHER ITEM   OBSERVED TIME   RECORD YEAR NORMAL DEPARTURE LAST
                VALUE   (LST)  VALUE       VALUE  FROM      YEAR
                                                  NORMAL
..................................................................
TEMPERATURE (F)
 YESTERDAY
  MAXIMUM         77    454 PM  96    1951  81     -4       82
  MINIMUM         59   1159 PM  45    1947  57      2       55
  AVERAGE         68                        69     -1       69

PRECIPITATION (IN)
  YESTERDAY        0.00                      0.03  -0.03     0.00
  MONTH TO DATE    0.02                      0.40  -0.38     0.04
  SINCE OCT 1     27.74                     37.21  -9.47    34.28
  SINCE JAN 1     22.27                     21.46   0.81    15.02

DEGREE DAYS
 HEATING
  YESTERDAY        0                                         0
  MONTH TO DATE    0                                         3
  SINCE JUL 1      3                                        12

 COOLING
  YESTERDAY        3                                         4
  MONTH TO DATE  164                                       108
  SINCE JAN 1    396                                       312
..................................................................


WIND (MPH)
  HIGHEST WIND SPEED    13   HIGHEST WIND DIRECTION    NW (320)
  HIGHEST GUST SPEED    18   HIGHEST GUST DIRECTION    NW (300)
  AVERAGE WIND SPEED     5.2


SKY COVER
  POSSIBLE SUNSHINE  MM
  AVERAGE SKY COVER 0.4


WEATHER CONDITIONS
 THE FOLLOWING WEATHER WAS RECORDED YESTERDAY.
  NO SIGNIFICANT WEATHER WAS OBSERVED.


RELATIVE HUMIDITY (PERCENT)
 HIGHEST    72           200 AM
 LOWEST     36           400 PM
 AVERAGE    54

..........................................................




SUNRISE AND SUNSET
AUGUST 21 2014........SUNRISE   618 AM PDT   SUNSET   808 PM PDT
AUGUST 22 2014........SUNRISE   620 AM PDT   SUNSET   806 PM PDT


-  INDICATES NEGATIVE NUMBERS.
R  INDICATES RECORD WAS SET OR TIED.
MM INDICATES DATA IS MISSING.
T  INDICATES TRACE AMOUNT.




$$
