000
CDUS46 KPQR 281141
CLIVUO


CLIMATE REPORT
NATIONAL WEATHER SERVICE PORTLAND OREGON
440 AM PDT SUN MAY 28 2017


...................................

...THE VANCOUVER WA CLIMATE SUMMARY FOR MAY 27 2017...

CLIMATE NORMAL PERIOD 1981 TO 2010
CLIMATE RECORD PERIOD 1891 TO 2017


WEATHER ITEM   OBSERVED TIME   RECORD YEAR NORMAL DEPARTURE LAST
                VALUE   (LST)  VALUE       VALUE  FROM      YEAR
                                                  NORMAL
..................................................................
TEMPERATURE (F)
 YESTERDAY
  MAXIMUM         90    549 PM  94    2005  70     20       62
  MINIMUM         52    436 AM  36    1994  51      1       48
  AVERAGE         71                        60     11       55

PRECIPITATION (IN)
  YESTERDAY        0.00                      0.07  -0.07     0.06
  MONTH TO DATE    1.78                      2.22  -0.44     1.63
  SINCE OCT 1     47.63                     34.08  13.55    43.35
  SINCE JAN 1     27.77                     18.33   9.44    19.50

DEGREE DAYS
 HEATING
  YESTERDAY        0                                        10
  MONTH TO DATE  188                                       132
  SINCE JUL 1   4420                                      3723

 COOLING
  YESTERDAY        6                                         0
  MONTH TO DATE   34                                        15
  SINCE JAN 1     34                                        21
..................................................................


WIND (MPH)
  HIGHEST WIND SPEED    10   HIGHEST WIND DIRECTION    NW (320)
  HIGHEST GUST SPEED    15   HIGHEST GUST DIRECTION     W (290)
  AVERAGE WIND SPEED     3.4


SKY COVER
  POSSIBLE SUNSHINE  MM
  AVERAGE SKY COVER 0.0


WEATHER CONDITIONS
 THE FOLLOWING WEATHER WAS RECORDED YESTERDAY.
  NO SIGNIFICANT WEATHER WAS OBSERVED.


RELATIVE HUMIDITY (PERCENT)
 HIGHEST    89           500 AM
 LOWEST     21           600 PM
 AVERAGE    55

..........................................................




SUNRISE AND SUNSET
MAY 28 2017...........SUNRISE   527 AM PDT   SUNSET   849 PM PDT
MAY 29 2017...........SUNRISE   526 AM PDT   SUNSET   850 PM PDT


-  INDICATES NEGATIVE NUMBERS.
R  INDICATES RECORD WAS SET OR TIED.
MM INDICATES DATA IS MISSING.
T  INDICATES TRACE AMOUNT.




$$
