000
CDUS46 KPQR 220221
CLIVUO


CLIMATE REPORT
NATIONAL WEATHER SERVICE PORTLAND OREGON
721 PM PDT SUN SEP 21 2014


...................................

...THE VANCOUVER WA CLIMATE SUMMARY FOR SEPTEMBER 21 2014...
VALID TODAY AS OF 0700 PM LOCAL TIME.

CLIMATE NORMAL PERIOD 1981 TO 2010
CLIMATE RECORD PERIOD 1891 TO 2014


WEATHER ITEM   OBSERVED TIME   RECORD YEAR NORMAL DEPARTURE LAST
                VALUE   (LST)  VALUE       VALUE  FROM      YEAR
                                                  NORMAL
..................................................................
TEMPERATURE (F)
 TODAY
  MAXIMUM         87    420 PM  95    1952  74     13       66
  MINIMUM         56    604 AM  36    1932  50      6       56
  AVERAGE         72                        62     10       61

PRECIPITATION (IN)
  TODAY            0.00                      0.07  -0.07     0.19
  MONTH TO DATE    0.05                      0.84  -0.79     1.72
  SINCE OCT 1     27.81                     38.42 -10.61    36.81
  SINCE JAN 1     22.34                     22.67  -0.33    17.55

DEGREE DAYS
 HEATING
  TODAY            0                                         4
  MONTH TO DATE    2                                        15
  SINCE SEP 1      2                                        15
  SINCE JUL 1      5                                        28

 COOLING
  TODAY            7                                         0
  MONTH TO DATE   68                                        74
  SINCE SEP 1     68                                        74
  SINCE JAN 1    520                                       450
..................................................................


WIND (MPH)
  HIGHEST WIND SPEED     9   HIGHEST WIND DIRECTION    NW (330)
  HIGHEST GUST SPEED    12   HIGHEST GUST DIRECTION     N (350)
  AVERAGE WIND SPEED     1.6


SKY COVER
  POSSIBLE SUNSHINE  MM
  AVERAGE SKY COVER 0.0


WEATHER CONDITIONS
 THE FOLLOWING WEATHER WAS RECORDED TODAY.
  NO SIGNIFICANT WEATHER WAS OBSERVED.


RELATIVE HUMIDITY (PERCENT)
 HIGHEST    87           300 AM
 LOWEST     32           300 PM
 AVERAGE    60

..........................................................


THE VANCOUVER WA CLIMATE NORMALS FOR TOMORROW
                         NORMAL    RECORD    YEAR
 MAXIMUM TEMPERATURE (F)   74        94      1952
 MINIMUM TEMPERATURE (F)   50        38      1961


SUNRISE AND SUNSET
SEPTEMBER 21 2014.....SUNRISE   656 AM PDT   SUNSET   710 PM PDT
SEPTEMBER 22 2014.....SUNRISE   658 AM PDT   SUNSET   708 PM PDT


-  INDICATES NEGATIVE NUMBERS.
R  INDICATES RECORD WAS SET OR TIED.
MM INDICATES DATA IS MISSING.
T  INDICATES TRACE AMOUNT.




$$
