000
CDUS41 KAKQ 060649
CLIWAL


CLIMATE REPORT
NATIONAL WEATHER SERVICE WAKEFIELD, VA
148 AM EST SAT FEB 6 2016


...................................

...THE WALLOPS ISLAND VA CLIMATE SUMMARY FOR FEBRUARY 5 2016...

CLIMATE NORMAL PERIOD 1981 TO 2010
CLIMATE RECORD PERIOD 1963 TO 2016


WEATHER ITEM   OBSERVED TIME   RECORD YEAR NORMAL DEPARTURE
                VALUE   (LST)  VALUE       VALUE  FROM
                                                  NORMAL
...............................................................
TEMPERATURE (F)
 YESTERDAY
  MAXIMUM         44    314 PM  72    2008  46     -2
  MINIMUM         31   1159 PM   3    1996  29      2
  AVERAGE         38                        37      1

PRECIPITATION (IN)
  YESTERDAY        0.71          0.93        0.10   0.61
  MONTH TO DATE    2.29                      0.48   1.81
  SINCE DEC 1      9.19                      6.95   2.24
  SINCE JAN 1      4.91                      3.52   1.39

SNOWFALL (IN)
  YESTERDAY        1.0           2.5  2010   0.2    0.8
  MONTH TO DATE    1.0                       0.6    0.4
  SINCE NOV 1      8.3                       4.6    3.7
  SINCE JUL 1      8.3                       4.6    3.7

DEGREE DAYS
 HEATING
  YESTERDAY       27                               -1
  MONTH TO DATE   81                              -59
  SINCE DEC 1   1283                             -497
  SINCE JUL 1   1805                             -679

 COOLING
  YESTERDAY        0                                0
  MONTH TO DATE    0                                0
  SINCE DEC 1      7                                7
  SINCE JAN 1      0                                0
...............................................................


WIND (MPH)
  HIGHEST WIND SPEED    23   HIGHEST WIND DIRECTION    NW (310)
  HIGHEST GUST SPEED    30   HIGHEST GUST DIRECTION     N (340)
  AVERAGE WIND SPEED    11.6




RELATIVE HUMIDITY (PERCENT)
 HIGHEST    96
 LOWEST     51
 AVERAGE    74

..........................................................


THE WALLOPS ISLAND VA CLIMATE NORMALS FOR TODAY
                         NORMAL    RECORD    YEAR
 MAXIMUM TEMPERATURE (F)   46        77      2008
 MINIMUM TEMPERATURE (F)   29         7      1996


SUNRISE AND SUNSET
FEBRUARY  6 2016......SUNRISE   702 AM EST   SUNSET   530 PM EST
FEBRUARY  7 2016......SUNRISE   701 AM EST   SUNSET   531 PM EST


-  INDICATES NEGATIVE NUMBERS.
R  INDICATES RECORD WAS SET OR TIED.
MM INDICATES DATA IS MISSING.
T  INDICATES TRACE AMOUNT.




$$
