000
CDUS41 KAKQ 230634
CLIWAL


CLIMATE REPORT
NATIONAL WEATHER SERVICE WAKEFIELD, VA
134 AM EST FRI FEB 23 2018


...................................

...THE WALLOPS ISLAND VA CLIMATE SUMMARY FOR FEBRUARY 22 2018...

CLIMATE NORMAL PERIOD 1981 TO 2010
CLIMATE RECORD PERIOD 1963 TO 2018


WEATHER ITEM   OBSERVED TIME   RECORD YEAR NORMAL DEPARTURE
                VALUE   (LST)  VALUE       VALUE  FROM
                                                  NORMAL
...............................................................
TEMPERATURE (F)
 YESTERDAY
  MAXIMUM         58   1255 PM  70    1997  48     10
                                      1991
  MINIMUM         44    928 AM  13    1968  31     13
  AVERAGE         51                        40     11

PRECIPITATION (IN)
  YESTERDAY        T             0.73        0.10  -0.10
  MONTH TO DATE    1.84                      2.12  -0.28
  SINCE DEC 1      7.40                      8.59  -1.19
  SINCE JAN 1      5.51                      5.16   0.35

SNOWFALL (IN)
  YESTERDAY        0.0           0.0    MM   0.2   -0.2
  MONTH TO DATE    0.0                       2.8   -2.8
  SINCE NOV 1     11.8                       6.8    5.0
  SINCE JUL 1     11.8                       6.8    5.0

DEGREE DAYS
 HEATING
  YESTERDAY       14                              -11
  MONTH TO DATE  429                             -161
  SINCE DEC 1   2142                              -88
  SINCE JUL 1   2745                             -189

 COOLING
  YESTERDAY        0                                0
  MONTH TO DATE    1                                1
  SINCE DEC 1      1                                1
  SINCE JAN 1      1                                1
...............................................................


WIND (MPH)
  HIGHEST WIND SPEED    27   HIGHEST WIND DIRECTION    NE (30)
  HIGHEST GUST SPEED    37   HIGHEST GUST DIRECTION    NE (30)
  AVERAGE WIND SPEED    12.2




RELATIVE HUMIDITY (PERCENT)
 HIGHEST    96
 LOWEST     83
 AVERAGE    90

..........................................................


THE WALLOPS ISLAND VA CLIMATE NORMALS FOR TODAY
                         NORMAL    RECORD    YEAR
 MAXIMUM TEMPERATURE (F)   48        69      2017
 MINIMUM TEMPERATURE (F)   32        18      1999


SUNRISE AND SUNSET
FEBRUARY 23 2018......SUNRISE   642 AM EST   SUNSET   549 PM EST
FEBRUARY 24 2018......SUNRISE   640 AM EST   SUNSET   550 PM EST


-  INDICATES NEGATIVE NUMBERS.
R  INDICATES RECORD WAS SET OR TIED.
MM INDICATES DATA IS MISSING.
T  INDICATES TRACE AMOUNT.




$$
