000
CDUS41 KAKQ 240545
CLIWAL


CLIMATE REPORT
NATIONAL WEATHER SERVICE WAKEFIELD, VA
145 AM EDT MON APR 24 2017


...................................

...THE WALLOPS ISLAND VA CLIMATE SUMMARY FOR APRIL 23 2017...

CLIMATE NORMAL PERIOD 1981 TO 2010
CLIMATE RECORD PERIOD 1963 TO 2017


WEATHER ITEM   OBSERVED TIME   RECORD YEAR NORMAL DEPARTURE
                VALUE   (LST)  VALUE       VALUE  FROM
                                                  NORMAL
...............................................................
TEMPERATURE (F)
 YESTERDAY
  MAXIMUM         58   1252 PM  85    1976  65     -7
  MINIMUM         49    640 AM  34    1994  47      2
  AVERAGE         54                        56     -2

PRECIPITATION (IN)
  YESTERDAY        0.02          0.60        0.10  -0.08
  MONTH TO DATE    0.95                      2.45  -1.50
  SINCE MAR 1      4.33                      6.45  -2.12
  SINCE JAN 1     10.53                     12.25  -1.72

SNOWFALL (IN)
  YESTERDAY       MM             0.0    MM   0.0   MM
  MONTH TO DATE    0.0                       0.1   -0.1
  SINCE NOV 1     10.1                       7.9    2.2
  SINCE JUL 1     10.1                       7.9    2.2

DEGREE DAYS
 HEATING
  YESTERDAY       11                                2
  MONTH TO DATE  157                             -128
  SINCE MAR 1    771                             -133
  SINCE JUL 1   3347                             -637

 COOLING
  YESTERDAY        0                               -1
  MONTH TO DATE   22                               21
  SINCE MAR 1     24                               22
  SINCE JAN 1     24                               22
...............................................................


WIND (MPH)
  HIGHEST WIND SPEED    21   HIGHEST WIND DIRECTION    NE (50)
  HIGHEST GUST SPEED    25   HIGHEST GUST DIRECTION    NE (50)
  AVERAGE WIND SPEED    12.2




RELATIVE HUMIDITY (PERCENT)
 HIGHEST   100
 LOWEST     72
 AVERAGE    86

..........................................................


THE WALLOPS ISLAND VA CLIMATE NORMALS FOR TODAY
                         NORMAL    RECORD    YEAR
 MAXIMUM TEMPERATURE (F)   65        85      2011
 MINIMUM TEMPERATURE (F)   47        36      2003


SUNRISE AND SUNSET
APRIL 24 2017.........SUNRISE   614 AM EDT   SUNSET   746 PM EDT
APRIL 25 2017.........SUNRISE   613 AM EDT   SUNSET   747 PM EDT


-  INDICATES NEGATIVE NUMBERS.
R  INDICATES RECORD WAS SET OR TIED.
MM INDICATES DATA IS MISSING.
T  INDICATES TRACE AMOUNT.




$$
