000
CDUS41 KAKQ 270845
CLIWAL


CLIMATE REPORT
NATIONAL WEATHER SERVICE WAKEFIELD, VA
345 AM EST THU NOV 27 2014


...................................

...THE WALLOPS ISLAND VA CLIMATE SUMMARY FOR NOVEMBER 26 2014...

CLIMATE NORMAL PERIOD 1981 TO 2010
CLIMATE RECORD PERIOD 1963 TO 2014


WEATHER ITEM   OBSERVED TIME   RECORD YEAR NORMAL DEPARTURE
                VALUE   (LST)  VALUE       VALUE  FROM
                                                  NORMAL
...............................................................
TEMPERATURE (F)
 YESTERDAY
  MAXIMUM         50   1236 AM  73    1990  55     -5
  MINIMUM         37    817 PM  22    1974  38     -1
  AVERAGE         44                        46     -2

PRECIPITATION (IN)
  YESTERDAY        1.39          2.82        0.11   1.28
  MONTH TO DATE    3.12                      2.47   0.65
  SINCE SEP 1      9.16                      9.62  -0.46
  SINCE JAN 1     34.75                     37.01  -2.26

SNOWFALL (IN)
  YESTERDAY       MM             0.0    MM   0.1   MM
  MONTH TO DATE    0.0                       0.1   -0.1
  SINCE NOV 1      0.0                       0.1   -0.1
  SINCE JUL 1      0.0                       0.1   -0.1

DEGREE DAYS
 HEATING
  YESTERDAY       21                                2
  MONTH TO DATE  475                               92
  SINCE SEP 1    594                              -31
  SINCE JUL 1    594                              -32

 COOLING
  YESTERDAY        0                                0
  MONTH TO DATE    0                                0
  SINCE SEP 1    255                               60
  SINCE JAN 1   1352                              157
...............................................................


WIND (MPH)
  HIGHEST WIND SPEED    26   HIGHEST WIND DIRECTION     E (70)
  HIGHEST GUST SPEED    35   HIGHEST GUST DIRECTION    NE (60)
  AVERAGE WIND SPEED    14.9




RELATIVE HUMIDITY (PERCENT)
 HIGHEST   100
 LOWEST     71
 AVERAGE    86

..........................................................


THE WALLOPS ISLAND VA CLIMATE NORMALS FOR TODAY
                         NORMAL    RECORD    YEAR
 MAXIMUM TEMPERATURE (F)   55        73      1985
 MINIMUM TEMPERATURE (F)   37        20      1974


SUNRISE AND SUNSET
NOVEMBER 27 2014......SUNRISE   655 AM EST   SUNSET   444 PM EST
NOVEMBER 28 2014......SUNRISE   656 AM EST   SUNSET   444 PM EST


-  INDICATES NEGATIVE NUMBERS.
R  INDICATES RECORD WAS SET OR TIED.
MM INDICATES DATA IS MISSING.
T  INDICATES TRACE AMOUNT.




$$
