000
CDUS46 KLOX 210914
CLIWJF


CLIMATE REPORT
NATIONAL WEATHER SERVICE LOS ANGELES/OXNARD CA
112 AM PST SUN JAN 21 2018


...................................

...THE LANCASTER FOX FIELD CA CLIMATE SUMMARY FOR JANUARY 20 2018...

CLIMATE NORMAL PERIOD 1981 TO 2010
CLIMATE RECORD PERIOD 1948 TO 2018


WEATHER ITEM   OBSERVED TIME   RECORD YEAR NORMAL DEPARTURE
                VALUE   (LST)  VALUE       VALUE  FROM
                                                  NORMAL
...............................................................
TEMPERATURE (F)
 YESTERDAY
  MAXIMUM         49    156 PM  80    1971  59    -10
  MINIMUM         36    922 PM  12    1963  31      5
  AVERAGE         43                        45     -2

PRECIPITATION (IN)
  YESTERDAY        0.00          0.90 2010   0.05  -0.05
  MONTH TO DATE    0.95                      0.97  -0.02
  SINCE OCT 1      0.97                      3.10  -2.13
  SINCE JAN 1      0.95                      0.97  -0.02

SNOWFALL (IN)
  YESTERDAY        0.0           0.0    MM
  MONTH TO DATE    0.0
  SINCE DEC 1      0.0
  SINCE JUL 1      0.0
  SNOW DEPTH       0

DEGREE DAYS
 HEATING
  YESTERDAY       22                                2
  MONTH TO DATE  272                             -139
  SINCE DEC 1    913                             -155
  SINCE JUL 1   1275                             -338

 COOLING
  YESTERDAY        0                                0
  MONTH TO DATE    0                                0
  SINCE DEC 1      0                                0
  SINCE JAN 1      0                                0
...............................................................


WIND (MPH)
  HIGHEST WIND SPEED    37   HIGHEST WIND DIRECTION    NW (300)
  HIGHEST GUST SPEED    42   HIGHEST GUST DIRECTION    NW (310)
  AVERAGE WIND SPEED    17.8




RELATIVE HUMIDITY (PERCENT)
 HIGHEST    70
 LOWEST     39
 AVERAGE    55

..........................................................


THE LANCASTER FOX FIELD CA CLIMATE NORMALS FOR TODAY
                         NORMAL    RECORD    YEAR
 MAXIMUM TEMPERATURE (F)   59        75      1950
 MINIMUM TEMPERATURE (F)   32        14      1987


SUNRISE AND SUNSET
JANUARY 21 2018.......SUNRISE   658 AM PST   SUNSET   511 PM PST
JANUARY 22 2018.......SUNRISE   657 AM PST   SUNSET   512 PM PST


-  INDICATES NEGATIVE NUMBERS.
R  INDICATES RECORD WAS SET OR TIED.
MM INDICATES DATA IS MISSING.
T  INDICATES TRACE AMOUNT.




$$
