441
CDUS46 KLOX 230114
CLIWJF


CLIMATE REPORT
NATIONAL WEATHER SERVICE LOS ANGELES/OXNARD CA
614 PM PDT MON MAY 22 2017


...................................

...THE LANCASTER CLIMATE SUMMARY FOR MAY 22 2017...
VALID TODAY AS OF 0600 PM LOCAL TIME.

CLIMATE NORMAL PERIOD 1981 TO 2010
CLIMATE RECORD PERIOD 1948 TO 2017


WEATHER ITEM   OBSERVED TIME   RECORD YEAR NORMAL DEPARTURE LAST
                VALUE   (LST)  VALUE       VALUE  FROM      YEAR
                                                  NORMAL
..................................................................
TEMPERATURE (F)
 TODAY
  MAXIMUM         97    328 PM 102    2000  84     13       76
  MINIMUM         54    446 AM  42    1965  56     -2       49
  AVERAGE         76                        70      6       63

PRECIPITATION (IN)
  TODAY            0.00          0.01 2008   0.00   0.00     0.00
  MONTH TO DATE    0.00                      0.07  -0.07     0.00
  SINCE OCT 1      6.51                      6.97  -0.46     3.82
  SINCE JAN 1      4.52                      4.84  -0.32     2.53

SNOWFALL (IN)
  TODAY            0.0           0.0    MM   0.0             0.0
  MONTH TO DATE    0.0                       0.0             0.0
  SINCE MAR 1      0.0                       0.0             0.0
  SINCE JUL 1      0.0                       2.3             0.0
  SNOW DEPTH       0

DEGREE DAYS
 HEATING
  TODAY            0                         1     -1        2
  MONTH TO DATE   66                        51     15       39
  SINCE MAR 1    477                       626   -149      409
  SINCE JUL 1   2476                      2919   -443     2660

 COOLING
  TODAY           11                         6      5        0
  MONTH TO DATE   82                        95    -13       73
  SINCE MAR 1     92                       125    -33       94
  SINCE JAN 1     92                       125    -33       97
..................................................................


WIND (MPH)
  HIGHEST WIND SPEED    20   HIGHEST WIND DIRECTION    SW (220)
  HIGHEST GUST SPEED    25   HIGHEST GUST DIRECTION    SW (210)
  AVERAGE WIND SPEED     5.8


SKY COVER
  POSSIBLE SUNSHINE  MM
  AVERAGE SKY COVER 0.0


WEATHER CONDITIONS
 THE FOLLOWING WEATHER WAS RECORDED TODAY.
  NO SIGNIFICANT WEATHER WAS OBSERVED.


RELATIVE HUMIDITY (PERCENT)
 HIGHEST    44           300 AM
 LOWEST     10           100 PM
 AVERAGE    27

..........................................................


THE LANCASTER CLIMATE NORMALS FOR TOMORROW
                         NORMAL    RECORD    YEAR
 MAXIMUM TEMPERATURE (F)   84       102      2001
 MINIMUM TEMPERATURE (F)   56        41      2010
                                             1980


SUNRISE AND SUNSET
MAY 22 2017...........SUNRISE   545 AM PDT   SUNSET   754 PM PDT
MAY 23 2017...........SUNRISE   544 AM PDT   SUNSET   755 PM PDT


-  INDICATES NEGATIVE NUMBERS.
R  INDICATES RECORD WAS SET OR TIED.
MM INDICATES DATA IS MISSING.
T  INDICATES TRACE AMOUNT.




$$
