000
CDUS46 KLOX 230903
CLIWJF


CLIMATE REPORT
NATIONAL WEATHER SERVICE LOS ANGELES/OXNARD CA
203 AM PDT WED AUG 23 2017


...................................

...THE LANCASTER FOX FIELD CA CLIMATE SUMMARY FOR AUGUST 22 2017...

CLIMATE NORMAL PERIOD 1981 TO 2010
CLIMATE RECORD PERIOD 1948 TO 2017


WEATHER ITEM   OBSERVED TIME   RECORD YEAR NORMAL DEPARTURE
                VALUE   (LST)  VALUE       VALUE  FROM
                                                  NORMAL
...............................................................
TEMPERATURE (F)
 YESTERDAY
  MAXIMUM         98    313 PM 105    1961  97      1
  MINIMUM         54    506 AM  48    1959  63     -9
  AVERAGE         76                        80     -4

PRECIPITATION (IN)
  YESTERDAY        0.00          T    1984   0.01  -0.01
                                      1984
                                      2009
  MONTH TO DATE    0.03                      0.07  -0.04
  SINCE OCT 1      6.54                      7.20  -0.66
  SINCE JAN 1      4.55                      5.07  -0.52

SNOWFALL (IN)
  YESTERDAY        0.0           0.0    MM
  MONTH TO DATE    0.0
  SINCE JUN 1      0.0
  SINCE JUL 1      0.0
  SNOW DEPTH       0

DEGREE DAYS
 HEATING
  YESTERDAY        0                                0
  MONTH TO DATE    0                                0
  SINCE JUN 1      9                                1
  SINCE JUL 1      0                                0

 COOLING
  YESTERDAY       11                               -4
  MONTH TO DATE  388                               24
  SINCE JUN 1   1553                              312
  SINCE JAN 1   1714                              284
...............................................................


WIND (MPH)
  HIGHEST WIND SPEED    22   HIGHEST WIND DIRECTION     W (250)
  HIGHEST GUST SPEED    28   HIGHEST GUST DIRECTION     W (280)
  AVERAGE WIND SPEED     7.7




RELATIVE HUMIDITY (PERCENT)
 HIGHEST    43
 LOWEST     10
 AVERAGE    27

..........................................................


THE LANCASTER FOX FIELD CA CLIMATE NORMALS FOR TODAY
                         NORMAL    RECORD    YEAR
 MAXIMUM TEMPERATURE (F)   97       106      1956
 MINIMUM TEMPERATURE (F)   63        47      1968


SUNRISE AND SUNSET
AUGUST 23 2017........SUNRISE   619 AM PDT   SUNSET   731 PM PDT
AUGUST 24 2017........SUNRISE   620 AM PDT   SUNSET   729 PM PDT


-  INDICATES NEGATIVE NUMBERS.
R  INDICATES RECORD WAS SET OR TIED.
MM INDICATES DATA IS MISSING.
T  INDICATES TRACE AMOUNT.




$$
