000
CDUS46 KLOX 180908
CLIWJF


CLIMATE REPORT
NATIONAL WEATHER SERVICE LOS ANGELES/OXNARD CA
207 AM PDT THU SEP 18 2014


...................................

...THE LANCASTER FOX FIELD CA CLIMATE SUMMARY FOR SEPTEMBER 17 2014...

CLIMATE NORMAL PERIOD 1981 TO 2010
CLIMATE RECORD PERIOD 1948 TO 2014


WEATHER ITEM   OBSERVED TIME   RECORD YEAR NORMAL DEPARTURE
                VALUE   (LST)  VALUE       VALUE  FROM
                                                  NORMAL
...............................................................
TEMPERATURE (F)
 YESTERDAY
  MAXIMUM         99    224 PM 103    2000  90      9
                                      1951
  MINIMUM         65    532 AM  41    2006  56      9
  AVERAGE         82                        73      9

PRECIPITATION (IN)
  YESTERDAY        0.00          0.04 1950   0.01  -0.01
  MONTH TO DATE    T                         0.07  -0.07
  SINCE JUL 1      0.03                      0.26  -0.23
  SINCE JAN 1      2.35                      5.17  -2.82

SNOWFALL (IN)
  YESTERDAY        0.0           0.0    MM
  MONTH TO DATE    0.0
  SINCE SEP 1      0.0
  SINCE JUL 1      0.0
  SNOW DEPTH       0

DEGREE DAYS
 HEATING
  YESTERDAY        0                                0
  MONTH TO DATE    0                                0
  SINCE SEP 1      0                                0
  SINCE JUL 1      0                                0

 COOLING
  YESTERDAY       17                                8
  MONTH TO DATE  248                               61
  SINCE SEP 1    248                               61
  SINCE JAN 1   1899                              153
...............................................................


WIND (MPH)
  HIGHEST WIND SPEED    24   HIGHEST WIND DIRECTION    SW (230)
  HIGHEST GUST SPEED    29   HIGHEST GUST DIRECTION    SW (230)
  AVERAGE WIND SPEED     8.1




RELATIVE HUMIDITY (PERCENT)
 HIGHEST    45
 LOWEST     21
 AVERAGE    33

..........................................................


THE LANCASTER FOX FIELD CA CLIMATE NORMALS FOR TODAY
                         NORMAL    RECORD    YEAR
 MAXIMUM TEMPERATURE (F)   90       102      1952
 MINIMUM TEMPERATURE (F)   56        41      1993


SUNRISE AND SUNSET
SEPTEMBER 18 2014.....SUNRISE   638 AM PDT   SUNSET   655 PM PDT
SEPTEMBER 19 2014.....SUNRISE   639 AM PDT   SUNSET   654 PM PDT


-  INDICATES NEGATIVE NUMBERS.
R  INDICATES RECORD WAS SET OR TIED.
MM INDICATES DATA IS MISSING.
T  INDICATES TRACE AMOUNT.




$$
