000
CDUS46 KLOX 110115
CLIWJF


CLIMATE REPORT
NATIONAL WEATHER SERVICE LOS ANGELES/OXNARD CA
615 PM PDT THU JUL 10 2014


...................................

...THE LANCASTER CLIMATE SUMMARY FOR JULY 10 2014...
VALID TODAY AS OF 0600 PM LOCAL TIME.

CLIMATE NORMAL PERIOD 1981 TO 2010
CLIMATE RECORD PERIOD 1948 TO 2014


WEATHER ITEM   OBSERVED TIME   RECORD YEAR NORMAL DEPARTURE LAST
                VALUE   (LST)  VALUE       VALUE  FROM      YEAR
                                                  NORMAL
..................................................................
TEMPERATURE (F)
 TODAY
  MAXIMUM         92    246 PM 112    1961  97     -5      103
  MINIMUM         70    459 AM  47    1983  67      3       74
  AVERAGE         81                        82     -1       89

PRECIPITATION (IN)
  TODAY            0.00          T    2010   0.01  -0.01      T
                                      2010
                                      2013
  MONTH TO DATE    0.00                      0.03  -0.03      T
  SINCE JUL 1      0.00                      0.03  -0.03      T
  SINCE JAN 1      2.32                      4.94  -2.62     1.10

SNOWFALL (IN)
  TODAY            0.0           0.0    MM   0.0             0.0
  MONTH TO DATE    0.0                       0.0             0.0
  SINCE JUN 1      0.0                       0.0             0.0
  SINCE JUL 1      0.0                       0.0             0.0
  SNOW DEPTH       0

DEGREE DAYS
 HEATING
  TODAY            0                         0      0        0
  MONTH TO DATE    0                         0      0        0
  SINCE JUN 1      0                         8     -8        0
  SINCE JUL 1      0                         0      0        0

 COOLING
  TODAY           16                        17     -1       24
  MONTH TO DATE  201                       163     38      232
  SINCE JUN 1    601                       504     97      699
  SINCE JAN 1    801                       693    108      957
..................................................................


WIND (MPH)
  HIGHEST WIND SPEED    30   HIGHEST WIND DIRECTION    SW (220)
  HIGHEST GUST SPEED    37   HIGHEST GUST DIRECTION    SW (220)
  AVERAGE WIND SPEED    17.5


SKY COVER
  POSSIBLE SUNSHINE  MM
  AVERAGE SKY COVER 0.0


WEATHER CONDITIONS
 THE FOLLOWING WEATHER WAS RECORDED TODAY.
  NO SIGNIFICANT WEATHER WAS OBSERVED.


RELATIVE HUMIDITY (PERCENT)
 HIGHEST    47           100 AM
 LOWEST     15          1200 PM
 AVERAGE    31

..........................................................


THE LANCASTER CLIMATE NORMALS FOR TOMORROW
                         NORMAL    RECORD    YEAR
 MAXIMUM TEMPERATURE (F)   98       111      2012
 MINIMUM TEMPERATURE (F)   67        50      1983


SUNRISE AND SUNSET
JULY 10 2014..........SUNRISE   548 AM PDT   SUNSET   808 PM PDT
JULY 11 2014..........SUNRISE   548 AM PDT   SUNSET   808 PM PDT


-  INDICATES NEGATIVE NUMBERS.
R  INDICATES RECORD WAS SET OR TIED.
MM INDICATES DATA IS MISSING.
T  INDICATES TRACE AMOUNT.




$$
