000
CDUS46 KLOX 280114
CLIWJF


CLIMATE REPORT
NATIONAL WEATHER SERVICE LOS ANGELES/OXNARD CA
614 PM PDT MON MAR 27 2017


...................................

...THE LANCASTER CLIMATE SUMMARY FOR MARCH 27 2017...
VALID TODAY AS OF 0600 PM LOCAL TIME.

CLIMATE NORMAL PERIOD 1981 TO 2010
CLIMATE RECORD PERIOD 1948 TO 2017


WEATHER ITEM   OBSERVED TIME   RECORD YEAR NORMAL DEPARTURE LAST
                VALUE   (LST)  VALUE       VALUE  FROM      YEAR
                                                  NORMAL
..................................................................
TEMPERATURE (F)
 TODAY
  MAXIMUM         62    141 PM  87    2015  69     -7       77
  MINIMUM         49    532 AM  30    1995  41      8       40
  AVERAGE         56                        55      1       59

PRECIPITATION (IN)
  TODAY            0.00          0.44 1979   0.03  -0.03     0.00
  MONTH TO DATE    0.17                      1.04  -0.87     0.62
  SINCE OCT 1      6.51                      6.45   0.06     3.67
  SINCE JAN 1      4.52                      4.32   0.20     2.38

SNOWFALL (IN)
  TODAY           MM             T    1991   0.0             0.0
  MONTH TO DATE    0.0                       0.0             0.0
  SINCE MAR 1      0.0                       0.0             0.0
  SINCE JUL 1      0.0                       2.3             0.0
  SNOW DEPTH       0

DEGREE DAYS
 HEATING
  TODAY            9                        10     -1        6
  MONTH TO DATE  243                       327    -84      207
  SINCE MAR 1    243                       327    -84      207
  SINCE JUL 1   2242                      2620   -378     2458

 COOLING
  TODAY            0                         0      0        0
  MONTH TO DATE    4                         0      4        3
  SINCE MAR 1      4                         0      4        3
  SINCE JAN 1      4                         0      4        6
..................................................................


WIND (MPH)
  HIGHEST WIND SPEED    48   HIGHEST WIND DIRECTION     W (290)
  HIGHEST GUST SPEED    58   HIGHEST GUST DIRECTION    NW (300)
  AVERAGE WIND SPEED    26.1


SKY COVER
  POSSIBLE SUNSHINE  MM
  AVERAGE SKY COVER 0.1


WEATHER CONDITIONS
 THE FOLLOWING WEATHER WAS RECORDED TODAY.
  HAZE


RELATIVE HUMIDITY (PERCENT)
 HIGHEST    77           700 AM
 LOWEST     35           100 PM
 AVERAGE    56

..........................................................


THE LANCASTER CLIMATE NORMALS FOR TOMORROW
                         NORMAL    RECORD    YEAR
 MAXIMUM TEMPERATURE (F)   69        85      2015
 MINIMUM TEMPERATURE (F)   41        28      1975


SUNRISE AND SUNSET
MARCH 27 2017.........SUNRISE   646 AM PDT   SUNSET   710 PM PDT
MARCH 28 2017.........SUNRISE   645 AM PDT   SUNSET   711 PM PDT


-  INDICATES NEGATIVE NUMBERS.
R  INDICATES RECORD WAS SET OR TIED.
MM INDICATES DATA IS MISSING.
T  INDICATES TRACE AMOUNT.




$$
