000
CDUS46 KLOX 190125
CLIWJF


CLIMATE REPORT
NATIONAL WEATHER SERVICE LOS ANGELES/OXNARD CA
625 PM PDT WED OCT 18 2017


...................................

...THE LANCASTER CLIMATE SUMMARY FOR OCTOBER 18 2017...
VALID TODAY AS OF 0600 PM LOCAL TIME.

CLIMATE NORMAL PERIOD 1981 TO 2010
CLIMATE RECORD PERIOD 1948 TO 2017


WEATHER ITEM   OBSERVED TIME   RECORD YEAR NORMAL DEPARTURE LAST
                VALUE   (LST)  VALUE       VALUE  FROM      YEAR
                                                  NORMAL
..................................................................
TEMPERATURE (F)
 TODAY
  MAXIMUM         91    209 PM  94    1988  79     12       71
  MINIMUM         52    621 AM  31    1998  45      7       47
  AVERAGE         72                        62     10       59

PRECIPITATION (IN)
  TODAY            0.00          0.68 2005   0.02  -0.02     0.00
  MONTH TO DATE    0.00                      0.20  -0.20     0.00
  SINCE OCT 1      0.00                      0.20  -0.20     0.00
  SINCE JAN 1      4.62                      5.45  -0.83     2.53

SNOWFALL (IN)
  TODAY            0.0           0.0    MM   0.0             0.0
  MONTH TO DATE    0.0                       0.0             0.0
  SINCE SEP 1      0.0                       0.0             0.0
  SINCE JUL 1      0.0                       0.0             0.0
  SNOW DEPTH       0

DEGREE DAYS
 HEATING
  TODAY            0                         4     -4        6
  MONTH TO DATE   60                        46     14       20
  SINCE SEP 1     80                        58     22       22
  SINCE JUL 1     80                        58     22       22

 COOLING
  TODAY            7                         1      6        0
  MONTH TO DATE   30                        44    -14       39
  SINCE SEP 1    297                       315    -18      278
  SINCE JAN 1   2201                      1874    327     2140
..................................................................


WIND (MPH)
  HIGHEST WIND SPEED    22   HIGHEST WIND DIRECTION     W (270)
  HIGHEST GUST SPEED    28   HIGHEST GUST DIRECTION     W (250)
  AVERAGE WIND SPEED     5.4


SKY COVER
  POSSIBLE SUNSHINE  MM
  AVERAGE SKY COVER 0.1


WEATHER CONDITIONS
 THE FOLLOWING WEATHER WAS RECORDED TODAY.
  NO SIGNIFICANT WEATHER WAS OBSERVED.


RELATIVE HUMIDITY (PERCENT)
 HIGHEST    30           500 AM
 LOWEST      9          1200 PM
 AVERAGE    20

..........................................................


THE LANCASTER CLIMATE NORMALS FOR TOMORROW
                         NORMAL    RECORD    YEAR
 MAXIMUM TEMPERATURE (F)   78        91      2003
 MINIMUM TEMPERATURE (F)   45        30      1971


SUNRISE AND SUNSET
OCTOBER 18 2017.......SUNRISE   701 AM PDT   SUNSET   614 PM PDT
OCTOBER 19 2017.......SUNRISE   702 AM PDT   SUNSET   613 PM PDT


-  INDICATES NEGATIVE NUMBERS.
R  INDICATES RECORD WAS SET OR TIED.
MM INDICATES DATA IS MISSING.
T  INDICATES TRACE AMOUNT.




$$
