000
CDUS46 KLOX 220113
CLIWJF


CLIMATE REPORT
NATIONAL WEATHER SERVICE LOS ANGELES/OXNARD CA
513 PM PST TUE FEB 21 2017


...................................

...THE LANCASTER CLIMATE SUMMARY FOR FEBRUARY 21 2017...
VALID TODAY AS OF 0500 PM LOCAL TIME.

CLIMATE NORMAL PERIOD 1981 TO 2010
CLIMATE RECORD PERIOD 1948 TO 2017


WEATHER ITEM   OBSERVED TIME   RECORD YEAR NORMAL DEPARTURE LAST
                VALUE   (LST)  VALUE       VALUE  FROM      YEAR
                                                  NORMAL
..................................................................
TEMPERATURE (F)
 TODAY
  MAXIMUM         60    211 PM  77    2016  63     -3       77
                                      1965
  MINIMUM         50    704 AM  13    1953  36     14       30
  AVERAGE         55                        49      6       54

PRECIPITATION (IN)
  TODAY            0.00          0.58 1996   0.07  -0.07     0.00
  MONTH TO DATE    1.80                      1.37   0.43     0.03
  SINCE OCT 1      6.26                      5.00   1.26     3.05
  SINCE JAN 1      4.27                      2.87   1.40     1.76

SNOWFALL (IN)
  TODAY            0.0           0.0    MM   0.1             0.0
  MONTH TO DATE    0.0                       0.6             0.0
  SINCE DEC 1      0.0                       2.3             0.0
  SINCE JUL 1      0.0                       2.3             0.0
  SNOW DEPTH       0

DEGREE DAYS
 HEATING
  TODAY           10                        16     -6       11
  MONTH TO DATE  241                       364   -123      329
  SINCE DEC 1   1430                      1644   -214     1609
  SINCE JUL 1   1856                      2189   -333     2189

 COOLING
  TODAY            0                         0      0        0
  MONTH TO DATE    0                         0      0        0
  SINCE DEC 1      0                         0      0        0
  SINCE JAN 1      0                         0      0        0
..................................................................


WIND (MPH)
  HIGHEST WIND SPEED    24   HIGHEST WIND DIRECTION    SW (220)
  HIGHEST GUST SPEED    29   HIGHEST GUST DIRECTION    SW (220)
  AVERAGE WIND SPEED    13.1


SKY COVER
  POSSIBLE SUNSHINE  MM
  AVERAGE SKY COVER 0.4


WEATHER CONDITIONS
 THE FOLLOWING WEATHER WAS RECORDED TODAY.
  NO SIGNIFICANT WEATHER WAS OBSERVED.


RELATIVE HUMIDITY (PERCENT)
 HIGHEST    83          1200 AM
 LOWEST     57           100 PM
 AVERAGE    70

..........................................................


THE LANCASTER CLIMATE NORMALS FOR TOMORROW
                         NORMAL    RECORD    YEAR
 MAXIMUM TEMPERATURE (F)   63        76      2012
                                             2002
 MINIMUM TEMPERATURE (F)   36        14      1953


SUNRISE AND SUNSET
FEBRUARY 21 2017......SUNRISE   631 AM PST   SUNSET   542 PM PST
FEBRUARY 22 2017......SUNRISE   630 AM PST   SUNSET   543 PM PST


-  INDICATES NEGATIVE NUMBERS.
R  INDICATES RECORD WAS SET OR TIED.
MM INDICATES DATA IS MISSING.
T  INDICATES TRACE AMOUNT.




$$
