000
CDUS46 KLOX 260117
CLIWJF


CLIMATE REPORT
NATIONAL WEATHER SERVICE LOS ANGELES/OXNARD CA
616 PM PDT WED MAY 25 2016


...................................

...THE LANCASTER CLIMATE SUMMARY FOR MAY 25 2016...
VALID TODAY AS OF 0600 PM LOCAL TIME.

CLIMATE NORMAL PERIOD 1981 TO 2010
CLIMATE RECORD PERIOD 1948 TO 2016


WEATHER ITEM   OBSERVED TIME   RECORD YEAR NORMAL DEPARTURE LAST
                VALUE   (LST)  VALUE       VALUE  FROM      YEAR
                                                  NORMAL
..................................................................
TEMPERATURE (F)
 TODAY
  MAXIMUM         71    350 PM 105    1951  85    -14       81
  MINIMUM         51    514 AM  41    2010  56     -5       55
                                      1953
  AVERAGE         61                        71    -10       68

PRECIPITATION (IN)
  TODAY            0.00          0.05 1987   0.00   0.00     0.00
  MONTH TO DATE    0.00                      0.08  -0.08     0.28
  SINCE OCT 1      3.82                      6.98  -3.16     4.61
  SINCE JAN 1      2.53                      4.85  -2.32     1.69

SNOWFALL (IN)
  TODAY            0.0           0.0    MM   0.0             0.0
  MONTH TO DATE    0.0                       0.0             0.0
  SINCE MAR 1      0.0                       0.0             0.0
  SINCE JUL 1      0.0                       2.3             0.0
  SNOW DEPTH       0

DEGREE DAYS
 HEATING
  TODAY            4                         1      3        0
  MONTH TO DATE   51                        54     -3      105
  SINCE MAR 1    421                       629   -208      507
  SINCE JUL 1   2672                      2922   -250     2376

 COOLING
  TODAY            0                         7     -7        3
  MONTH TO DATE   73                       114    -41       19
  SINCE MAR 1     94                       144    -50       47
  SINCE JAN 1     97                       144    -47       47
..................................................................


WIND (MPH)
  HIGHEST WIND SPEED    32   HIGHEST WIND DIRECTION     W (260)
  HIGHEST GUST SPEED    42   HIGHEST GUST DIRECTION     W (270)
  AVERAGE WIND SPEED    19.8


SKY COVER
  POSSIBLE SUNSHINE  MM
  AVERAGE SKY COVER 0.1


WEATHER CONDITIONS
 THE FOLLOWING WEATHER WAS RECORDED TODAY.
  NO SIGNIFICANT WEATHER WAS OBSERVED.


RELATIVE HUMIDITY (PERCENT)
 HIGHEST    71          1200 AM
 LOWEST     31           400 PM
 AVERAGE    51

..........................................................


THE LANCASTER CLIMATE NORMALS FOR TOMORROW
                         NORMAL    RECORD    YEAR
 MAXIMUM TEMPERATURE (F)   85       104      1974
 MINIMUM TEMPERATURE (F)   57        37      1953


SUNRISE AND SUNSET
MAY 25 2016...........SUNRISE   543 AM PDT   SUNSET   757 PM PDT
MAY 26 2016...........SUNRISE   543 AM PDT   SUNSET   757 PM PDT


-  INDICATES NEGATIVE NUMBERS.
R  INDICATES RECORD WAS SET OR TIED.
MM INDICATES DATA IS MISSING.
T  INDICATES TRACE AMOUNT.




$$
