000
CDUS46 KLOX 260902
CLIWJF


CLIMATE REPORT
NATIONAL WEATHER SERVICE LOS ANGELES/OXNARD CA
102 AM PST WED NOV 26 2014


...................................

...THE LANCASTER FOX FIELD CA CLIMATE SUMMARY FOR NOVEMBER 25 2014...

CLIMATE NORMAL PERIOD 1981 TO 2010
CLIMATE RECORD PERIOD 1948 TO 2014


WEATHER ITEM   OBSERVED TIME   RECORD YEAR NORMAL DEPARTURE
                VALUE   (LST)  VALUE       VALUE  FROM
                                                  NORMAL
...............................................................
TEMPERATURE (F)
 YESTERDAY
  MAXIMUM         66    346 PM  83    1949  63      3
  MINIMUM         22    520 AM  18    1993  33    -11
  AVERAGE         44                        48     -4

PRECIPITATION (IN)
  YESTERDAY        0.00          0.83 1961   0.02  -0.02
  MONTH TO DATE    0.16                      0.43  -0.27
  SINCE JUL 1      0.33                      1.21  -0.88
  SINCE JAN 1      2.65                      6.12  -3.47

SNOWFALL (IN)
  YESTERDAY        0.0           0.0    MM
  MONTH TO DATE    0.0
  SINCE SEP 1      0.0
  SINCE JUL 1      0.0
  SNOW DEPTH       0

DEGREE DAYS
 HEATING
  YESTERDAY       21                                4
  MONTH TO DATE  284                              -34
  SINCE SEP 1    333                             -121
  SINCE JUL 1    333                             -121

 COOLING
  YESTERDAY        0                                0
  MONTH TO DATE    2                                2
  SINCE SEP 1    404                               82
  SINCE JAN 1   2055                              174
...............................................................


WIND (MPH)
  HIGHEST WIND SPEED     8   HIGHEST WIND DIRECTION     W (250)
  HIGHEST GUST SPEED     9   HIGHEST GUST DIRECTION     W (270)
  AVERAGE WIND SPEED     2.5




RELATIVE HUMIDITY (PERCENT)
 HIGHEST    46
 LOWEST     10
 AVERAGE    28

..........................................................


THE LANCASTER FOX FIELD CA CLIMATE NORMALS FOR TODAY
                         NORMAL    RECORD    YEAR
 MAXIMUM TEMPERATURE (F)   62        80      1977
 MINIMUM TEMPERATURE (F)   33        16      1993


SUNRISE AND SUNSET
NOVEMBER 26 2014......SUNRISE   637 AM PST   SUNSET   443 PM PST
NOVEMBER 27 2014......SUNRISE   638 AM PST   SUNSET   443 PM PST


-  INDICATES NEGATIVE NUMBERS.
R  INDICATES RECORD WAS SET OR TIED.
MM INDICATES DATA IS MISSING.
T  INDICATES TRACE AMOUNT.




$$
