426
CDUS45 KLKN 180928
CLIWMC


CLIMATE REPORT
NATIONAL WEATHER SERVICE ELKO NV
226 AM PDT WED OCT 18  2017


...................................

...THE WINNEMUCCA AIRPORT NV CLIMATE SUMMARY FOR OCTOBER 17 2017...

CLIMATE NORMAL PERIOD 1981 TO 2010
CLIMATE RECORD PERIOD 1877 TO 2017


WEATHER ITEM   OBSERVED TIME   RECORD YEAR NORMAL DEPARTURE LAST
                VALUE   (LST)  VALUE       VALUE  FROM      YEAR
                                                  NORMAL
..................................................................
TEMPERATURE (F)
 YESTERDAY
  MAXIMUM         76    310 PM  85    1955  67      9       57
  MINIMUM         26    550 AM  10    1970  29     -3       34
  AVERAGE         51                        48      3       46

PRECIPITATION (IN)
  YESTERDAY        0.00          0.29 2004   0.02  -0.02      T
  MONTH TO DATE    0.00                      0.35  -0.35     0.47
  SINCE OCT 1      0.00                      0.35  -0.35     0.47
  SINCE JAN 1      7.08                      6.15   0.93     5.29

SNOWFALL (IN)
  YESTERDAY        0.0           0.5  1984   0.0    0.0      0.0
  MONTH TO DATE    0.0                       0.2   -0.2      0.0
  SINCE SEP 1      0.0                       0.2   -0.2      0.0
  SINCE JUL 1      0.0                       0.2   -0.2      0.0
  SNOW DEPTH       0

DEGREE DAYS
 HEATING
  YESTERDAY       14                        17     -3       19
  MONTH TO DATE  349                       240    109      247
  SINCE SEP 1    577                       414    163      416
  SINCE JUL 1    577                       444    133      436

 COOLING
  YESTERDAY        0                         0      0        0
  MONTH TO DATE    0                         0      0        0
  SINCE SEP 1    120                        31     89       12
  SINCE JAN 1    927                       541    386      577
..................................................................


WIND (MPH)
  HIGHEST WIND SPEED    15   HIGHEST WIND DIRECTION    SW (240)
  HIGHEST GUST SPEED    20   HIGHEST GUST DIRECTION    SW (240)
  AVERAGE WIND SPEED     3.4



WEATHER CONDITIONS
 THE FOLLOWING WEATHER WAS RECORDED YESTERDAY.
  HAZE


RELATIVE HUMIDITY (PERCENT)
 HIGHEST    50           500 AM
 LOWEST      8           200 PM
 AVERAGE    29

..........................................................


THE WINNEMUCCA AIRPORT NV CLIMATE NORMALS FOR TODAY
                         NORMAL    RECORD    YEAR
 MAXIMUM TEMPERATURE (F)   66        82      1988
                                             1977
                                             1974
 MINIMUM TEMPERATURE (F)   29        15      1949


SUNRISE AND SUNSET
OCTOBER 18 2017.......SUNRISE   706 AM PDT   SUNSET   606 PM PDT
OCTOBER 19 2017.......SUNRISE   707 AM PDT   SUNSET   604 PM PDT


-  INDICATES NEGATIVE NUMBERS.
R  INDICATES RECORD WAS SET OR TIED.
MM INDICATES DATA IS MISSING.
T  INDICATES TRACE AMOUNT.




$$
