146
CDUS45 KLKN 080030
CLIWMC


CLIMATE REPORT
NATIONAL WEATHER SERVICE ELKO NV
428 PM PST SUN FEB 7 2016


...................................

...THE WINNEMUCCA AIRPORT NV CLIMATE SUMMARY FOR FEBRUARY 7 2016...
VALID TODAY AS OF 0400 PM LOCAL TIME.

CLIMATE NORMAL PERIOD 1981 TO 2010
CLIMATE RECORD PERIOD 1877 TO 2016


WEATHER ITEM   OBSERVED TIME   RECORD YEAR NORMAL DEPARTURE LAST
                VALUE   (LST)  VALUE       VALUE  FROM      YEAR
                                                  NORMAL
..................................................................
TEMPERATURE (F)
 TODAY
  MAXIMUM         47    326 PM  64    1963  45      2       62
                                      1954
                                      1951
  MINIMUM         25    735 AM -21    1989  22      3       36
  AVERAGE         36                        33      3       49

PRECIPITATION (IN)
  TODAY            0.00          0.73 1885   0.03  -0.03     0.04
  MONTH TO DATE    0.09                      0.17  -0.08     0.23
  SINCE OCT 1      6.27                      3.52   2.75     3.20
  SINCE JAN 1      1.99                      1.04   0.95     0.63

SNOWFALL (IN)
  TODAY            0.0           5.7  1885   0.1   -0.1      0.0
  MONTH TO DATE    1.2                       1.0    0.2      0.0
  SINCE DEC 1     19.1                      10.1    9.0       T
  SINCE JUL 1     19.4                      13.6    5.8      2.3
  SNOW DEPTH       T

DEGREE DAYS
 HEATING
  TODAY           29                        32     -3       16
  MONTH TO DATE  252                       226     26      127
  SINCE DEC 1   2339                      2411    -72     1938
  SINCE JUL 1   3688                      3979   -291     3232

 COOLING
  TODAY            0                         0      0        0
  MONTH TO DATE    0                         0      0        0
  SINCE DEC 1      0                         0      0        0
  SINCE JAN 1      0                         0      0        0
..................................................................


WIND (MPH)
  HIGHEST WIND SPEED    16   HIGHEST WIND DIRECTION    NE (40)
  HIGHEST GUST SPEED    19   HIGHEST GUST DIRECTION    NE (40)



WEATHER CONDITIONS
 THE FOLLOWING WEATHER WAS RECORDED TODAY.
  NO SIGNIFICANT WEATHER WAS OBSERVED.


RELATIVE HUMIDITY (PERCENT)
 HIGHEST    88           500 AM
 LOWEST     49           300 PM
 AVERAGE    69

..........................................................


THE WINNEMUCCA AIRPORT NV CLIMATE NORMALS FOR TOMORROW
                         NORMAL    RECORD    YEAR
 MAXIMUM TEMPERATURE (F)   46        67      1963
 MINIMUM TEMPERATURE (F)   22       -21      1989


SUNRISE AND SUNSET
FEBRUARY  7 2016......SUNRISE   656 AM PST   SUNSET   515 PM PST
FEBRUARY  8 2016......SUNRISE   655 AM PST   SUNSET   517 PM PST


-  INDICATES NEGATIVE NUMBERS.
R  INDICATES RECORD WAS SET OR TIED.
MM INDICATES DATA IS MISSING.
T  INDICATES TRACE AMOUNT.




$$
