000
CDUS45 KLKN 250028
CLIWMC


CLIMATE REPORT
NATIONAL WEATHER SERVICE ELKO NV
527 PM PDT FRI MAR 24 2017


...................................

...THE WINNEMUCCA AIRPORT NV CLIMATE SUMMARY FOR MARCH 24 2017...
VALID TODAY AS OF 0500 PM LOCAL TIME.

CLIMATE NORMAL PERIOD 1981 TO 2010
CLIMATE RECORD PERIOD 1877 TO 2017


WEATHER ITEM   OBSERVED TIME   RECORD YEAR NORMAL DEPARTURE LAST
                VALUE   (LST)  VALUE       VALUE  FROM      YEAR
                                                  NORMAL
..................................................................
TEMPERATURE (F)
 TODAY
  MAXIMUM         57    954 AM  75    1956  57      0       61
  MINIMUM         33    125 AM   9    2013  27      6       33
  AVERAGE         45                        42      3       47

PRECIPITATION (IN)
  TODAY            0.06          0.46 1928   0.02   0.04     0.00
  MONTH TO DATE    0.39                      0.63  -0.24     0.46
  SINCE OCT 1      7.52                      4.64   2.88     6.85
  SINCE JAN 1      2.98                      2.16   0.82     2.57

SNOWFALL (IN)
  TODAY            0.0           2.2  1948   0.1   -0.1      0.0
  MONTH TO DATE    1.4                       2.6   -1.2       T
  SINCE MAR 1      1.4                       2.6   -1.2       T
  SINCE JUL 1     17.5                      18.6   -1.1     19.4
  SNOW DEPTH       0

DEGREE DAYS
 HEATING
  TODAY           20                        23     -3       18
  MONTH TO DATE  462                       586   -124      479
  SINCE MAR 1    462                       586   -124      479
  SINCE JUL 1   4901                      5175   -274     4656

 COOLING
  TODAY            0                         0      0        0
  MONTH TO DATE    0                         0      0        0
  SINCE MAR 1      0                         0      0        0
  SINCE JAN 1      0                         0      0        0
..................................................................


WIND (MPH)
  HIGHEST WIND SPEED    23   HIGHEST WIND DIRECTION    SW (220)
  HIGHEST GUST SPEED    29   HIGHEST GUST DIRECTION    SW (220)



WEATHER CONDITIONS
 THE FOLLOWING WEATHER WAS RECORDED TODAY.
  LIGHT RAIN
  FOG


RELATIVE HUMIDITY (PERCENT)
 HIGHEST    86           400 PM
 LOWEST     32          1000 AM
 AVERAGE    59

..........................................................


THE WINNEMUCCA AIRPORT NV CLIMATE NORMALS FOR TOMORROW
                         NORMAL    RECORD    YEAR
 MAXIMUM TEMPERATURE (F)   58        77      1960
 MINIMUM TEMPERATURE (F)   28        12      1980


SUNRISE AND SUNSET
MARCH 24 2017.........SUNRISE   647 AM PDT   SUNSET   708 PM PDT
MARCH 25 2017.........SUNRISE   646 AM PDT   SUNSET   709 PM PDT


-  INDICATES NEGATIVE NUMBERS.
R  INDICATES RECORD WAS SET OR TIED.
MM INDICATES DATA IS MISSING.
T  INDICATES TRACE AMOUNT.




$$
