000
CDUS45 KLKN 100933
CLIWMC


CLIMATE REPORT
NATIONAL WEATHER SERVICE ELKO NV
233 AM PDT THU JUL 10 2014


...................................

...THE WINNEMUCCA AIRPORT NV CLIMATE SUMMARY FOR JULY 9 2014...

CLIMATE NORMAL PERIOD 1981 TO 2010
CLIMATE RECORD PERIOD 1877 TO 2014


WEATHER ITEM   OBSERVED TIME   RECORD YEAR NORMAL DEPARTURE LAST
                VALUE   (LST)  VALUE       VALUE  FROM      YEAR
                                                  NORMAL
..................................................................
TEMPERATURE (F)
 YESTERDAY
  MAXIMUM         91    518 PM 103    2007  92     -1      100
                                      1973
  MINIMUM         67    449 AM  38    2003  51     16       51
                                      1882
  AVERAGE         79                        72      7       76

PRECIPITATION (IN)
  YESTERDAY        T             0.44 1945   0.01  -0.01     0.00
  MONTH TO DATE    T                         0.07  -0.07     0.26
  SINCE OCT 1      6.65                      7.48  -0.83     4.63
  SINCE JAN 1      3.99                      5.00  -1.01     2.22

SNOWFALL (IN)
  YESTERDAY        0.0           0.0  1877   0.0    0.0      0.0
  MONTH TO DATE    0.0                       0.0    0.0       T
  SINCE JUN 1      0.0                       T      0.0       T
  SINCE JUL 1      0.0                       0.0    0.0       T
  SNOW DEPTH       0

DEGREE DAYS
 HEATING
  YESTERDAY        0                         0      0        0
  MONTH TO DATE    0                         6     -6        0
  SINCE JUN 1     74                       111    -37       70
  SINCE JUL 1      0                         6     -6        0

 COOLING
  YESTERDAY       14                         7      7       11
  MONTH TO DATE  122                        57     65      128
  SINCE JUN 1    196                       136     60      256
  SINCE JAN 1    205                       147     58      257
..................................................................


WIND (MPH)
  HIGHEST WIND SPEED    16   HIGHEST WIND DIRECTION    NW (300)
  HIGHEST GUST SPEED    23   HIGHEST GUST DIRECTION    NW (310)
  AVERAGE WIND SPEED     5.9



WEATHER CONDITIONS
 THE FOLLOWING WEATHER WAS RECORDED YESTERDAY.
  LIGHT RAIN


RELATIVE HUMIDITY (PERCENT)
 HIGHEST    51           400 AM
 LOWEST     23           500 PM
 AVERAGE    37

..........................................................


THE WINNEMUCCA AIRPORT NV CLIMATE NORMALS FOR TODAY
                         NORMAL    RECORD    YEAR
 MAXIMUM TEMPERATURE (F)   93       107      2002
 MINIMUM TEMPERATURE (F)   52        29      1983


SUNRISE AND SUNSET
JULY 10 2014..........SUNRISE   529 AM PDT   SUNSET   824 PM PDT
JULY 11 2014..........SUNRISE   529 AM PDT   SUNSET   824 PM PDT


-  INDICATES NEGATIVE NUMBERS.
R  INDICATES RECORD WAS SET OR TIED.
MM INDICATES DATA IS MISSING.
T  INDICATES TRACE AMOUNT.




$$
