000
CDUS45 KLKN 240930
CLIWMC


CLIMATE REPORT
NATIONAL WEATHER SERVICE ELKO NV
226 AM PDT SAT JUN 24 2017


...................................

...THE WINNEMUCCA AIRPORT NV CLIMATE SUMMARY FOR JUNE 23 2017...

CLIMATE NORMAL PERIOD 1981 TO 2010
CLIMATE RECORD PERIOD 1877 TO 2017


WEATHER ITEM   OBSERVED TIME   RECORD YEAR NORMAL DEPARTURE LAST
                VALUE   (LST)  VALUE       VALUE  FROM      YEAR
                                                  NORMAL
..................................................................
TEMPERATURE (F)
 YESTERDAY
  MAXIMUM         92    434 PM 103    1970  86      6       92
  MINIMUM         57    440 AM  35    1879  48      9       52
  AVERAGE         75                        67      8       72

PRECIPITATION (IN)
  YESTERDAY        0.00          1.10 1945   0.01  -0.01     0.00
  MONTH TO DATE    1.22                      0.49   0.73     0.01
  SINCE OCT 1     11.00                      7.34   3.66     8.86
  SINCE JAN 1      6.46                      4.86   1.60     4.58

SNOWFALL (IN)
  YESTERDAY        0.0           0.0  1877   0.0    0.0      0.0
  MONTH TO DATE    0.0                       0.0    0.0      0.0
  SINCE JUN 1      0.0                       0.0    0.0      0.0
  SINCE JUL 1     18.5                      20.9   -2.4     21.1
  SNOW DEPTH       0

DEGREE DAYS
 HEATING
  YESTERDAY        0                         2     -2        0
  MONTH TO DATE   73                        95    -22       54
  SINCE JUN 1     73                        95    -22       54
  SINCE JUL 1   6004                      6295   -291     5686

 COOLING
  YESTERDAY       10                         4      6        7
  MONTH TO DATE   94                        47     47       85
  SINCE JUN 1     94                        47     47       85
  SINCE JAN 1    101                        58     43       85
..................................................................


WIND (MPH)
  HIGHEST WIND SPEED    18   HIGHEST WIND DIRECTION    NE (30)
  HIGHEST GUST SPEED    25   HIGHEST GUST DIRECTION    NE (40)
  AVERAGE WIND SPEED     9.8



WEATHER CONDITIONS
 THE FOLLOWING WEATHER WAS RECORDED YESTERDAY.
  NO SIGNIFICANT WEATHER WAS OBSERVED.


RELATIVE HUMIDITY (PERCENT)
 HIGHEST    36           900 PM
 LOWEST      9           100 PM
 AVERAGE    23

..........................................................


THE WINNEMUCCA AIRPORT NV CLIMATE NORMALS FOR TODAY
                         NORMAL    RECORD    YEAR
 MAXIMUM TEMPERATURE (F)   86       106      1988
 MINIMUM TEMPERATURE (F)   48        32      1955


SUNRISE AND SUNSET
JUNE 24 2017..........SUNRISE   520 AM PDT   SUNSET   827 PM PDT
JUNE 25 2017..........SUNRISE   521 AM PDT   SUNSET   827 PM PDT


-  INDICATES NEGATIVE NUMBERS.
R  INDICATES RECORD WAS SET OR TIED.
MM INDICATES DATA IS MISSING.
T  INDICATES TRACE AMOUNT.




$$
