000
CDUS45 KLKN 270935
CLIWMC


CLIMATE REPORT
NATIONAL WEATHER SERVICE ELKO NV
129 AM PST THU NOV 27 2014


...................................

...THE WINNEMUCCA AIRPORT NV CLIMATE SUMMARY FOR NOVEMBER 26 2014...

CLIMATE NORMAL PERIOD 1981 TO 2010
CLIMATE RECORD PERIOD 1877 TO 2014


WEATHER ITEM   OBSERVED TIME   RECORD YEAR NORMAL DEPARTURE LAST
                VALUE   (LST)  VALUE       VALUE  FROM      YEAR
                                                  NORMAL
..................................................................
TEMPERATURE (F)
 YESTERDAY
  MAXIMUM         64   1255 PM  66    1962  46     18       52
                                      1949
  MINIMUM         21    650 AM  -7    1993  20      1       14
  AVERAGE         43                        33     10       33

PRECIPITATION (IN)
  YESTERDAY        0.00          0.27 1920   0.03  -0.03     0.00
  MONTH TO DATE    0.98                      0.76   0.22     0.57
  SINCE OCT 1      1.07                      1.43  -0.36     2.05
  SINCE JAN 1      7.05                      7.23  -0.18     5.11

SNOWFALL (IN)
  YESTERDAY        0.0           2.1  1944   0.1   -0.1      0.0
  MONTH TO DATE    0.5                       2.4   -1.9       T
  SINCE SEP 1      0.5                       2.9   -2.4      6.6
  SINCE JUL 1      0.5                       2.9   -2.4      6.6
  SNOW DEPTH       0

DEGREE DAYS
 HEATING
  YESTERDAY       22                        32    -10       32
  MONTH TO DATE  695                       714    -19      644
  SINCE SEP 1   1200                      1409   -209     1426
  SINCE JUL 1   1219                      1439   -220     1426

 COOLING
  YESTERDAY        0                         0      0        0
  MONTH TO DATE    0                         0      0        0
  SINCE SEP 1     49                        31     18       81
  SINCE JAN 1    674                       541    133      762
..................................................................


WIND (MPH)
  HIGHEST WIND SPEED    12   HIGHEST WIND DIRECTION     S (190)
  HIGHEST GUST SPEED    16   HIGHEST GUST DIRECTION     S (190)
  AVERAGE WIND SPEED     3.9



WEATHER CONDITIONS
 THE FOLLOWING WEATHER WAS RECORDED YESTERDAY.
  NO SIGNIFICANT WEATHER WAS OBSERVED.


RELATIVE HUMIDITY (PERCENT)
 HIGHEST    92           700 AM
 LOWEST     27           100 PM
 AVERAGE    60

..........................................................


THE WINNEMUCCA AIRPORT NV CLIMATE NORMALS FOR TODAY
                         NORMAL    RECORD    YEAR
 MAXIMUM TEMPERATURE (F)   46        66      1949
 MINIMUM TEMPERATURE (F)   20        -4      1990


SUNRISE AND SUNSET
NOVEMBER 27 2014......SUNRISE   652 AM PST   SUNSET   425 PM PST
NOVEMBER 28 2014......SUNRISE   653 AM PST   SUNSET   425 PM PST


-  INDICATES NEGATIVE NUMBERS.
R  INDICATES RECORD WAS SET OR TIED.
MM INDICATES DATA IS MISSING.
T  INDICATES TRACE AMOUNT.




$$
