000
CDUS45 KLKN 190929
CLIWMC


CLIMATE REPORT
NATIONAL WEATHER SERVICE ELKO NV
226 AM PDT SAT AUG 19 2017


...................................

...THE WINNEMUCCA AIRPORT NV CLIMATE SUMMARY FOR AUGUST 18 2017...

CLIMATE NORMAL PERIOD 1981 TO 2010
CLIMATE RECORD PERIOD 1877 TO 2017


WEATHER ITEM   OBSERVED TIME   RECORD YEAR NORMAL DEPARTURE LAST
                VALUE   (LST)  VALUE       VALUE  FROM      YEAR
                                                  NORMAL
..................................................................
TEMPERATURE (F)
 YESTERDAY
  MAXIMUM         96    342 PM 100    2013  91      5       98
                                      1992
                                      1950
  MINIMUM         48    531 AM  30    1916  49     -1       49
  AVERAGE         72                        70      2       74

PRECIPITATION (IN)
  YESTERDAY        0.00          0.28 1976   0.00   0.00     0.00
  MONTH TO DATE    0.31                      0.10   0.21      T
  SINCE OCT 1     11.37                      7.76   3.61     8.86
  SINCE JAN 1      6.83                      5.28   1.55     4.58

SNOWFALL (IN)
  YESTERDAY        0.0           0.0  1877   0.0    0.0      0.0
  MONTH TO DATE    0.0                       0.0    0.0      0.0
  SINCE JUN 1      0.0                       T      0.0      0.0
  SINCE JUL 1      0.0                       0.0    0.0      0.0
  SNOW DEPTH       0

DEGREE DAYS
 HEATING
  YESTERDAY        0                         1     -1        0
  MONTH TO DATE    0                         2     -2        0
  SINCE JUN 1     73                       117    -44       71
  SINCE JUL 1      0                        12    -12       17

 COOLING
  YESTERDAY        7                         5      2        9
  MONTH TO DATE  176                       126     50      140
  SINCE JUN 1    678                       448    230      504
  SINCE JAN 1    685                       459    226      504
..................................................................


WIND (MPH)
  HIGHEST WIND SPEED    14   HIGHEST WIND DIRECTION    NE (50)
  HIGHEST GUST SPEED    19   HIGHEST GUST DIRECTION    NW (310)
  AVERAGE WIND SPEED     4.9



WEATHER CONDITIONS
 THE FOLLOWING WEATHER WAS RECORDED YESTERDAY.
  NO SIGNIFICANT WEATHER WAS OBSERVED.


RELATIVE HUMIDITY (PERCENT)
 HIGHEST    56           500 AM
 LOWEST      9           300 PM
 AVERAGE    33

..........................................................


THE WINNEMUCCA AIRPORT NV CLIMATE NORMALS FOR TODAY
                         NORMAL    RECORD    YEAR
 MAXIMUM TEMPERATURE (F)   91       102      2003
 MINIMUM TEMPERATURE (F)   48        33      1978


SUNRISE AND SUNSET
AUGUST 19 2017........SUNRISE   605 AM PDT   SUNSET   743 PM PDT
AUGUST 20 2017........SUNRISE   606 AM PDT   SUNSET   742 PM PDT


-  INDICATES NEGATIVE NUMBERS.
R  INDICATES RECORD WAS SET OR TIED.
MM INDICATES DATA IS MISSING.
T  INDICATES TRACE AMOUNT.




$$
