000
CDUS41 KALY 010631
CLIWRK


CLIMATE REPORT
NATIONAL WEATHER SERVICE ALBANY NY
230 AM EDT FRI AUG 1 2014


...................................

...THE POUGHKEEPSIE NY CLIMATE SUMMARY FOR JULY 31 2014...

CLIMATE NORMAL PERIOD 1981 TO 2010
CLIMATE RECORD PERIOD 1949 TO 2014


WEATHER ITEM   OBSERVED TIME   RECORD YEAR NORMAL DEPARTURE LAST
                VALUE   (LST)  VALUE       VALUE  FROM      YEAR
                                                  NORMAL
..................................................................
TEMPERATURE (F)
 YESTERDAY
  MAXIMUM         81    308 PM  99    1954  84     -3       82
  MINIMUM         56    338 AM  47    1956  61     -5       56
  AVERAGE         69                        73     -4       69

PRECIPITATION (IN)
  YESTERDAY        0.01          1.10 1992   0.17  -0.16     0.00
  MONTH TO DATE    4.97                      4.65   0.32     3.14
  SINCE JUN 1      7.26                      9.08  -1.82    12.96
  SINCE JAN 1     21.29                     26.58  -5.29    23.61

DEGREE DAYS
 HEATING
  YESTERDAY        0                         0      0        0
  MONTH TO DATE    0                         0      0        0
  SINCE JUN 1      7                        54    -47       31
  SINCE JUL 1      0                         5     -5        0

 COOLING
  YESTERDAY        4                         8     -4        4
  MONTH TO DATE  265                       240     25      383
  SINCE JUN 1    403                       367     36      537
  SINCE JAN 1    436                       403     33      590
..................................................................


WIND (MPH)
  HIGHEST WIND SPEED    14   HIGHEST WIND DIRECTION     S (190)
  HIGHEST GUST SPEED    20   HIGHEST GUST DIRECTION     S (180)
  AVERAGE WIND SPEED     2.7


SKY COVER
  AVERAGE SKY COVER 0.3



RELATIVE HUMIDITY (PERCENT)
 HIGHEST    93           300 AM
 LOWEST     49           300 PM
 AVERAGE    71

..........................................................


THE POUGHKEEPSIE NY CLIMATE NORMALS FOR TODAY
                         NORMAL    RECORD    YEAR
 MAXIMUM TEMPERATURE (F)   84        99      1955
 MINIMUM TEMPERATURE (F)   61        46      1964


SUNRISE AND SUNSET
AUGUST  1 2014........SUNRISE   550 AM EDT   SUNSET   813 PM EDT
AUGUST  2 2014........SUNRISE   551 AM EDT   SUNSET   812 PM EDT


-  INDICATES NEGATIVE NUMBERS.
R  INDICATES RECORD WAS SET OR TIED.
MM INDICATES DATA IS MISSING.
T  INDICATES TRACE AMOUNT.




$$
