000
CDUS45 KRIW 270739
CLIWRL


CLIMATE REPORT
NATIONAL WEATHER SERVICE RIVERTON WY
139 AM MDT WED MAY 27 2015


...................................

...THE WORLAND WY CLIMATE SUMMARY FOR MAY 26 2015...

CLIMATE NORMAL PERIOD 1981 TO 2010
CLIMATE RECORD PERIOD 1947 TO 2015


WEATHER ITEM   OBSERVED TIME   RECORD YEAR NORMAL DEPARTURE LAST
                VALUE   (LST)  VALUE       VALUE  FROM      YEAR
                                                  NORMAL
..................................................................
TEMPERATURE (F)
 YESTERDAY
  MAXIMUM         70    457 PM  93    1969  73     -3       86
  MINIMUM         43    458 AM  32    1975  44     -1       54
  AVERAGE         57                        58     -1       70

PRECIPITATION (IN)
  YESTERDAY        0.05          0.73 1962   0.05   0.00     0.00
  MONTH TO DATE    2.87                      1.18   1.69     1.09
  SINCE MAR 1      3.22                      2.50   0.72     1.78
  SINCE JAN 1      3.99                      2.92   1.07     2.16

DEGREE DAYS
 HEATING
  YESTERDAY        8                         7      1        0
  MONTH TO DATE  323                       276     47      283
  SINCE MAR 1   1588                      1742   -154     1805
  SINCE JUL 1   7497                      7743   -246     8185

 COOLING
  YESTERDAY        0                         0      0        5
  MONTH TO DATE    0                         0      0        9
  SINCE MAR 1      0                         1     -1        9
  SINCE JAN 1      0                         1     -1        9
..................................................................


WIND (MPH)
  HIGHEST WIND SPEED    16   HIGHEST WIND DIRECTION     N (360)
  HIGHEST GUST SPEED    23   HIGHEST GUST DIRECTION     N (360)
  AVERAGE WIND SPEED     3.9


SKY COVER
  POSSIBLE SUNSHINE  MM
  AVERAGE SKY COVER 0.1


WEATHER CONDITIONS
 THE FOLLOWING WEATHER WAS RECORDED YESTERDAY.
  LIGHT RAIN
  FOG


RELATIVE HUMIDITY (PERCENT)
 HIGHEST    96           500 AM
 LOWEST     39          1200 PM
 AVERAGE    68

..........................................................


THE WORLAND WY CLIMATE NORMALS FOR TODAY
                         NORMAL    RECORD    YEAR
 MAXIMUM TEMPERATURE (F)   73        98      1969
 MINIMUM TEMPERATURE (F)   44        34      1965


SUNRISE AND SUNSET
MAY 27 2015...........SUNRISE   535 AM MDT   SUNSET   843 PM MDT
MAY 28 2015...........SUNRISE   535 AM MDT   SUNSET   844 PM MDT


-  INDICATES NEGATIVE NUMBERS.
R  INDICATES RECORD WAS SET OR TIED.
MM INDICATES DATA IS MISSING.
T  INDICATES TRACE AMOUNT.




$$
