000
CDUS45 KRIW 130727
CLIWRL


CLIMATE REPORT
NATIONAL WEATHER SERVICE RIVERTON WY
1226 AM MST WED DEC 13 2017


...................................

...THE WORLAND WY CLIMATE SUMMARY FOR DECEMBER 12 2017...

CLIMATE NORMAL PERIOD 1981 TO 2010
CLIMATE RECORD PERIOD 1947 TO 2017


WEATHER ITEM   OBSERVED TIME   RECORD YEAR NORMAL DEPARTURE LAST
                VALUE   (LST)  VALUE       VALUE  FROM      YEAR
                                                  NORMAL
..................................................................
TEMPERATURE (F)
 YESTERDAY
  MAXIMUM         51    320 PM  53    2014  31     20       35
                                      1995
  MINIMUM         12    802 AM -22    1972   5      7        3
  AVERAGE         32                        18     14       19

PRECIPITATION (IN)
  YESTERDAY        0.00          0.29 1992   0.01  -0.01     0.00
  MONTH TO DATE    0.03                      0.10  -0.07     0.02
  SINCE DEC 1      0.03                      0.10  -0.07     0.02
  SINCE JAN 1      8.51                      7.44   1.07     9.77

DEGREE DAYS
 HEATING
  YESTERDAY       33                        47    -14       46
  MONTH TO DATE  429                       545   -116      571
  SINCE DEC 1    429                       545   -116      571
  SINCE JUL 1   2348                      2437    -89     2110

 COOLING
  YESTERDAY        0                         0      0        0
  MONTH TO DATE    0                         0      0        0
  SINCE DEC 1      0                         0      0        0
  SINCE JAN 1    588                       535     53      690
..................................................................


WIND (MPH)
  HIGHEST WIND SPEED    13   HIGHEST WIND DIRECTION     S (190)
  HIGHEST GUST SPEED    14   HIGHEST GUST DIRECTION    NW (310)
  AVERAGE WIND SPEED     3.4


SKY COVER
  POSSIBLE SUNSHINE  MM
  AVERAGE SKY COVER 0.0


WEATHER CONDITIONS
 THE FOLLOWING WEATHER WAS RECORDED YESTERDAY.
  NO SIGNIFICANT WEATHER WAS OBSERVED.


RELATIVE HUMIDITY (PERCENT)
 HIGHEST    96           500 AM
 LOWEST     35           300 PM
 AVERAGE    66

..........................................................


THE WORLAND WY CLIMATE NORMALS FOR TODAY
                         NORMAL    RECORD    YEAR
 MAXIMUM TEMPERATURE (F)   30        59      1988
 MINIMUM TEMPERATURE (F)    5       -23      1972


SUNRISE AND SUNSET
DECEMBER 13 2017......SUNRISE   738 AM MST   SUNSET   434 PM MST
DECEMBER 14 2017......SUNRISE   739 AM MST   SUNSET   434 PM MST


-  INDICATES NEGATIVE NUMBERS.
R  INDICATES RECORD WAS SET OR TIED.
MM INDICATES DATA IS MISSING.
T  INDICATES TRACE AMOUNT.




$$
