000
CDUS45 KRIW 210739
CLIWRL


CLIMATE REPORT
NATIONAL WEATHER SERVICE RIVERTON WY
132 AM MDT TUE OCT 21 2014


...................................

...THE WORLAND WY CLIMATE SUMMARY FOR OCTOBER 20 2014...

CLIMATE NORMAL PERIOD 1981 TO 2010
CLIMATE RECORD PERIOD 1947 TO 2014


WEATHER ITEM   OBSERVED TIME   RECORD YEAR NORMAL DEPARTURE LAST
                VALUE   (LST)  VALUE       VALUE  FROM      YEAR
                                                  NORMAL
..................................................................
TEMPERATURE (F)
 YESTERDAY
  MAXIMUM         78    352 PM  80    2003  59     19       54
  MINIMUM         32    646 AM  19    1987  29      3       33
  AVERAGE         55                        44     11       44

PRECIPITATION (IN)
  YESTERDAY        0.00          0.43 2007   0.02  -0.02      T
  MONTH TO DATE    0.27                      0.53  -0.26     1.65
  SINCE SEP 1      1.40                      1.38   0.02     4.28
  SINCE JAN 1      6.99                      6.83   0.16     7.49

DEGREE DAYS
 HEATING
  YESTERDAY       10                        21    -11       21
  MONTH TO DATE  249                       347    -98      461
  SINCE SEP 1    427                       568   -141      607
  SINCE JUL 1    461                       604   -143      607

 COOLING
  YESTERDAY        0                         0      0        0
  MONTH TO DATE    0                         0      0        0
  SINCE SEP 1     34                        29      5       91
  SINCE JAN 1    543                       535      8      852
..................................................................


WIND (MPH)
  HIGHEST WIND SPEED    13   HIGHEST WIND DIRECTION     S (160)
  HIGHEST GUST SPEED    14   HIGHEST GUST DIRECTION     S (170)
  AVERAGE WIND SPEED     4.4


SKY COVER
  POSSIBLE SUNSHINE  MM
  AVERAGE SKY COVER 0.0


WEATHER CONDITIONS
 THE FOLLOWING WEATHER WAS RECORDED YESTERDAY.
  HAZE


RELATIVE HUMIDITY (PERCENT)
 HIGHEST    75           700 AM
 LOWEST     19           300 PM
 AVERAGE    47

..........................................................


THE WORLAND WY CLIMATE NORMALS FOR TODAY
                         NORMAL    RECORD    YEAR
 MAXIMUM TEMPERATURE (F)   58        85      1992
 MINIMUM TEMPERATURE (F)   29        18      1990


SUNRISE AND SUNSET
OCTOBER 21 2014.......SUNRISE   734 AM MDT   SUNSET   618 PM MDT
OCTOBER 22 2014.......SUNRISE   735 AM MDT   SUNSET   617 PM MDT


-  INDICATES NEGATIVE NUMBERS.
R  INDICATES RECORD WAS SET OR TIED.
MM INDICATES DATA IS MISSING.
T  INDICATES TRACE AMOUNT.




$$
