000
CDUS45 KRIW 250738
CLIWRL


CLIMATE REPORT
NATIONAL WEATHER SERVICE RIVERTON WY
129 AM MDT THU AUG 25 2016


...................................

...THE WORLAND WY CLIMATE SUMMARY FOR AUGUST 24 2016...

CLIMATE NORMAL PERIOD 1981 TO 2010
CLIMATE RECORD PERIOD 1947 TO 2016


WEATHER ITEM   OBSERVED TIME   RECORD YEAR NORMAL DEPARTURE LAST
                VALUE   (LST)  VALUE       VALUE  FROM      YEAR
                                                  NORMAL
..................................................................
TEMPERATURE (F)
 YESTERDAY
  MAXIMUM         75    411 PM 103    1969  86    -11       95
  MINIMUM         48    534 AM  39    2004  51     -3       40
                                      1968
  AVERAGE         62                        68     -6       68

PRECIPITATION (IN)
  YESTERDAY        T             0.12 1979   0.01  -0.01     0.00
  MONTH TO DATE    0.27                      0.33  -0.06     0.22
  SINCE JUN 1      0.71                      2.19  -1.48     1.69
  SINCE JAN 1      4.47                      5.35  -0.88     5.87

DEGREE DAYS
 HEATING
  YESTERDAY        3                         1      2        0
  MONTH TO DATE   16                         8      8       30
  SINCE JUN 1     26                       114    -88       41
  SINCE JUL 1     20                        21     -1       37

 COOLING
  YESTERDAY        0                         4     -4        3
  MONTH TO DATE  164                       156      8      144
  SINCE JUN 1    628                       469    159      521
  SINCE JAN 1    630                       481    149      523
..................................................................


WIND (MPH)
  HIGHEST WIND SPEED    29   HIGHEST WIND DIRECTION     N (340)
  HIGHEST GUST SPEED    38   HIGHEST GUST DIRECTION    NW (330)
  AVERAGE WIND SPEED    10.3


SKY COVER
  POSSIBLE SUNSHINE  MM
  AVERAGE SKY COVER 0.1


WEATHER CONDITIONS
 THE FOLLOWING WEATHER WAS RECORDED YESTERDAY.
  LIGHT RAIN
  FOG


RELATIVE HUMIDITY (PERCENT)
 HIGHEST    77           500 AM
 LOWEST     23           400 PM
 AVERAGE    50

..........................................................


THE WORLAND WY CLIMATE NORMALS FOR TODAY
                         NORMAL    RECORD    YEAR
 MAXIMUM TEMPERATURE (F)   85       103      1969
 MINIMUM TEMPERATURE (F)   51        40      1975


SUNRISE AND SUNSET
AUGUST 25 2016........SUNRISE   628 AM MDT   SUNSET   759 PM MDT
AUGUST 26 2016........SUNRISE   629 AM MDT   SUNSET   757 PM MDT


-  INDICATES NEGATIVE NUMBERS.
R  INDICATES RECORD WAS SET OR TIED.
MM INDICATES DATA IS MISSING.
T  INDICATES TRACE AMOUNT.




$$
