000
CDUS45 KRIW 060738
CLIWRL


CLIMATE REPORT
NATIONAL WEATHER SERVICE RIVERTON WY
1233 AM MST FRI MAR 6 2015


...................................

...THE WORLAND WY CLIMATE SUMMARY FOR MARCH 5 2015...

CLIMATE NORMAL PERIOD 1981 TO 2010
CLIMATE RECORD PERIOD 1947 TO 2015


WEATHER ITEM   OBSERVED TIME   RECORD YEAR NORMAL DEPARTURE LAST
                VALUE   (LST)  VALUE       VALUE  FROM      YEAR
                                                  NORMAL
..................................................................
TEMPERATURE (F)
 YESTERDAY
  MAXIMUM         42    357 PM  68    1987  46     -4       47
  MINIMUM          7    414 AM  -6    1989  18    -11       16
  AVERAGE         25                        32     -7       32

PRECIPITATION (IN)
  YESTERDAY        0.00          0.62 1990   0.02  -0.02     0.00
  MONTH TO DATE    T                         0.06  -0.06     0.08
  SINCE MAR 1      T                         0.06  -0.06     0.08
  SINCE JAN 1      0.77                      0.48   0.29     0.46

DEGREE DAYS
 HEATING
  YESTERDAY       40                        33      7       33
  MONTH TO DATE  229                       169     60      249
  SINCE MAR 1    229                       169     60      249
  SINCE JUL 1   6138                      6170    -32     6629

 COOLING
  YESTERDAY        0                         0      0        0
  MONTH TO DATE    0                         0      0        0
  SINCE MAR 1      0                         0      0        0
  SINCE JAN 1      0                         0      0        0
..................................................................


WIND (MPH)
  HIGHEST WIND SPEED    12   HIGHEST WIND DIRECTION     S (160)
  HIGHEST GUST SPEED    12   HIGHEST GUST DIRECTION    SE (120)
  AVERAGE WIND SPEED     4.3


SKY COVER
  POSSIBLE SUNSHINE  MM
  AVERAGE SKY COVER 0.0


WEATHER CONDITIONS
 THE FOLLOWING WEATHER WAS RECORDED YESTERDAY.
  NO SIGNIFICANT WEATHER WAS OBSERVED.


RELATIVE HUMIDITY (PERCENT)
 HIGHEST    75           900 PM
 LOWEST     30           400 PM
 AVERAGE    53

..........................................................


THE WORLAND WY CLIMATE NORMALS FOR TODAY
                         NORMAL    RECORD    YEAR
 MAXIMUM TEMPERATURE (F)   47        67      2006
 MINIMUM TEMPERATURE (F)   19        -4      1995


SUNRISE AND SUNSET
MARCH  6 2015.........SUNRISE   640 AM MST   SUNSET   606 PM MST
MARCH  7 2015.........SUNRISE   639 AM MST   SUNSET   608 PM MST


-  INDICATES NEGATIVE NUMBERS.
R  INDICATES RECORD WAS SET OR TIED.
MM INDICATES DATA IS MISSING.
T  INDICATES TRACE AMOUNT.




$$
