000
CDUS45 KRIW 260748
CLIWRL


CLIMATE REPORT
NATIONAL WEATHER SERVICE RIVERTON WY
131 AM MDT MON SEP 26 2016


...................................

...THE WORLAND WY CLIMATE SUMMARY FOR SEPTEMBER 25 2016...

CLIMATE NORMAL PERIOD 1981 TO 2010
CLIMATE RECORD PERIOD 1947 TO 2016


WEATHER ITEM   OBSERVED TIME   RECORD YEAR NORMAL DEPARTURE LAST
                VALUE   (LST)  VALUE       VALUE  FROM      YEAR
                                                  NORMAL
..................................................................
TEMPERATURE (F)
 YESTERDAY
  MAXIMUM         63    439 PM  94    2014  69     -6       93
  MINIMUM         38    610 AM  15    1984  39     -1       44
  AVERAGE         51                        54     -3       69

PRECIPITATION (IN)
  YESTERDAY        0.00          0.32 2013   0.04  -0.04     0.00
  MONTH TO DATE    1.97                      0.69   1.28     0.11
  SINCE SEP 1      1.97                      0.69   1.28     0.11
  SINCE JAN 1      6.44                      6.14   0.30     6.23

DEGREE DAYS
 HEATING
  YESTERDAY       14                        11      3        0
  MONTH TO DATE  164                       159      5       69
  SINCE SEP 1    164                       159      5       69
  SINCE JUL 1    195                       195      0      106

 COOLING
  YESTERDAY        0                         0      0        4
  MONTH TO DATE   25                        28     -3       48
  SINCE SEP 1     25                        28     -3       48
  SINCE JAN 1    690                       534    156      624
..................................................................


WIND (MPH)
  HIGHEST WIND SPEED    10   HIGHEST WIND DIRECTION    SW (220)
  HIGHEST GUST SPEED    10   HIGHEST GUST DIRECTION    SW (220)
  AVERAGE WIND SPEED     3.2


SKY COVER
  POSSIBLE SUNSHINE  MM
  AVERAGE SKY COVER 0.0


WEATHER CONDITIONS
 THE FOLLOWING WEATHER WAS RECORDED YESTERDAY.
  NO SIGNIFICANT WEATHER WAS OBSERVED.


RELATIVE HUMIDITY (PERCENT)
 HIGHEST    96          1200 AM
 LOWEST     36           300 PM
 AVERAGE    66

..........................................................


THE WORLAND WY CLIMATE NORMALS FOR TODAY
                         NORMAL    RECORD    YEAR
 MAXIMUM TEMPERATURE (F)   69        93      2015
 MINIMUM TEMPERATURE (F)   38        22      1972


SUNRISE AND SUNSET
SEPTEMBER 26 2016.....SUNRISE   704 AM MDT   SUNSET   701 PM MDT
SEPTEMBER 27 2016.....SUNRISE   705 AM MDT   SUNSET   659 PM MDT


-  INDICATES NEGATIVE NUMBERS.
R  INDICATES RECORD WAS SET OR TIED.
MM INDICATES DATA IS MISSING.
T  INDICATES TRACE AMOUNT.




$$
