000
CDUS45 KRIW 250730
CLIWRL


CLIMATE REPORT
NATIONAL WEATHER SERVICE RIVERTON WY
128 AM MDT SUN JUN 25 2017


...................................

...THE WORLAND WY CLIMATE SUMMARY FOR JUNE 24 2017...

CLIMATE NORMAL PERIOD 1981 TO 2010
CLIMATE RECORD PERIOD 1947 TO 2017


WEATHER ITEM   OBSERVED TIME   RECORD YEAR NORMAL DEPARTURE LAST
                VALUE   (LST)  VALUE       VALUE  FROM      YEAR
                                                  NORMAL
..................................................................
TEMPERATURE (F)
 YESTERDAY
  MAXIMUM         77    554 PM 105    2012  84     -7       98
  MINIMUM         40    451 AM  35    1993  51    -11       54
  AVERAGE         59                        67     -8       76

PRECIPITATION (IN)
  YESTERDAY        0.00          0.89 2003   0.03  -0.03     0.00
  MONTH TO DATE    0.25                      1.00  -0.75     0.26
  SINCE JUN 1      0.25                      1.00  -0.75     0.26
  SINCE JAN 1      5.05                      4.16   0.89     4.02

DEGREE DAYS
 HEATING
  YESTERDAY        6                         2      4        0
  MONTH TO DATE   32                        86    -54        6
  SINCE JUN 1     32                        86    -54        6
  SINCE JUL 1   7441                      7862   -421     6997

 COOLING
  YESTERDAY        0                         4     -4       11
  MONTH TO DATE   79                        55     24      157
  SINCE JUN 1     79                        55     24      157
  SINCE JAN 1     79                        67     12      159
..................................................................


WIND (MPH)
  HIGHEST WIND SPEED    13   HIGHEST WIND DIRECTION     E (100)
  HIGHEST GUST SPEED    16   HIGHEST GUST DIRECTION     E (110)
  AVERAGE WIND SPEED     4.0


SKY COVER
  POSSIBLE SUNSHINE  MM
  AVERAGE SKY COVER 0.1


WEATHER CONDITIONS
 THE FOLLOWING WEATHER WAS RECORDED YESTERDAY.
  NO SIGNIFICANT WEATHER WAS OBSERVED.


RELATIVE HUMIDITY (PERCENT)
 HIGHEST    70           400 AM
 LOWEST     18           500 PM
 AVERAGE    44

..........................................................


THE WORLAND WY CLIMATE NORMALS FOR TODAY
                         NORMAL    RECORD    YEAR
 MAXIMUM TEMPERATURE (F)   84       104      1974
 MINIMUM TEMPERATURE (F)   52        38      1966


SUNRISE AND SUNSET
JUNE 25 2017..........SUNRISE   530 AM MDT   SUNSET   859 PM MDT
JUNE 26 2017..........SUNRISE   531 AM MDT   SUNSET   859 PM MDT


-  INDICATES NEGATIVE NUMBERS.
R  INDICATES RECORD WAS SET OR TIED.
MM INDICATES DATA IS MISSING.
T  INDICATES TRACE AMOUNT.




$$
