000
CDUS45 KRIW 010746
CLIWRL


CLIMATE REPORT
NATIONAL WEATHER SERVICE RIVERTON WY
137 AM MDT MON SEP 1 2014


...................................

...THE WORLAND WY CLIMATE SUMMARY FOR AUGUST 31 2014...

CLIMATE NORMAL PERIOD 1981 TO 2010
CLIMATE RECORD PERIOD 1947 TO 2014


WEATHER ITEM   OBSERVED TIME   RECORD YEAR NORMAL DEPARTURE LAST
                VALUE   (LST)  VALUE       VALUE  FROM      YEAR
                                                  NORMAL
..................................................................
TEMPERATURE (F)
 YESTERDAY
  MAXIMUM         72    315 PM 100    1991  83    -11       87
  MINIMUM         49   1143 PM  36    1993  49      0       53
  AVERAGE         61                        66     -5       70

PRECIPITATION (IN)
  YESTERDAY        T             0.65 1963   0.02  -0.02     0.00
  MONTH TO DATE    1.51                      0.43   1.08     0.13
  SINCE JUN 1      3.38                      2.29   1.09     0.52
  SINCE JAN 1      5.59                      5.45   0.14     3.21

DEGREE DAYS
 HEATING
  YESTERDAY        4                         2      2        0
  MONTH TO DATE   33                        20     13        0
  SINCE JUN 1    124                       129     -5       45
  SINCE JUL 1     34                        36     -2        0

 COOLING
  YESTERDAY        0                         3     -3        5
  MONTH TO DATE  171                       181    -10      278
  SINCE JUN 1    479                       494    -15      744
  SINCE JAN 1    509                       506      3      761
..................................................................


WIND (MPH)
  HIGHEST WIND SPEED    17   HIGHEST WIND DIRECTION    NW (330)
  HIGHEST GUST SPEED    22   HIGHEST GUST DIRECTION    NW (330)
  AVERAGE WIND SPEED     5.2


SKY COVER
  POSSIBLE SUNSHINE  MM
  AVERAGE SKY COVER 0.6


WEATHER CONDITIONS
 THE FOLLOWING WEATHER WAS RECORDED YESTERDAY.
  LIGHT RAIN
  FOG


RELATIVE HUMIDITY (PERCENT)
 HIGHEST   100           500 AM
 LOWEST     33           400 PM
 AVERAGE    67

..........................................................


THE WORLAND WY CLIMATE NORMALS FOR TODAY
                         NORMAL    RECORD    YEAR
 MAXIMUM TEMPERATURE (F)   82       100      1983
 MINIMUM TEMPERATURE (F)   49        36      1965


SUNRISE AND SUNSET
SEPTEMBER  1 2014.....SUNRISE   635 AM MDT   SUNSET   748 PM MDT
SEPTEMBER  2 2014.....SUNRISE   636 AM MDT   SUNSET   746 PM MDT


-  INDICATES NEGATIVE NUMBERS.
R  INDICATES RECORD WAS SET OR TIED.
MM INDICATES DATA IS MISSING.
T  INDICATES TRACE AMOUNT.




$$
