688
CDUS45 KRIW 230737
CLIWRL


CLIMATE REPORT
NATIONAL WEATHER SERVICE RIVERTON WY
1236 AM MST FRI FEB 23 2018


...................................

...THE WORLAND WY CLIMATE SUMMARY FOR FEBRUARY 22 2018...

CLIMATE NORMAL PERIOD 1981 TO 2010
CLIMATE RECORD PERIOD 1947 TO 2018


WEATHER ITEM   OBSERVED TIME   RECORD YEAR NORMAL DEPARTURE LAST
                VALUE   (LST)  VALUE       VALUE  FROM      YEAR
                                                  NORMAL
..................................................................
TEMPERATURE (F)
 YESTERDAY
  MAXIMUM         14   1237 PM  59    2000  41    -27       47
  MINIMUM        -18R   716 AM -10    1993  13    -31       27
  AVERAGE         -2                        27    -29       37

PRECIPITATION (IN)
  YESTERDAY        0.00          0.06 1972   0.00   0.00     0.00
  MONTH TO DATE    0.17                      0.14   0.03     0.11
  SINCE DEC 1      0.76                      0.60   0.16     0.50
  SINCE JAN 1      0.32                      0.37  -0.05     0.31

DEGREE DAYS
 HEATING
  YESTERDAY       67                        38     29       28
  MONTH TO DATE 1190                       935    255      864
  SINCE DEC 1   4107                      3891    216     4098
  SINCE JUL 1   6026                      5783    243     5637

 COOLING
  YESTERDAY        0                         0      0        0
  MONTH TO DATE    0                         0      0        0
  SINCE DEC 1      0                         0      0        0
  SINCE JAN 1      0                         0      0        0
..................................................................


WIND (MPH)
  HIGHEST WIND SPEED     9   HIGHEST WIND DIRECTION    NE (50)
  HIGHEST GUST SPEED    10   HIGHEST GUST DIRECTION    NE (50)
  AVERAGE WIND SPEED     2.4


SKY COVER
  POSSIBLE SUNSHINE  MM
  AVERAGE SKY COVER 0.0


WEATHER CONDITIONS
 THE FOLLOWING WEATHER WAS RECORDED YESTERDAY.
  NO SIGNIFICANT WEATHER WAS OBSERVED.


RELATIVE HUMIDITY (PERCENT)
 HIGHEST    92           800 AM
 LOWEST     63          1200 PM
 AVERAGE    78

..........................................................


THE WORLAND WY CLIMATE NORMALS FOR TODAY
                         NORMAL    RECORD    YEAR
 MAXIMUM TEMPERATURE (F)   41        59      2000
 MINIMUM TEMPERATURE (F)   14       -21      2003


SUNRISE AND SUNSET
FEBRUARY 23 2018......SUNRISE   658 AM MST   SUNSET   552 PM MST
FEBRUARY 24 2018......SUNRISE   657 AM MST   SUNSET   554 PM MST


-  INDICATES NEGATIVE NUMBERS.
R  INDICATES RECORD WAS SET OR TIED.
MM INDICATES DATA IS MISSING.
T  INDICATES TRACE AMOUNT.




$$
