000
CDAK47 PAJK 241316
CLIYAK
CLIMATE REPORT
NATIONAL WEATHER SERVICE JUNEAU, AK
414 AM AKST FRI NOV 44 2017


...................................

...THE YAKUTAT CLIMATE SUMMARY FOR NOVEMBER 23 2017...

CLIMATE NORMAL PERIOD 1981 TO 2010
CLIMATE RECORD PERIOD 1917 TO 2017


WEATHER ITEM   OBSERVED RECORD YEAR NORMAL DEPARTURE LAST
                VALUE   VALUE       VALUE  FROM      YEAR
                                           NORMAL
...........................................................
TEMPERATURE (F)
 YESTERDAY
  MAXIMUM         33     51    2002  37     -4       38
  MINIMUM         26     -2    2006  25      1       20
  AVERAGE         30                 31     -1       29

PRECIPITATION (IN)
  YESTERDAY        0.15   2.41 1992   0.48  -0.33     0.01
  MONTH TO DATE    0.72              11.09 -10.37     9.25
  SINCE JAN 1    109.73             135.48 -25.75   107.50

SNOWFALL (IN)
  YESTERDAY        3.0   11.9  1948   0.7    2.3      0.0
  MONTH TO DATE   18.8               12.8    6.0      1.9
  SINCE JUL 1     18.9               15.3    3.6      1.9
  SNOW DEPTH      10

DEGREE DAYS
 HEATING
  YESTERDAY       35                 34      1       36
  MONTH TO DATE  799                739     60      627
...........................................................


WIND (MPH)
  HIGHEST WIND SPEED    12   HIGHEST WIND DIRECTION    NE (60)
  HIGHEST GUST SPEED    15   HIGHEST GUST DIRECTION    NE (60)
  AVERAGE WIND SPEED     7.0


SKY COVER
  AVERAGE SKY COVER 1.0


WEATHER CONDITIONS
 THE FOLLOWING WEATHER WAS RECORDED YESTERDAY.
  SNOW
  LIGHT SNOW
  FOG


..........................................................


THE YAKUTAT CLIMATE NORMALS FOR TODAY
                         NORMAL    RECORD    YEAR
 MAXIMUM TEMPERATURE (F)   37        50      2005
                                             1936
                                             1918
 MINIMUM TEMPERATURE (F)   25        -3      1970


SUNRISE AND SUNSET
NOVEMBER 24 2017......SUNRISE   836 AM AKST  SUNSET   334 PM AKST
NOVEMBER 25 2017......SUNRISE   838 AM AKST  SUNSET   333 PM AKST


-  INDICATES NEGATIVE NUMBERS.
R  INDICATES RECORD WAS SET OR TIED.
MM INDICATES DATA IS MISSING.
T  INDICATES TRACE AMOUNT.




$$
--------------------------------------------------------------

AMOUNT OF DAYLIGHT TODAY (HOUR:MIN)......... 6 HOURS 59 MINUTES
GAIN/LOSS SINCE YESTERDAY (HOUR:MIN:SEC).... -0:03:52

$$
