892
CDAK47 PAYA 270902
CLIYAK

CLIMATE REPORT
NATIONAL WEATHER SERVICE YAKUTAT, AK
102 AM AKDT FRI MAY 27 2016

...................................
...THE YAKUTAT AP CLIMATE SUMMARY FOR MAY 26 2016...

CLIMATE NORMAL PERIOD  1981 TO  2010
CLIMATE RECORD PERIOD  1948 TO  2016

WEATHER ITEM   OBSERVED TIME    RECORD YEAR NORMAL DEPARTURE LAST
               VALUE    (LST)   VALUE       VALUE  FROM      YEAR
                                                   NORMAL
...................................................................
TEMPERATURE
YESTERDAY
 MAXIMUM            58  0245 PM    72  1947     54       4     52
 MINIMUM            38  0326 AM    30  2001     40      -2     47
 AVERAGE            48                          47       1     50

PRECIPITATION
(INCHES)
 YESTERDAY        0.00           1.60  1962   0.26   -0.26   0.01
 MONTH TO DATE    6.73                        6.95   -0.22   1.52
 SINCE MAR 1     26.26                       27.18   -0.92  26.11
 SINCE JAN 1     51.55                       51.70   -0.15  50.48

SNOWFALL
(INCHES)
 YESTERDAY         0.0            0.0  2016    0.0     0.0    0.0
 MONTH TO DATE     0.0                         0.4    -0.4    0.0
 SINCE MAR 1       0.7                        37.8   -37.1   34.3
 SINCE JUL 1      49.9                       140.0   -90.1   47.1
 SNOW DEPTH (IN)     0                                          0

DEGREE DAYS
 HEATING
  YESTERDAY         17                          18      -1     15
  MONTH TO DATE    438                         541    -103    459
  SINCE MAR 1     1903                        2379    -476   2155
  SINCE JUL 1     7241                        8508   -1267   7587

 COOLING
  YESTERDAY          0                           0       0      0
  MONTH TO DATE      0                           0       0      0
  SINCE MAR 1        0                           0       0      0
  SINCE JAN 1        0                           0       0      0
...................................................................

WIND (MPH)
 HIGHEST WIND SPEED    15     HIGHEST WIND DIRECTION    240
 HIGHEST GUST SPEED    21     HIGHEST GUST DIRECTION    230
 AVERAGE WIND SPEED   4.3

SKY COVER
  POSSIBLE SUNSHINE    MM          AVERAGE SKY COVER     MM

WEATHER CONDITIONS
 THE FOLLOWING WEATHER WAS RECORDED YESTERDAY.
  FOG


RELATIVE HUMIDITY
 HIGHEST RH     MM PERCENT       MM
 LOWEST  RH     MM PERCENT       MM
 AVERAGE RH     MM PERCENT       MM
...................................................................

THE YAKUTAT CLIMATE NORMALS FOR TODAY
                           NORMAL    RECORD   YEAR
 MAXIMUM TEMPERATURE (F)     54        73     2010
 MINIMUM TEMPERATURE (F)     40        26     1936

SUNRISE AND SUNSET
 MAY 27 2016..........SUNRISE  4:20 AM      SUNSET 10:15 PM
 MAY 28 2016..........SUNRISE  4:18 AM      SUNSET 10:17 PM

-  INDICATES NEGATIVE NUMBERS.
R  INDICATES RECORD HAS BEEN SET OR TIED.
MM INDICATES DATA IS MISSING.
T  INDICATES TRACE OF PRECIPITATION.

&&
-------------------------------------------------------------------

AMOUNT OF DAYLIGHT TODAY  (HOUR:MIN)........17 HOURS 55 MINUTES
GAIN/LOSS SINCE YESTERDAY (HOUR:MIN:SEC)....+0:03:35

$$
*** MAY 16
