000
CDAK47 PAYA 300004
CLIYAK

CLIMATE REPORT
NATIONAL WEATHER SERVICE YAKUTAT, AK
404 PM AKDT MON AUG 29 2016

...................................
...THE YAKUTAT AP CLIMATE SUMMARY FOR AUGUST 29 2016...
VALID TODAY AS OF 2:00 PM LOCAL TIME

CLIMATE NORMAL PERIOD  1981 TO  2010
CLIMATE RECORD PERIOD  1948 TO  2016

WEATHER ITEM   OBSERVED TIME    RECORD YEAR NORMAL DEPARTURE LAST
               VALUE    (LST)   VALUE       VALUE  FROM      YEAR
                                                   NORMAL
...................................................................
TEMPERATURE
TODAY
 MAXIMUM            72  0156 PM    75  1930     59      13     60
 MINIMUM            44  0345 AM    33  1992     44       0     47
 AVERAGE            58                          52       6     54

PRECIPITATION
(INCHES)
 TODAY            0.00           3.94  1965   0.54   -0.54   0.70
 MONTH TO DATE   13.31                       13.00    0.31  13.19
 SINCE JUN 1     27.40                       27.27    0.13  33.65
 SINCE JAN 1     78.96                       80.23   -1.27  84.23

SNOWFALL
(INCHES)
 TODAY             0.0            0.0  2016    0.0     0.0    0.0
 MONTH TO DATE     0.0                         0.0     0.0    0.0
 SINCE JUN 1       0.0                         0.0     0.0    0.0
 SINCE JUL 1       0.0                         0.0     0.0    0.0
 SNOW DEPTH (IN)     0                                          0

DEGREE DAYS
 HEATING
  TODAY              7                          13      -6     11
  MONTH TO DATE    204                         319    -115    271
  SINCE JUN 1      761                        1077    -316    873
  SINCE JUL 1      434                         651    -217    539

 COOLING
  TODAY              0                           0       0      0
  MONTH TO DATE      0                           0       0      0
  SINCE JUN 1        0                           0       0      0
  SINCE JAN 1        0                           0       0      0
...................................................................

WIND (MPH)
 HIGHEST WIND SPEED    18     HIGHEST WIND DIRECTION     80
 HIGHEST GUST SPEED    25     HIGHEST GUST DIRECTION     40
 AVERAGE WIND SPEED   0.0

SKY COVER
  POSSIBLE SUNSHINE  MM            AVERAGE SKY COVER MM

WEATHER CONDITIONS
 THE FOLLOWING WEATHER WAS RECORDED TODAY.
NO SIGNIFICANT WEATHER WAS OBSERVED.

RELATIVE HUMIDITY
 HIGHEST RH     MM PERCENT       MM
 LOWEST  RH     MM PERCENT       MM
 AVERAGE RH     MM PERCENT       MM
...................................................................

THE YAKUTAT CLIMATE NORMALS FOR TOMORROW
                        NORMAL    RECORD   YEAR
 MAXIMUM TEMPERATURE      59        71     1963
 MINIMUM TEMPERATURE      44        32     1992

SUNRISE AND SUNSET
 AUG 29 2016..........SUNRISE  6:10 AM      SUNSET  8:28 PM
 AUG 30 2016..........SUNRISE  6:12 AM      SUNSET  8:25 PM

-  INDICATES NEGATIVE NUMBERS.
R  INDICATES RECORD HAS BEEN SET OR TIED.
MM INDICATES DATA IS MISSING.
T  INDICATES TRACE OF PRECIPITATION.

&&
-------------------------------------------------------------------

AMOUNT OF DAYLIGHT TODAY  (HOUR:MIN)........14 HOURS 18 MINUTES
GAIN/LOSS SINCE YESTERDAY (HOUR:MIN:SEC)....-0:05:14

$$
TR AUG 16
