000
CDAK47 PAYA 291046
CLIYAK

CLIMATE REPORT
NATIONAL WEATHER SERVICE YAKUTAT, AK
246 AM AKDT FRI AUG 29 2014

...................................
...THE YAKUTAT AP CLIMATE SUMMARY FOR AUGUST 28 2014...

CLIMATE NORMAL PERIOD  1981 TO  2010
CLIMATE RECORD PERIOD  1948 TO  2014

WEATHER ITEM   OBSERVED TIME    RECORD YEAR NORMAL DEPARTURE LAST
               VALUE    (LST)   VALUE       VALUE  FROM      YEAR
                                                   NORMAL
...................................................................
TEMPERATURE
YESTERDAY
 MAXIMUM            54  0100 PM    71  2007     59      -5     59
 MINIMUM            50  1149 PM    33  1971     45       5     53
 AVERAGE            52                          52       0     56

PRECIPITATION
(INCHES)
 YESTERDAY        1.09           4.01  1996   0.53    0.56   0.20
 MONTH TO DATE   21.99                       12.46    9.53   8.40
 SINCE JUN 1     38.51                       26.73   11.78  18.29
 SINCE JAN 1     77.62                       79.69   -2.07  76.48

SNOWFALL
(INCHES)
 YESTERDAY         0.0            0.0  2014    0.0     0.0    0.0
 MONTH TO DATE     0.0                         0.0     0.0    0.0
 SINCE JUN 1       0.0                         0.0     0.0    0.0
 SINCE JUL 1       0.0                         0.0     0.0    0.0
 SNOW DEPTH (IN)     0                                          0

DEGREE DAYS
 HEATING
  YESTERDAY         13                          13       0      9
  MONTH TO DATE    276                         306     -30    246
  SINCE JUN 1     1035                        1064     -29    885
  SINCE JUL 1      589                         638     -49    543

 COOLING
  YESTERDAY          0                           0       0      0
  MONTH TO DATE      0                           0       0      0
  SINCE JUN 1        0                           0       0      0
  SINCE JAN 1        0                           0       0      0
...................................................................

WIND (MPH)
 HIGHEST WIND SPEED    13     HIGHEST WIND DIRECTION     80
 HIGHEST GUST SPEED    18     HIGHEST GUST DIRECTION     90
 AVERAGE WIND SPEED   7.1

SKY COVER
  POSSIBLE SUNSHINE    MM          AVERAGE SKY COVER     MM

WEATHER CONDITIONS
 THE FOLLOWING WEATHER WAS RECORDED YESTERDAY.
  FOG
RAIN


RELATIVE HUMIDITY
 HIGHEST RH     MM PERCENT       MM
 LOWEST  RH     MM PERCENT       MM
 AVERAGE RH     MM PERCENT       MM
...................................................................

THE YAKUTAT CLIMATE NORMALS FOR TODAY
                           NORMAL    RECORD   YEAR
 MAXIMUM TEMPERATURE (F)     59        72     1949
 MINIMUM TEMPERATURE (F)     44        33     1992

SUNRISE AND SUNSET
 AUG 29 2014..........SUNRISE  6:09 AM      SUNSET  8:30 PM
 AUG 30 2014..........SUNRISE  6:11 AM      SUNSET  8:27 PM

-  INDICATES NEGATIVE NUMBERS.
R  INDICATES RECORD HAS BEEN SET OR TIED.
MM INDICATES DATA IS MISSING.
T  INDICATES TRACE OF PRECIPITATION.

&&
-------------------------------------------------------------------

AMOUNT OF DAYLIGHT TODAY  (HOUR:MIN)........14 HOURS 21 MINUTES
GAIN/LOSS SINCE YESTERDAY (HOUR:MIN:SEC)....-0:05:14

$$
*** AUG 14
