000
CDAK47 PAYA 120907
CLIYAK

CLIMATE REPORT
NATIONAL WEATHER SERVICE YAKUTAT, AK
1207 AM AKST FRI FEB 12 2016

...................................
...THE YAKUTAT AP CLIMATE SUMMARY FOR FEBRUARY 11 2016...

CLIMATE NORMAL PERIOD  1981 TO  2010
CLIMATE RECORD PERIOD  1948 TO  2016

WEATHER ITEM   OBSERVED TIME    RECORD YEAR NORMAL DEPARTURE LAST
               VALUE    (LST)   VALUE       VALUE  FROM      YEAR
                                                   NORMAL
...................................................................
TEMPERATURE
YESTERDAY
 MAXIMUM            45  1139 AM    49  2006     36       9     43
 MINIMUM            41  0755 AM   -11  1979     23      18     36
 AVERAGE            43                          29      14     40

PRECIPITATION
(INCHES)
 YESTERDAY        0.30           2.23  1964   0.40   -0.10   1.13
 MONTH TO DATE    3.39                        4.18   -0.79   1.33
 SINCE DEC 1     27.76                       34.12   -6.36  27.40
 SINCE JAN 1     17.81                       17.84   -0.03  15.35

SNOWFALL
(INCHES)
 YESTERDAY         0.0           20.5  1959    1.1    -1.1      T
 MONTH TO DATE     1.1                        11.7   -10.6    4.0
 SINCE DEC 1      25.3                        66.0   -40.7    7.5
 SINCE JUL 1      48.1                        86.7   -38.6   12.8
 SNOW DEPTH (IN)     T                                          2

DEGREE DAYS
 HEATING
  YESTERDAY         22                          36     -14     25
  MONTH TO DATE    306                         396     -90    440
  SINCE DEC 1     2220                        2637    -417   2316
  SINCE JUL 1     4841                        5535    -694   4996

 COOLING
  YESTERDAY          0                           0       0      0
  MONTH TO DATE      0                           0       0      0
  SINCE DEC 1        0                           0       0      0
  SINCE JAN 1        0                           0       0      0
...................................................................

WIND (MPH)
 HIGHEST WIND SPEED    21     HIGHEST WIND DIRECTION    110
 HIGHEST GUST SPEED    35     HIGHEST GUST DIRECTION    120
 AVERAGE WIND SPEED   8.3

SKY COVER
  POSSIBLE SUNSHINE    MM          AVERAGE SKY COVER     MM

WEATHER CONDITIONS
 THE FOLLOWING WEATHER WAS RECORDED YESTERDAY.
  FOG
RAIN


RELATIVE HUMIDITY
 HIGHEST RH     MM PERCENT       MM
 LOWEST  RH     MM PERCENT       MM
 AVERAGE RH     MM PERCENT       MM
...................................................................

THE YAKUTAT CLIMATE NORMALS FOR TODAY
                           NORMAL    RECORD   YEAR
 MAXIMUM TEMPERATURE (F)     36        48     1986
 MINIMUM TEMPERATURE (F)     23       -11     1979

SUNRISE AND SUNSET
 FEB 12 2016..........SUNRISE  8:04 AM      SUNSET  5:04 PM
 FEB 13 2016..........SUNRISE  8:01 AM      SUNSET  5:06 PM

-  INDICATES NEGATIVE NUMBERS.
R  INDICATES RECORD HAS BEEN SET OR TIED.
MM INDICATES DATA IS MISSING.
T  INDICATES TRACE OF PRECIPITATION.

&&
-------------------------------------------------------------------

AMOUNT OF DAYLIGHT TODAY  (HOUR:MIN)........9 HOURS 0 MINUTES
GAIN/LOSS SINCE YESTERDAY (HOUR:MIN:SEC)....+0:05:09

$$
TR FEB 16
