430
CDAK47 PAYA 050909
CLIYAK

CLIMATE REPORT
NATIONAL WEATHER SERVICE YAKUTAT, AK
109 AM AKDT THU MAY 5 2016

...................................
...THE YAKUTAT AP CLIMATE SUMMARY FOR MAY 4 2016...

CLIMATE NORMAL PERIOD  1981 TO  2010
CLIMATE RECORD PERIOD  1948 TO  2016

WEATHER ITEM   OBSERVED TIME    RECORD YEAR NORMAL DEPARTURE LAST
               VALUE    (LST)   VALUE       VALUE  FROM      YEAR
                                                   NORMAL
...................................................................
TEMPERATURE
YESTERDAY
 MAXIMUM            48  0126 PM    64  1980     50      -2     60
 MINIMUM            37  0901 PM    22  1968     34       3     29
 AVERAGE            43                          42       1     45

PRECIPITATION
(INCHES)
 YESTERDAY        0.55           2.11  1987   0.27    0.28   0.00
 MONTH TO DATE    1.79                        1.13    0.66   0.09
 SINCE MAR 1     21.32                       21.36   -0.04  24.68
 SINCE JAN 1     46.61                       45.88    0.73  49.05

SNOWFALL
(INCHES)
 YESTERDAY         0.0            4.5  1975    0.0     0.0    0.0
 MONTH TO DATE     0.0                         0.2    -0.2    0.0
 SINCE MAR 1       0.7                        37.6   -36.9   34.3
 SINCE JUL 1      49.9                       139.8   -89.9   47.1
 SNOW DEPTH (IN)     0                                          0

DEGREE DAYS
 HEATING
  YESTERDAY         22                          23      -1     20
  MONTH TO DATE     86                          93      -7     91
  SINCE MAR 1     1551                        1931    -380   1787
  SINCE JUL 1     6889                        8060   -1171   7219

 COOLING
  YESTERDAY          0                           0       0      0
  MONTH TO DATE      0                           0       0      0
  SINCE MAR 1        0                           0       0      0
  SINCE JAN 1        0                           0       0      0
...................................................................

WIND (MPH)
 HIGHEST WIND SPEED    18     HIGHEST WIND DIRECTION     90
 HIGHEST GUST SPEED    26     HIGHEST GUST DIRECTION    120
 AVERAGE WIND SPEED   7.0

SKY COVER
  POSSIBLE SUNSHINE    MM          AVERAGE SKY COVER     MM

WEATHER CONDITIONS
 THE FOLLOWING WEATHER WAS RECORDED YESTERDAY.
  FOG
RAIN


RELATIVE HUMIDITY
 HIGHEST RH     MM PERCENT       MM
 LOWEST  RH     MM PERCENT       MM
 AVERAGE RH     MM PERCENT       MM
...................................................................

THE YAKUTAT CLIMATE NORMALS FOR TODAY
                           NORMAL    RECORD   YEAR
 MAXIMUM TEMPERATURE (F)     50        63     2004
 MINIMUM TEMPERATURE (F)     34         9     1945

SUNRISE AND SUNSET
 MAY 5 2016..........SUNRISE  5:07 AM      SUNSET  9:26 PM
 MAY 6 2016..........SUNRISE  5:05 AM      SUNSET  9:29 PM

-  INDICATES NEGATIVE NUMBERS.
R  INDICATES RECORD HAS BEEN SET OR TIED.
MM INDICATES DATA IS MISSING.
T  INDICATES TRACE OF PRECIPITATION.

&&
-------------------------------------------------------------------

AMOUNT OF DAYLIGHT TODAY  (HOUR:MIN)........16 HOURS 19 MINUTES
GAIN/LOSS SINCE YESTERDAY (HOUR:MIN:SEC)....+0:04:57

$$
*** MAY 16
