000
CDAK47 PAYA 300911
CLIYAK

CLIMATE REPORT
NATIONAL WEATHER SERVICE YAKUTAT, AK
111 AM AKDT MON MAR 30 2015

...................................
...THE YAKUTAT AP CLIMATE SUMMARY FOR MARCH 29 2015...

CLIMATE NORMAL PERIOD  1981 TO  2010
CLIMATE RECORD PERIOD  1948 TO  2015

WEATHER ITEM   OBSERVED TIME    RECORD YEAR NORMAL DEPARTURE LAST
               VALUE    (LST)   VALUE       VALUE  FROM      YEAR
                                                   NORMAL
...................................................................
TEMPERATURE
YESTERDAY
 MAXIMUM            46  0346 PM    59  1994     41       5     47
 MINIMUM            35  0831 AM     5  1967     26       9     14
 AVERAGE            41                          34       7     31

PRECIPITATION
(INCHES)
 YESTERDAY        0.90           2.67  1984   0.31    0.59   0.00
 MONTH TO DATE   10.03                       10.40   -0.37   4.05
 SINCE MAR 1     10.03                       10.40   -0.37   4.05
 SINCE JAN 1     34.40                       34.92   -0.52  31.11

SNOWFALL
(INCHES)
 YESTERDAY         0.0           11.6  1977    0.8    -0.8    0.0
 MONTH TO DATE    27.5                        25.7     1.8    7.8
 SINCE MAR 1      27.5                        25.7     1.8    7.8
 SINCE JUL 1      40.3                       127.9   -87.6  103.2
 SNOW DEPTH (IN)     T                                          3

DEGREE DAYS
 HEATING
  YESTERDAY         24                          31      -7     34
  MONTH TO DATE    872                         960     -88   1010
  SINCE MAR 1      872                         960     -88   1010
  SINCE JUL 1     6304                        7089    -785   6823

 COOLING
  YESTERDAY          0                           0       0      0
  MONTH TO DATE      0                           0       0      0
  SINCE MAR 1        0                           0       0      0
  SINCE JAN 1        0                           0       0      0
...................................................................

WIND (MPH)
 HIGHEST WIND SPEED    18     HIGHEST WIND DIRECTION    130
 HIGHEST GUST SPEED    26     HIGHEST GUST DIRECTION    140
 AVERAGE WIND SPEED   7.7

SKY COVER
  POSSIBLE SUNSHINE    MM          AVERAGE SKY COVER     MM

WEATHER CONDITIONS
 THE FOLLOWING WEATHER WAS RECORDED YESTERDAY.
  FOG
RAIN


RELATIVE HUMIDITY
 HIGHEST RH     MM PERCENT       MM
 LOWEST  RH     MM PERCENT       MM
 AVERAGE RH     MM PERCENT       MM
...................................................................

THE YAKUTAT CLIMATE NORMALS FOR TODAY
                           NORMAL    RECORD   YEAR
 MAXIMUM TEMPERATURE (F)     42        55     1957
 MINIMUM TEMPERATURE (F)     27        -1     1967

SUNRISE AND SUNSET
 MAR 30 2015..........SUNRISE  6:51 AM      SUNSET  7:58 PM
 MAR 31 2015..........SUNRISE  6:48 AM      SUNSET  8:00 PM

-  INDICATES NEGATIVE NUMBERS.
R  INDICATES RECORD HAS BEEN SET OR TIED.
MM INDICATES DATA IS MISSING.
T  INDICATES TRACE OF PRECIPITATION.

&&
-------------------------------------------------------------------

AMOUNT OF DAYLIGHT TODAY  (HOUR:MIN)........13 HOURS 7 MINUTES
GAIN/LOSS SINCE YESTERDAY (HOUR:MIN:SEC)....+0:05:21

$$
*** MAR 15
