000
CDAK47 PAYA 230910
CLIYAK

CLIMATE REPORT
NATIONAL WEATHER SERVICE YAKUTAT, AK
110 AM AKDT SAT MAY 23 2015

...................................
...THE YAKUTAT AP CLIMATE SUMMARY FOR MAY 22 2015...

CLIMATE NORMAL PERIOD  1981 TO  2010
CLIMATE RECORD PERIOD  1948 TO  2015

WEATHER ITEM   OBSERVED TIME    RECORD YEAR NORMAL DEPARTURE LAST
               VALUE    (LST)   VALUE       VALUE  FROM      YEAR
                                                   NORMAL
...................................................................
TEMPERATURE
YESTERDAY
 MAXIMUM            55  0446 PM    70  1960     53       2     54
 MINIMUM            45  0431 AM    28  1992     39       6     36
 AVERAGE            50                          46       4     45

PRECIPITATION
(INCHES)
 YESTERDAY        0.00           2.13  1959   0.27   -0.27   0.00
 MONTH TO DATE    1.51                        5.90   -4.39   2.34
 SINCE MAR 1     26.10                       26.13   -0.03  10.26
 SINCE JAN 1     50.47                       50.65   -0.18  37.32

SNOWFALL
(INCHES)
 YESTERDAY         0.0              T  1975    0.0     0.0    0.0
 MONTH TO DATE     0.0                         0.4    -0.4    0.0
 SINCE MAR 1      34.3                        37.8    -3.5   13.6
 SINCE JUL 1      47.1                       140.0   -92.9  109.0
 SNOW DEPTH (IN)     0                                          0

DEGREE DAYS
 HEATING
  YESTERDAY         15                          19      -4     20
  MONTH TO DATE    399                         468     -69    380
  SINCE MAR 1     2095                        2306    -211   2286
  SINCE JUL 1     7527                        8435    -908   8099

 COOLING
  YESTERDAY          0                           0       0      0
  MONTH TO DATE      0                           0       0      0
  SINCE MAR 1        0                           0       0      0
  SINCE JAN 1        0                           0       0      0
...................................................................

WIND (MPH)
 HIGHEST WIND SPEED    12     HIGHEST WIND DIRECTION    250
 HIGHEST GUST SPEED    17     HIGHEST GUST DIRECTION    240
 AVERAGE WIND SPEED   6.2

SKY COVER
  POSSIBLE SUNSHINE    MM          AVERAGE SKY COVER     MM

WEATHER CONDITIONS
 THE FOLLOWING WEATHER WAS RECORDED YESTERDAY.
  FOG


RELATIVE HUMIDITY
 HIGHEST RH     MM PERCENT       MM
 LOWEST  RH     MM PERCENT       MM
 AVERAGE RH     MM PERCENT       MM
...................................................................

THE YAKUTAT CLIMATE NORMALS FOR TODAY
                           NORMAL    RECORD   YEAR
 MAXIMUM TEMPERATURE (F)     54        74     1969
 MINIMUM TEMPERATURE (F)     39        27     1955

SUNRISE AND SUNSET
 MAY 23 2015..........SUNRISE  4:28 AM      SUNSET 10:05 PM
 MAY 24 2015..........SUNRISE  4:26 AM      SUNSET 10:07 PM

-  INDICATES NEGATIVE NUMBERS.
R  INDICATES RECORD HAS BEEN SET OR TIED.
MM INDICATES DATA IS MISSING.
T  INDICATES TRACE OF PRECIPITATION.

&&
-------------------------------------------------------------------

AMOUNT OF DAYLIGHT TODAY  (HOUR:MIN)........17 HOURS 37 MINUTES
GAIN/LOSS SINCE YESTERDAY (HOUR:MIN:SEC)....+0:04:01

$$
*** MAY 15
