526
CDUS46 KPDT 270831
CLIYKM

CLIMATE REPORT
NATIONAL WEATHER SERVICE PENDLETON OR
129 AM PDT THU JUL 27 2017


...................................

...THE YAKIMA WA CLIMATE SUMMARY FOR JULY 26 2017...

CLIMATE NORMAL PERIOD 1981 TO 2010
CLIMATE RECORD PERIOD 1946 TO 2017


WEATHER ITEM   OBSERVED TIME   RECORD YEAR NORMAL DEPARTURE LAST
                VALUE   (LST)  VALUE       VALUE  FROM      YEAR
                                                  NORMAL
..................................................................
TEMPERATURE (F)
 YESTERDAY
  MAXIMUM         98    418 PM 103    1998  90      8       99
  MINIMUM         62    424 AM  42    1953  55      7       75
  AVERAGE         80                        72      8       87

PRECIPITATION (IN)
  YESTERDAY        0.00          0.21 1955   0.00   0.00     0.00
  MONTH TO DATE    0.00                      0.19  -0.19     0.22
  SINCE OCT 1     11.49                      7.60   3.89    10.54
  SINCE JAN 1      7.57                      4.48   3.09     5.89

SNOWFALL (IN)
  YESTERDAY        0.0           0.0  2002   0.0    0.0      0.0
                                      2001
                                      2000
  MONTH TO DATE    0.0                       0.0    0.0      0.0
  SINCE JAN 1     29.1                       8.6   20.5     12.5
  SINCE JUL 1      0.0                       0.0    0.0      0.0
  SNOW DEPTH       0

DEGREE DAYS
 HEATING
  YESTERDAY        0                         0      0        0
  MONTH TO DATE    0                        19    -19        0
  SINCE JUN 1     51                       117    -66       68
  SINCE JUL 1      0                        19    -19        0

 COOLING
  YESTERDAY       15                         7      8       22
  MONTH TO DATE  308                       155    153      185
  SINCE JUN 1    454                       220    234      370
  SINCE JAN 1    511                       240    271      409
..................................................................


WIND (MPH)
  HIGHEST WIND SPEED    15   HIGHEST WIND DIRECTION    NW (320)
  HIGHEST GUST SPEED    20   HIGHEST GUST DIRECTION    NW (330)
  AVERAGE WIND SPEED     6.7


SKY COVER
  POSSIBLE SUNSHINE  MM
  AVERAGE SKY COVER 0.0


WEATHER CONDITIONS
 THE FOLLOWING WEATHER WAS RECORDED YESTERDAY.
  NO SIGNIFICANT WEATHER WAS OBSERVED.


RELATIVE HUMIDITY (PERCENT)
 HIGHEST    63           400 AM
 LOWEST     15           400 PM
 AVERAGE    39

..........................................................


THE YAKIMA WA CLIMATE NORMALS FOR TODAY
                         NORMAL    RECORD    YEAR
 MAXIMUM TEMPERATURE (F)   90       106      1998
 MINIMUM TEMPERATURE (F)   55        45      1986
                                             1955


SUNRISE AND SUNSET
JULY 27 2017..........SUNRISE   537 AM PDT   SUNSET   839 PM PDT
JULY 28 2017..........SUNRISE   539 AM PDT   SUNSET   838 PM PDT


-  INDICATES NEGATIVE NUMBERS.
R  INDICATES RECORD WAS SET OR TIED.
MM INDICATES DATA IS MISSING.
T  INDICATES TRACE AMOUNT.




$$
