000
CDUS46 KPDT 291649 CCC
CLIYKM

CLIMATE REPORT...CORRECTED
NATIONAL WEATHER SERVICE PENDLETON OR
135 AM PDT THU SEP 29 2016


...................................

...THE YAKIMA WA CLIMATE SUMMARY FOR SEPTEMBER 28 2016...

CLIMATE NORMAL PERIOD 1981 TO 2010
CLIMATE RECORD PERIOD 1946 TO 2016


WEATHER ITEM   OBSERVED TIME   RECORD YEAR NORMAL DEPARTURE LAST
                VALUE   (LST)  VALUE       VALUE  FROM      YEAR
                                                  NORMAL
..................................................................
TEMPERATURE (F)
 YESTERDAY
  MAXIMUM         84    325 PM  91    1963  73     11       76
  MINIMUM         47    626 AM  28    1999  40      7       36
  AVERAGE         66                        56     10       56

PRECIPITATION (IN)
  YESTERDAY        0.00          0.28 1947   0.01  -0.01     0.00
  MONTH TO DATE    0.16                      0.33  -0.17     0.01
  SINCE OCT 1     10.70                      8.22   2.48     6.41
  SINCE JAN 1      6.05                      5.10   0.95     4.31

SNOWFALL (IN)
  YESTERDAY        0.0           0.0  2002   0.0    0.0      0.0
                                      2001
                                      1999
  MONTH TO DATE    0.0                       0.0    0.0      0.0
  SINCE JAN 1     12.5                       8.6    3.9      1.6
  SINCE JUL 1      0.0                       0.0    0.0      0.0
  SNOW DEPTH       0

DEGREE DAYS
 HEATING
  YESTERDAY        0                         9     -9        9
  MONTH TO DATE   82                       141    -59      118
  SINCE SEP 1     82                       141    -59      118
  SINCE JUL 1     85                       189   -104      119

 COOLING
  YESTERDAY        1                         0      1        0
  MONTH TO DATE   20                        31    -11       37
  SINCE SEP 1     20                        31    -11       37
  SINCE JAN 1    773                       471    302     1094
..................................................................


WIND (MPH)
  HIGHEST WIND SPEED    12   HIGHEST WIND DIRECTION     W (260)
  HIGHEST GUST SPEED    13   HIGHEST GUST DIRECTION     W (260)
  AVERAGE WIND SPEED     5.5


SKY COVER
  POSSIBLE SUNSHINE  MM
  AVERAGE SKY COVER 0.0


WEATHER CONDITIONS
 THE FOLLOWING WEATHER WAS RECORDED YESTERDAY.
  NO SIGNIFICANT WEATHER WAS OBSERVED.


RELATIVE HUMIDITY (PERCENT)
 HIGHEST    80           400 AM
 LOWEST     20           300 PM
 AVERAGE    50

..........................................................


THE YAKIMA WA CLIMATE NORMALS FOR TODAY
                         NORMAL    RECORD    YEAR
 MAXIMUM TEMPERATURE (F)   73        86      1996
                                             1976
                                             1963
 MINIMUM TEMPERATURE (F)   39        24      1985


SUNRISE AND SUNSET
SEPTEMBER 29 2016.....SUNRISE   659 AM PDT   SUNSET   645 PM PDT
SEPTEMBER 30 2016.....SUNRISE   700 AM PDT   SUNSET   643 PM PDT


-  INDICATES NEGATIVE NUMBERS.
R  INDICATES RECORD WAS SET OR TIED.
MM INDICATES DATA IS MISSING.
T  INDICATES TRACE AMOUNT.

$$
