000
CDUS46 KPDT 240859
CLIYKM

CLIMATE REPORT
NATIONAL WEATHER SERVICE PENDLETON OR
136 AM PDT FRI OCT 24 2014


...................................

...THE YAKIMA WA CLIMATE SUMMARY FOR OCTOBER 23 2014...

CLIMATE NORMAL PERIOD 1981 TO 2010
CLIMATE RECORD PERIOD 1946 TO 2014


WEATHER ITEM   OBSERVED TIME   RECORD YEAR NORMAL DEPARTURE LAST
                VALUE   (LST)  VALUE       VALUE  FROM      YEAR
                                                  NORMAL
..................................................................
TEMPERATURE (F)
 YESTERDAY
  MAXIMUM         64    106 PM  73    2013  60      4       73
  MINIMUM         41   1107 PM  24    2002  32      9       34
                                      1984
  AVERAGE         53                        46      7       54

PRECIPITATION (IN)
  YESTERDAY        0.01          0.46 1989   0.02  -0.01     0.00
  MONTH TO DATE    0.14                      0.35  -0.21     0.01
  SINCE OCT 1      0.14                      0.35  -0.21     0.01
  SINCE JAN 1      4.56                      5.48  -0.92     4.67

SNOWFALL (IN)
  YESTERDAY        0.0           0.0  2002   0.0    0.0      0.0
                                      2001
                                      1999
  MONTH TO DATE    0.0                       0.0    0.0      0.0
  SINCE JAN 1     19.9                       8.6   11.3      1.1
  SINCE JUL 1      0.0                       0.0    0.0      0.0
  SNOW DEPTH       0

DEGREE DAYS
 HEATING
  YESTERDAY       12                        19     -7       11
  MONTH TO DATE  171                       332   -161      338
  SINCE SEP 1    241                       492   -251      463
  SINCE JUL 1    247                       540   -293      463

 COOLING
  YESTERDAY        0                         0      0        0
  MONTH TO DATE    8                         0      8        0
  SINCE SEP 1     44                        32     12      135
  SINCE JAN 1    871                       472    399      970
..................................................................


WIND (MPH)
  HIGHEST WIND SPEED    21   HIGHEST WIND DIRECTION     S (200)
  HIGHEST GUST SPEED    27   HIGHEST GUST DIRECTION     S (200)
  AVERAGE WIND SPEED     4.5


SKY COVER
  POSSIBLE SUNSHINE  MM
  AVERAGE SKY COVER 0.4


WEATHER CONDITIONS
 THE FOLLOWING WEATHER WAS RECORDED YESTERDAY.
  LIGHT RAIN


RELATIVE HUMIDITY (PERCENT)
 HIGHEST    93           700 AM
 LOWEST     51           300 PM
 AVERAGE    72

..........................................................


THE YAKIMA WA CLIMATE NORMALS FOR TODAY
                         NORMAL    RECORD    YEAR
 MAXIMUM TEMPERATURE (F)   60        75      1959
 MINIMUM TEMPERATURE (F)   32        20      2002


SUNRISE AND SUNSET
OCTOBER 24 2014.......SUNRISE   732 AM PDT   SUNSET   559 PM PDT
OCTOBER 25 2014.......SUNRISE   734 AM PDT   SUNSET   558 PM PDT


-  INDICATES NEGATIVE NUMBERS.
R  INDICATES RECORD WAS SET OR TIED.
MM INDICATES DATA IS MISSING.
T  INDICATES TRACE AMOUNT.




$$
