000
CDUS46 KPDT 290927 RRA
CLIYKM

CLIMATE REPORT
NATIONAL WEATHER SERVICE PENDLETON OR
227 AM PDT MON MAY 29 2017


...................................

...THE YAKIMA WA CLIMATE SUMMARY FOR MAY 28 2017...

CLIMATE NORMAL PERIOD 1981 TO 2010
CLIMATE RECORD PERIOD 1946 TO 2017


WEATHER ITEM   OBSERVED TIME   RECORD YEAR NORMAL DEPARTURE LAST
                VALUE   (LST)  VALUE       VALUE  FROM      YEAR
                                                  NORMAL
..................................................................
TEMPERATURE (F)
 YESTERDAY
  MAXIMUM         93    245 PM  97    1983  76     17       75
  MINIMUM         51    440 AM  29    1976  45      6       48
  AVERAGE         72                        60     12       62

PRECIPITATION (IN)
  YESTERDAY        0.00          0.39 1948   0.03  -0.03     0.00
  MONTH TO DATE    0.46                      0.52  -0.06     0.64
  SINCE OCT 1     11.21                      6.73   4.48    10.10
  SINCE JAN 1      7.29                      3.61   3.68     5.45

SNOWFALL (IN)
  YESTERDAY        0.0           0.0  2002   0.0    0.0      0.0
                                      2001
                                      2000
  MONTH TO DATE    0.0                       0.0    0.0      0.0
  SINCE JAN 1     29.1                       8.6   20.5     12.5
  SINCE JUL 1     36.5                      21.6   14.9     31.4
  SNOW DEPTH       0

DEGREE DAYS
 HEATING
  YESTERDAY        0                         6     -6        3
  MONTH TO DATE  165                       245    -80       75
  SINCE MAR 1   1191                      1400   -209      830
  SINCE JUL 1   5620                      5927   -307     4580

 COOLING
  YESTERDAY        7                         1      6        0
  MONTH TO DATE   34                        17     17       33
  SINCE MAR 1     34                        18     16       39
  SINCE JAN 1     34                        18     16       39
..................................................................


WIND (MPH)
  HIGHEST WIND SPEED    10   HIGHEST WIND DIRECTION     W (270)
  HIGHEST GUST SPEED    13   HIGHEST GUST DIRECTION     W (260)
  AVERAGE WIND SPEED     5.2


SKY COVER
  POSSIBLE SUNSHINE  MM
  AVERAGE SKY COVER 0.0


WEATHER CONDITIONS
 THE FOLLOWING WEATHER WAS RECORDED YESTERDAY.
  NO SIGNIFICANT WEATHER WAS OBSERVED.


RELATIVE HUMIDITY (PERCENT)
 HIGHEST    72           200 AM
 LOWEST     16           400 PM
 AVERAGE    44

..........................................................


THE YAKIMA WA CLIMATE NORMALS FOR TODAY
                         NORMAL    RECORD    YEAR
 MAXIMUM TEMPERATURE (F)   76       101      1983
 MINIMUM TEMPERATURE (F)   45        29      2001


SUNRISE AND SUNSET
MAY 29 2017...........SUNRISE   514 AM PDT   SUNSET   845 PM PDT
MAY 30 2017...........SUNRISE   514 AM PDT   SUNSET   846 PM PDT


-  INDICATES NEGATIVE NUMBERS.
R  INDICATES RECORD WAS SET OR TIED.
MM INDICATES DATA IS MISSING.
T  INDICATES TRACE AMOUNT.

$$
