000
CDUS46 KPDT 200909
CLIYKM

CLIMATE REPORT
NATIONAL WEATHER SERVICE PENDLETON OR
108 AM PST SAT DEC 20 2014


...................................

...THE YAKIMA WA CLIMATE SUMMARY FOR DECEMBER 19 2014...

CLIMATE NORMAL PERIOD 1981 TO 2010
CLIMATE RECORD PERIOD 1946 TO 2014


WEATHER ITEM   OBSERVED TIME   RECORD YEAR NORMAL DEPARTURE LAST
                VALUE   (LST)  VALUE       VALUE  FROM      YEAR
                                                  NORMAL
..................................................................
TEMPERATURE (F)
 YESTERDAY
  MAXIMUM         45    150 PM  51    2004  35     10       40
  MINIMUM         34    944 PM  -9    1984  21     13       15
  AVERAGE         40                        28     12       28

PRECIPITATION (IN)
  YESTERDAY        0.03          0.46 1953   0.05  -0.02     0.00
  MONTH TO DATE    0.63                      0.93  -0.30     0.32
  SINCE OCT 1      1.81                      2.52  -0.71     0.83
  SINCE JAN 1      6.23                      7.65  -1.42     5.49

SNOWFALL (IN)
  YESTERDAY       MM             4.6  1964   0.4   MM        0.0
  MONTH TO DATE    0.0                       5.7   -5.7       T
  SINCE JAN 1     19.9                      17.9    2.0      1.1
  SINCE JUL 1      T                         9.3   -9.3       T
  SNOW DEPTH       0

DEGREE DAYS
 HEATING
  YESTERDAY       25                        37    -12       37
  MONTH TO DATE  542                       680   -138      740
  SINCE DEC 1    542                       680   -138      740
  SINCE JUL 1   1726                      2213   -487     2156

 COOLING
  YESTERDAY        0                         0      0        0
  MONTH TO DATE    0                         0      0        0
  SINCE DEC 1      0                         0      0        0
  SINCE JAN 1    871                       472    399      970
..................................................................


WIND (MPH)
  HIGHEST WIND SPEED     9   HIGHEST WIND DIRECTION     W (260)
  HIGHEST GUST SPEED    12   HIGHEST GUST DIRECTION     W (250)
  AVERAGE WIND SPEED     2.8


SKY COVER
  POSSIBLE SUNSHINE  MM
  AVERAGE SKY COVER 0.7


WEATHER CONDITIONS
THE FOLLOWING WEATHER WAS RECORDED YESTERDAY.
  LIGHT RAIN
  FOG
  HAZE


RELATIVE HUMIDITY (PERCENT)
 HIGHEST    92           200 AM
 LOWEST     76           100 PM
 AVERAGE    84

..........................................................


THE YAKIMA WA CLIMATE NORMALS FOR TODAY
                         NORMAL    RECORD    YEAR
 MAXIMUM TEMPERATURE (F)   34        61      1994
 MINIMUM TEMPERATURE (F)   21        -7      1984


SUNRISE AND SUNSET
DECEMBER 20 2014......SUNRISE   743 AM PST   SUNSET   417 PM PST
DECEMBER 21 2014......SUNRISE   743 AM PST   SUNSET   417 PM PST


-  INDICATES NEGATIVE NUMBERS.
R  INDICATES RECORD WAS SET OR TIED.
MM INDICATES DATA IS MISSING.
T  INDICATES TRACE AMOUNT.




$$
