000
CDUS46 KPDT 300852
CLIYKM

CLIMATE REPORT
NATIONAL WEATHER SERVICE PENDLETON OR
141 AM PDT SAT AUG 30 2014


...................................

...THE YAKIMA WA CLIMATE SUMMARY FOR AUGUST 29 2014...

CLIMATE NORMAL PERIOD 1981 TO 2010
CLIMATE RECORD PERIOD 1946 TO 2014


WEATHER ITEM   OBSERVED TIME   RECORD YEAR NORMAL DEPARTURE LAST
                VALUE   (LST)  VALUE       VALUE  FROM      YEAR
                                                  NORMAL
..................................................................
TEMPERATURE (F)
 YESTERDAY
  MAXIMUM         85    148 PM  98    1998  84      1       86
                                      1972
  MINIMUM         52    543 AM  36    1980  49      3       61
  AVERAGE         69                        66      3       74

PRECIPITATION (IN)
  YESTERDAY        0.00          0.27 1983   0.01  -0.01     0.04
  MONTH TO DATE    0.90                      0.24   0.66     0.19
  SINCE OCT 1      4.79                      7.87  -3.08     8.16
  SINCE JAN 1      3.96                      4.75  -0.79     4.36

SNOWFALL (IN)
  YESTERDAY        0.0           0.0  2002   0.0    0.0      0.0
                                      2001
                                      1999
  MONTH TO DATE    0.0                       0.0    0.0      0.0
  SINCE JAN 1     19.9                       8.6   11.3      1.1
  SINCE JUL 1      0.0                       0.0    0.0      0.0
  SNOW DEPTH       0

DEGREE DAYS
 HEATING
  YESTERDAY        0                         2     -2        0
  MONTH TO DATE    0                        24    -24        0
  SINCE JUN 1     35                       143   -108       39
  SINCE JUL 1      5                        45    -40        0

 COOLING
  YESTERDAY        4                         3      1        9
  MONTH TO DATE  293                       153    140      262
  SINCE JUN 1    803                       413    390      773
  SINCE JAN 1    826                       433    393      825
..................................................................


WIND (MPH)
  HIGHEST WIND SPEED    21   HIGHEST WIND DIRECTION    NW (320)
  HIGHEST GUST SPEED    26   HIGHEST GUST DIRECTION    NW (320)
  AVERAGE WIND SPEED     6.2


SKY COVER
  POSSIBLE SUNSHINE  MM
  AVERAGE SKY COVER 0.1


WEATHER CONDITIONS
 THE FOLLOWING WEATHER WAS RECORDED YESTERDAY.
  NO SIGNIFICANT WEATHER WAS OBSERVED.


RELATIVE HUMIDITY (PERCENT)
 HIGHEST    83           400 AM
 LOWEST     29           200 PM
 AVERAGE    56

..........................................................


THE YAKIMA WA CLIMATE NORMALS FOR TODAY
                         NORMAL    RECORD    YEAR
 MAXIMUM TEMPERATURE (F)   83        98      1967
 MINIMUM TEMPERATURE (F)   49        38      1964


SUNRISE AND SUNSET
AUGUST 30 2014........SUNRISE   620 AM PDT   SUNSET   745 PM PDT
AUGUST 31 2014........SUNRISE   621 AM PDT   SUNSET   743 PM PDT


-  INDICATES NEGATIVE NUMBERS.
R  INDICATES RECORD WAS SET OR TIED.
MM INDICATES DATA IS MISSING.
T  INDICATES TRACE AMOUNT.




$$
