000
CDUS46 KPDT 200836
CLIYKM

CLIMATE REPORT
NATIONAL WEATHER SERVICE PENDLETON OR
135 AM PDT SAT SEP 20 2014


...................................

...THE YAKIMA WA CLIMATE SUMMARY FOR SEPTEMBER 19 2014...

CLIMATE NORMAL PERIOD 1981 TO 2010
CLIMATE RECORD PERIOD 1946 TO 2014


WEATHER ITEM   OBSERVED TIME   RECORD YEAR NORMAL DEPARTURE LAST
                VALUE   (LST)  VALUE       VALUE  FROM      YEAR
                                                  NORMAL
..................................................................
TEMPERATURE (F)
 YESTERDAY
  MAXIMUM         84    335 PM  90    2012  77      7       77
                                      1967
                                      1952
  MINIMUM         50    243 AM  31    1971  43      7       38
  AVERAGE         67                        60      7       58

PRECIPITATION (IN)
  YESTERDAY        0.00          0.40 1982   0.01  -0.01     0.00
  MONTH TO DATE    T                         0.22  -0.22     0.11
  SINCE OCT 1      4.79                      8.11  -3.32     8.27
  SINCE JAN 1      3.96                      4.99  -1.03     4.47

SNOWFALL (IN)
  YESTERDAY        0.0           0.0  2002   0.0    0.0      0.0
                                      2001
                                      1999
  MONTH TO DATE    0.0                       0.0    0.0      0.0
  SINCE JAN 1     19.9                       8.6   11.3      1.1
  SINCE JUL 1      0.0                       0.0    0.0      0.0
  SNOW DEPTH       0

DEGREE DAYS
 HEATING
  YESTERDAY        0                         6     -6        7
  MONTH TO DATE   40                        72    -32       21
  SINCE SEP 1     40                        72    -32       21
  SINCE JUL 1     46                       120    -74       21

 COOLING
  YESTERDAY        2                         1      1        0
  MONTH TO DATE   21                        28     -7      135
  SINCE SEP 1     21                        28     -7      135
  SINCE JAN 1    848                       468    380      970
..................................................................


WIND (MPH)
  HIGHEST WIND SPEED    12   HIGHEST WIND DIRECTION     E (90)
  HIGHEST GUST SPEED    18   HIGHEST GUST DIRECTION    SE (150)
  AVERAGE WIND SPEED     5.1


SKY COVER
  POSSIBLE SUNSHINE  MM
  AVERAGE SKY COVER 0.0


WEATHER CONDITIONS
 THE FOLLOWING WEATHER WAS RECORDED YESTERDAY.
  NO SIGNIFICANT WEATHER WAS OBSERVED.


RELATIVE HUMIDITY (PERCENT)
 HIGHEST    83           100 AM
 LOWEST     28           200 PM
 AVERAGE    56

..........................................................


THE YAKIMA WA CLIMATE NORMALS FOR TODAY
                         NORMAL    RECORD    YEAR
 MAXIMUM TEMPERATURE (F)   77        90      2012
                                             1994
                                             1952
 MINIMUM TEMPERATURE (F)   42        30      1993


SUNRISE AND SUNSET
SEPTEMBER 20 2014.....SUNRISE   647 AM PDT   SUNSET   704 PM PDT
SEPTEMBER 21 2014.....SUNRISE   648 AM PDT   SUNSET   702 PM PDT


-  INDICATES NEGATIVE NUMBERS.
R  INDICATES RECORD WAS SET OR TIED.
MM INDICATES DATA IS MISSING.
T  INDICATES TRACE AMOUNT.




$$
