000
CDUS41 KCLE 280530
CLIYNG


CLIMATE REPORT
NATIONAL WEATHER SERVICE CLEVELAND OH
129 AM EDT SAT MAR 28 2015


...................................

...THE YOUNGSTOWN OH CLIMATE SUMMARY FOR MARCH 27 2015...

CLIMATE NORMAL PERIOD 1981 TO 2010
CLIMATE RECORD PERIOD 1897 TO 2015


WEATHER ITEM   OBSERVED TIME   RECORD YEAR NORMAL DEPARTURE LAST
                VALUE   (LST)  VALUE       VALUE  FROM      YEAR
                                                  NORMAL
..................................................................
TEMPERATURE (F)
 YESTERDAY
  MAXIMUM         34    243 AM  79    1989  50    -16       50
  MINIMUM         17   1159 PM  12    1996  31    -14       15
                                      1982
  AVERAGE         26                        41    -15       33

PRECIPITATION (IN)
  YESTERDAY        0.02                      0.10  -0.08     0.16
  MONTH TO DATE    2.23                      2.51  -0.28     1.25
  SINCE MAR 1      2.23                      2.51  -0.28     1.25
  SINCE JAN 1      7.46                      7.21   0.25     5.94

SNOWFALL (IN)
  YESTERDAY        0.4                       0.3    0.1       T
  MONTH TO DATE    8.4                      10.0   -1.6      6.1
  SINCE MAR 1      8.4                      10.0   -1.6      6.1
  SINCE JUL 1     77.9                      58.8   19.1     87.1
  SNOW DEPTH       0

DEGREE DAYS
 HEATING
  YESTERDAY       39                        24     15       32
  MONTH TO DATE  856                       785     71      982
  SINCE MAR 1    856                       785     71      982
  SINCE JUL 1   5974                      5433    541     6050

 COOLING
  YESTERDAY        0                         0      0        0
  MONTH TO DATE    0                         0      0        0
  SINCE MAR 1      0                         0      0        0
  SINCE JAN 1      0                         0      0        0
..................................................................


WIND (MPH)
  HIGHEST WIND SPEED    22   HIGHEST WIND DIRECTION     N (340)
  HIGHEST GUST SPEED    27   HIGHEST GUST DIRECTION    NW (320)
  AVERAGE WIND SPEED    12.0


SKY COVER
  POSSIBLE SUNSHINE  MM
  AVERAGE SKY COVER 1.0


WEATHER CONDITIONS
 THE FOLLOWING WEATHER WAS RECORDED YESTERDAY.
  LIGHT SNOW
  FOG


RELATIVE HUMIDITY (PERCENT)
 HIGHEST   100          1200 AM
 LOWEST     68           200 PM
 AVERAGE    84

..........................................................


THE YOUNGSTOWN OH CLIMATE NORMALS FOR TODAY
                         NORMAL    RECORD    YEAR
 MAXIMUM TEMPERATURE (F)   51        78      1998
                                             1989
 MINIMUM TEMPERATURE (F)   32        10      1982


SUNRISE AND SUNSET
MARCH 28 2015.........SUNRISE   713 AM EDT   SUNSET   743 PM EDT
MARCH 29 2015.........SUNRISE   711 AM EDT   SUNSET   744 PM EDT


-  INDICATES NEGATIVE NUMBERS.
R  INDICATES RECORD WAS SET OR TIED.
MM INDICATES DATA IS MISSING.
T  INDICATES TRACE AMOUNT.




$$
