000
CDUS41 KCLE 302121
CLIYNG


CLIMATE REPORT
NATIONAL WEATHER SERVICE CLEVELAND OH
520 PM EDT SUN APR 30 2017


...................................

...THE YOUNGSTOWN OH CLIMATE SUMMARY FOR APRIL 30 2017...
VALID TODAY AS OF 0500 PM LOCAL TIME.

CLIMATE NORMAL PERIOD 1981 TO 2010
CLIMATE RECORD PERIOD 1897 TO 2017


WEATHER ITEM   OBSERVED TIME   RECORD YEAR NORMAL DEPARTURE LAST
                VALUE   (LST)  VALUE       VALUE  FROM      YEAR
                                                  NORMAL
..................................................................
TEMPERATURE (F)
 TODAY
  MAXIMUM         84    226 PM  85    1970  65     19       62
                                      1942
  MINIMUM         49   1252 AM  27    1978  42      7       34
                                      1958
                                      1931
  AVERAGE         67                        53     14       48

PRECIPITATION (IN)
  TODAY            0.13                      0.11   0.02     0.33
  MONTH TO DATE    3.84                      3.36   0.48     3.81
  SINCE MAR 1      8.88                      6.30   2.58     7.62
  SINCE JAN 1     16.76                     11.00   5.76    12.81

SNOWFALL (IN)
  TODAY            0.0                       0.0    0.0      0.0
  MONTH TO DATE    2.0                       3.0   -1.0      8.8
  SINCE MAR 1     22.1                      13.9    8.2     13.1
  SINCE JUL 1     69.5                      62.7    6.8     44.7
  SNOW DEPTH       0

DEGREE DAYS
 HEATING
  TODAY            0                        12    -12       17
  MONTH TO DATE  311                       502   -191      545
  SINCE MAR 1   1181                      1379   -198     1159
  SINCE JUL 1   4965                      6027  -1062     5007

 COOLING
  TODAY            2                         0      2        0
  MONTH TO DATE   16                         8      8        0
  SINCE MAR 1     16                         9      7        0
  SINCE JAN 1     16                         9      7        0
..................................................................


WIND (MPH)
  HIGHEST WIND SPEED    26   HIGHEST WIND DIRECTION    SW (240)
  HIGHEST GUST SPEED    35   HIGHEST GUST DIRECTION    SW (240)


SKY COVER
  POSSIBLE SUNSHINE  MM
  AVERAGE SKY COVER 0.7


WEATHER CONDITIONS
 THE FOLLOWING WEATHER WAS RECORDED TODAY.
  THUNDERSTORM
  RAIN
  LIGHT RAIN
  FOG


RELATIVE HUMIDITY (PERCENT)
 HIGHEST    96           200 AM
 LOWEST     51           100 PM
 AVERAGE    74

..........................................................


THE YOUNGSTOWN OH CLIMATE NORMALS FOR TOMORROW
                         NORMAL    RECORD    YEAR
 MAXIMUM TEMPERATURE (F)   65        85      1970
 MINIMUM TEMPERATURE (F)   43        25      1978


SUNRISE AND SUNSET
APRIL 30 2017.........SUNRISE   621 AM EDT   SUNSET   819 PM EDT
MAY  1 2017...........SUNRISE   620 AM EDT   SUNSET   820 PM EDT


-  INDICATES NEGATIVE NUMBERS.
R  INDICATES RECORD WAS SET OR TIED.
MM INDICATES DATA IS MISSING.
T  INDICATES TRACE AMOUNT.




$$
