000
CDUS41 KPBZ 312121
CLIZZV


CLIMATE REPORT
NATIONAL WEATHER SERVICE PITTSBURGH PA
521 PM EDT WED AUG 31 2016


...................................

...THE ZANESVILLE OH CLIMATE SUMMARY FOR AUGUST 31 2016...
VALID TODAY AS OF 0500 PM LOCAL TIME.

CLIMATE NORMAL PERIOD 1981 TO 2010
CLIMATE RECORD PERIOD 1946 TO 2016


WEATHER ITEM   OBSERVED TIME   RECORD YEAR NORMAL DEPARTURE LAST
                VALUE   (LST)  VALUE       VALUE  FROM      YEAR
                                                  NORMAL
..................................................................
TEMPERATURE (F)
 TODAY
  MAXIMUM         89   1255 PM  98    1953  81      8       89
  MINIMUM         63    454 AM  42    1946  58      5       64
  AVERAGE         76                        70      6       77

PRECIPITATION (IN)
  TODAY            0.11         MM      MM   0.11   0.00     0.00
  MONTH TO DATE    2.88                      3.23  -0.35     0.76
  SINCE JUN 1      8.09                     11.06  -2.97    10.67
  SINCE JAN 1     23.07                     26.52  -3.45    26.57

DEGREE DAYS
 HEATING
  TODAY            0                         1     -1        0
  MONTH TO DATE    0                         4     -4        8
  SINCE JUN 1      4                        43    -39       32
  SINCE JUL 1      0                        11    -11        8

 COOLING
  TODAY           11                         5      6       12
  MONTH TO DATE  374                       216    158      186
  SINCE JUN 1   1057                       623    434      601
  SINCE JAN 1   1151                       677    474      718
..................................................................


WIND (MPH)
  HIGHEST WIND SPEED    20   HIGHEST WIND DIRECTION    NW (310)
  HIGHEST GUST SPEED    25   HIGHEST GUST DIRECTION    NW (310)
  AVERAGE WIND SPEED     1.8


SKY COVER
  POSSIBLE SUNSHINE  MM
  AVERAGE SKY COVER 0.3


WEATHER CONDITIONS
 THE FOLLOWING WEATHER WAS RECORDED TODAY.
  HEAVY RAIN
  LIGHT RAIN


RELATIVE HUMIDITY (PERCENT)
 HIGHEST   100           300 AM
 LOWEST     43          1200 PM
 AVERAGE    72

..........................................................


THE ZANESVILLE OH CLIMATE NORMALS FOR TOMORROW
                         NORMAL    RECORD    YEAR
 MAXIMUM TEMPERATURE (F)   81       100      1953
 MINIMUM TEMPERATURE (F)   58        42      1967


SUNRISE AND SUNSET
AUGUST 31 2016........SUNRISE   655 AM EDT   SUNSET   800 PM EDT
SEPTEMBER  1 2016.....SUNRISE   656 AM EDT   SUNSET   758 PM EDT


-  INDICATES NEGATIVE NUMBERS.
R  INDICATES RECORD WAS SET OR TIED.
MM INDICATES DATA IS MISSING.
T  INDICATES TRACE AMOUNT.




$$
