000
CDUS41 KPBZ 030712
CLIZZV


CLIMATE REPORT
NATIONAL WEATHER SERVICE PITTSBURGH PA
312 AM EDT MON AUG 3 2015


...................................

...THE ZANESVILLE OH CLIMATE SUMMARY FOR AUGUST 2 2015...

CLIMATE NORMAL PERIOD 1981 TO 2010
CLIMATE RECORD PERIOD 1946 TO 2015


WEATHER ITEM   OBSERVED TIME   RECORD YEAR NORMAL DEPARTURE LAST
                VALUE   (LST)  VALUE       VALUE  FROM      YEAR
                                                  NORMAL
..................................................................
TEMPERATURE (F)
 YESTERDAY
  MAXIMUM         86    418 PM  98    1991  83      3       76
  MINIMUM         59    159 AM  49    1976  62     -3       61
  AVERAGE         73                        73      0       69

PRECIPITATION (IN)
  YESTERDAY        0.00         MM      MM   0.10  -0.10      T
  MONTH TO DATE    T                         0.21  -0.21      T
  SINCE JUN 1      9.91                      8.04   1.87    10.35
  SINCE JAN 1     25.81                     23.50   2.31    24.68

DEGREE DAYS
 HEATING
  YESTERDAY        0                         0      0        0
  MONTH TO DATE    0                         0      0        0
  SINCE JUN 1     24                        35    -11       22
  SINCE JUL 1      0                         3     -3       12

 COOLING
  YESTERDAY        8                         8      0        4
  MONTH TO DATE   15                        16     -1       10
  SINCE JUN 1    430                       423      7      369
  SINCE JAN 1    547                       477     70      451
..................................................................


WIND (MPH)
  HIGHEST WIND SPEED    14   HIGHEST WIND DIRECTION    SW (220)
  HIGHEST GUST SPEED    21   HIGHEST GUST DIRECTION    SW (230)
  AVERAGE WIND SPEED     5.8


SKY COVER
  POSSIBLE SUNSHINE  MM
  AVERAGE SKY COVER 0.2


WEATHER CONDITIONS
 THE FOLLOWING WEATHER WAS RECORDED YESTERDAY.
  NO SIGNIFICANT WEATHER WAS OBSERVED.


RELATIVE HUMIDITY (PERCENT)
 HIGHEST    90           300 AM
 LOWEST     42           300 PM
 AVERAGE    66

..........................................................


THE ZANESVILLE OH CLIMATE NORMALS FOR TODAY
                         NORMAL    RECORD    YEAR
 MAXIMUM TEMPERATURE (F)   83        96      1955
 MINIMUM TEMPERATURE (F)   62        46      1965


SUNRISE AND SUNSET
AUGUST  3 2015........SUNRISE   628 AM EDT   SUNSET   839 PM EDT
AUGUST  4 2015........SUNRISE   629 AM EDT   SUNSET   838 PM EDT


-  INDICATES NEGATIVE NUMBERS.
R  INDICATES RECORD WAS SET OR TIED.
MM INDICATES DATA IS MISSING.
T  INDICATES TRACE AMOUNT.




$$
