000
CDUS41 KPBZ 050822
CLIZZV


CLIMATE REPORT
NATIONAL WEATHER SERVICE PITTSBURGH PA
322 AM EST THU MAR 5 2015


...................................

...THE ZANESVILLE OH CLIMATE SUMMARY FOR MARCH 4 2015...

CLIMATE NORMAL PERIOD 1981 TO 2010
CLIMATE RECORD PERIOD 1946 TO 2015


WEATHER ITEM   OBSERVED TIME   RECORD YEAR NORMAL DEPARTURE LAST
                VALUE   (LST)  VALUE       VALUE  FROM      YEAR
                                                  NORMAL
..................................................................
TEMPERATURE (F)
 YESTERDAY
  MAXIMUM         41   1208 AM  80    1976  47     -6       35
  MINIMUM         25   1159 PM   4    2014  27     -2        4
  AVERAGE         33                        37     -4       20

PRECIPITATION (IN)
  YESTERDAY        0.56         MM      MM   0.08   0.48     0.00
  MONTH TO DATE    1.50                      0.33   1.17     0.21
  SINCE JUN 1     27.41                     27.56  -0.15    31.10
  SINCE JAN 1      5.00                      5.16  -0.16     2.79

DEGREE DAYS
 HEATING
  YESTERDAY       32                        28      4       45
  MONTH TO DATE  142                       115     27      167
  SINCE MAR 1    142                       115     27      167
  SINCE JUL 1   4799                      4306    493     4724

 COOLING
  YESTERDAY        0                         0      0        0
  MONTH TO DATE    0                         0      0        0
  SINCE MAR 1      0                         0      0        0
  SINCE JAN 1      0                         0      0        0
..................................................................


WIND (MPH)
  HIGHEST WIND SPEED    15   HIGHEST WIND DIRECTION    NW (310)
  HIGHEST GUST SPEED    21   HIGHEST GUST DIRECTION    NW (310)
  AVERAGE WIND SPEED     6.2


SKY COVER
  POSSIBLE SUNSHINE  MM
  AVERAGE SKY COVER 1.0


WEATHER CONDITIONS
 THE FOLLOWING WEATHER WAS RECORDED YESTERDAY.
  RAIN
  LIGHT RAIN
  LIGHT SNOW
  FOG
  HAZE


RELATIVE HUMIDITY (PERCENT)
 HIGHEST   100           700 AM
 LOWEST     75           400 PM
 AVERAGE    88

..........................................................


THE ZANESVILLE OH CLIMATE NORMALS FOR TODAY
                         NORMAL    RECORD    YEAR
 MAXIMUM TEMPERATURE (F)   47        79      1983
 MINIMUM TEMPERATURE (F)   27         2      1978


SUNRISE AND SUNSET
MARCH  5 2015.........SUNRISE   655 AM EST   SUNSET   624 PM EST
MARCH  6 2015.........SUNRISE   654 AM EST   SUNSET   625 PM EST


-  INDICATES NEGATIVE NUMBERS.
R  INDICATES RECORD WAS SET OR TIED.
MM INDICATES DATA IS MISSING.
T  INDICATES TRACE AMOUNT.




$$
