000
CDUS41 KPBZ 252121
CLIZZV


CLIMATE REPORT
NATIONAL WEATHER SERVICE PITTSBURGH PA
520 PM EDT TUE JUL 25 2017


...................................

...THE ZANESVILLE OH CLIMATE SUMMARY FOR JULY 25 2017...
VALID TODAY AS OF 0500 PM LOCAL TIME.

CLIMATE NORMAL PERIOD 1981 TO 2010
CLIMATE RECORD PERIOD 1895 TO 2017


WEATHER ITEM   OBSERVED TIME   RECORD YEAR NORMAL DEPARTURE LAST
                VALUE   (LST)  VALUE       VALUE  FROM      YEAR
                                                  NORMAL
..................................................................
TEMPERATURE (F)
 TODAY
  MAXIMUM         74    359 PM 106    1934  84    -10       97
  MINIMUM         57    418 AM  49    1953  62     -5       75
  AVERAGE         66                        73     -7       86

PRECIPITATION (IN)
  TODAY            0.00          2.22 1898   0.11  -0.11     0.00
  MONTH TO DATE    5.80                      3.16   2.64     1.59
  SINCE JUN 1     10.21                      7.20   3.01     4.03
  SINCE JAN 1     28.33                     22.66   5.67    19.01

DEGREE DAYS
 HEATING
  TODAY            0                         0      0        0
  MONTH TO DATE    0                         0      0        0
  SINCE JUN 1     23                        32     -9        4
  SINCE JUL 1      0                         0      0        0

 COOLING
  TODAY            1                         8     -7       21
  MONTH TO DATE  233                       200     33      310
  SINCE JUN 1    420                       358     62      590
  SINCE JAN 1    507                       412     95      684
..................................................................


WIND (MPH)
  HIGHEST WIND SPEED     8   HIGHEST WIND DIRECTION     E (100)
  HIGHEST GUST SPEED    10   HIGHEST GUST DIRECTION     E (100)
  AVERAGE WIND SPEED     3.3


SKY COVER
  POSSIBLE SUNSHINE  MM
  AVERAGE SKY COVER 0.7


WEATHER CONDITIONS
 THE FOLLOWING WEATHER WAS RECORDED TODAY.
  NO SIGNIFICANT WEATHER WAS OBSERVED.


RELATIVE HUMIDITY (PERCENT)
 HIGHEST    93           300 AM
 LOWEST     57           300 PM
 AVERAGE    75

..........................................................


THE ZANESVILLE OH CLIMATE NORMALS FOR TOMORROW
                         NORMAL    RECORD    YEAR
 MAXIMUM TEMPERATURE (F)   84       102      1934
 MINIMUM TEMPERATURE (F)   62        48      1946
                                             1920


SUNRISE AND SUNSET
JULY 25 2017..........SUNRISE   620 AM EDT   SUNSET   848 PM EDT
JULY 26 2017..........SUNRISE   621 AM EDT   SUNSET   847 PM EDT


-  INDICATES NEGATIVE NUMBERS.
R  INDICATES RECORD WAS SET OR TIED.
MM INDICATES DATA IS MISSING.
T  INDICATES TRACE AMOUNT.




$$
