000
CDUS41 KPBZ 192131
CLIZZV


CLIMATE REPORT
NATIONAL WEATHER SERVICE PITTSBURGH PA
531 PM EDT SAT APR 19 2014


...................................

...THE ZANESVILLE OH CLIMATE SUMMARY FOR APRIL 19 2014...
VALID TODAY AS OF 0500 PM LOCAL TIME.

CLIMATE NORMAL PERIOD 1981 TO 2010
CLIMATE RECORD PERIOD 1946 TO 2014


WEATHER ITEM   OBSERVED TIME   RECORD YEAR NORMAL DEPARTURE LAST
                VALUE   (LST)  VALUE       VALUE  FROM      YEAR
                                                  NORMAL
..................................................................
TEMPERATURE (F)
 TODAY
  MAXIMUM         65    358 PM  85    1976  65      0       72
  MINIMUM         44    559 AM  21    1953  41      3       39
  AVERAGE         55                        53      2       56

PRECIPITATION (IN)
  TODAY            0.00         MM      MM   0.11  -0.11     0.26
  MONTH TO DATE    2.96                      2.18   0.78     1.29
  SINCE JUN 1     35.67                     32.41   3.26    31.26
  SINCE JAN 1      7.36                     10.01  -2.65     7.95

DEGREE DAYS
 HEATING
  TODAY           10                        13     -3        9
  MONTH TO DATE  258                       294    -36      235
  SINCE MAR 1   1159                      1047    112     1121
  SINCE JUL 1   5716                      5238    478     5252

 COOLING
  TODAY            0                         0      0        0
  MONTH TO DATE    5                         0      5       17
  SINCE MAR 1      5                         1      4       17
  SINCE JAN 1      5                         1      4       17
..................................................................


WIND (MPH)
  HIGHEST WIND SPEED    16   HIGHEST WIND DIRECTION    NE (50)
  HIGHEST GUST SPEED    23   HIGHEST GUST DIRECTION     N (340)
  AVERAGE WIND SPEED     7.4


SKY COVER
  POSSIBLE SUNSHINE  MM
  AVERAGE SKY COVER 0.0


WEATHER CONDITIONS
 THE FOLLOWING WEATHER WAS RECORDED TODAY.
  NO SIGNIFICANT WEATHER WAS OBSERVED.


RELATIVE HUMIDITY (PERCENT)
 HIGHEST    76           100 AM
 LOWEST     26           400 PM
 AVERAGE    51

..........................................................


THE ZANESVILLE OH CLIMATE NORMALS FOR TOMORROW
                         NORMAL    RECORD    YEAR
 MAXIMUM TEMPERATURE (F)   65        85      1985
 MINIMUM TEMPERATURE (F)   41        25      1988


SUNRISE AND SUNSET
APRIL 19 2014.........SUNRISE   644 AM EDT   SUNSET   810 PM EDT
APRIL 20 2014.........SUNRISE   643 AM EDT   SUNSET   811 PM EDT


-  INDICATES NEGATIVE NUMBERS.
R  INDICATES RECORD WAS SET OR TIED.
MM INDICATES DATA IS MISSING.
T  INDICATES TRACE AMOUNT.




$$
