000
CDUS41 KPBZ 311301
CLIZZV


CLIMATE REPORT
NATIONAL WEATHER SERVICE PITTSBURGH PA
901 AM EDT MON AUG 31 2015


...................................

...THE ZANESVILLE OH CLIMATE SUMMARY FOR AUGUST 31 2015...
VALID AS OF 0900 AM LOCAL TIME.

CLIMATE NORMAL PERIOD 1981 TO 2010
CLIMATE RECORD PERIOD 1946 TO 2015


WEATHER ITEM   OBSERVED TIME   RECORD YEAR NORMAL DEPARTURE LAST
                VALUE   (LST)  VALUE       VALUE  FROM      YEAR
                                                  NORMAL
..................................................................
TEMPERATURE (F)
 TODAY
  MAXIMUM         69   1211 AM  98    1953
  MINIMUM         64    647 AM  42    1946  58      6       69

PRECIPITATION (IN)
  TODAY            0.00         MM      MM   0.11  -0.11     0.38
  MONTH TO DATE    0.76                      3.23  -2.47     3.50
  SINCE JUN 1     10.67                     11.06  -0.39    13.85
  SINCE JAN 1     26.57                     26.52   0.05    28.18

DEGREE DAYS
 HEATING
  TODAY            0

 COOLING
  TODAY            2
..................................................................







THE ZANESVILLE OH CLIMATE NORMALS FOR TOMORROW
                         NORMAL    RECORD    YEAR
 MAXIMUM TEMPERATURE (F)   81       100      1953
 MINIMUM TEMPERATURE (F)   58        42      1967


SUNRISE AND SUNSET
AUGUST 31 2015........SUNRISE   654 AM EDT   SUNSET   801 PM EDT
SEPTEMBER  1 2015.....SUNRISE   655 AM EDT   SUNSET   759 PM EDT


-  INDICATES NEGATIVE NUMBERS.
R  INDICATES RECORD WAS SET OR TIED.
MM INDICATES DATA IS MISSING.
T  INDICATES TRACE AMOUNT.




$$
