000
CDUS41 KPBZ 262244
CLIZZV


CLIMATE REPORT
NATIONAL WEATHER SERVICE PITTSBURGH PA
513 PM EST WED NOV 26 2014


...................................

...THE ZANESVILLE OH CLIMATE SUMMARY FOR NOVEMBER 26 2014...
VALID TODAY AS OF 0500 PM LOCAL TIME.

CLIMATE NORMAL PERIOD 1981 TO 2010
CLIMATE RECORD PERIOD 1946 TO 2014


WEATHER ITEM   OBSERVED TIME   RECORD YEAR NORMAL DEPARTURE LAST
                VALUE   (LST)  VALUE       VALUE  FROM      YEAR
                                                  NORMAL
..................................................................
TEMPERATURE (F)
 TODAY
  MAXIMUM         40    311 PM  67    2006  48     -8       36
  MINIMUM         27    107 AM  17    1980  31     -4       31
  AVERAGE         34                        39     -5       34

PRECIPITATION (IN)
  TODAY            0.00         MM      MM   0.10  -0.10     0.43
  MONTH TO DATE    1.44                      2.72  -1.28     3.05
  SINCE JUN 1     19.11                     19.40  -0.29    24.16
  SINCE JAN 1     33.44                     34.86  -1.42    34.75

DEGREE DAYS
 HEATING
  TODAY           31                        26      5       31
  MONTH TO DATE  714                       547    167      610
  SINCE SEP 1   1182                      1023    159     1021
  SINCE JUL 1   1203                      1034    169     1030

 COOLING
  TODAY            0                         0      0        0
  MONTH TO DATE    0                         0      0        0
  SINCE SEP 1     86                        91     -5      123
  SINCE JAN 1    727                       768    -41      856
..................................................................


WIND (MPH)
  HIGHEST WIND SPEED     8   HIGHEST WIND DIRECTION     N (360)
  HIGHEST GUST SPEED    12   HIGHEST GUST DIRECTION     N (20)
  AVERAGE WIND SPEED     4.1


SKY COVER
  POSSIBLE SUNSHINE  MM
  AVERAGE SKY COVER 0.6


WEATHER CONDITIONS
 THE FOLLOWING WEATHER WAS RECORDED TODAY.
  NO SIGNIFICANT WEATHER WAS OBSERVED.


RELATIVE HUMIDITY (PERCENT)
 HIGHEST    92           100 AM
 LOWEST     64           200 PM
 AVERAGE    78

..........................................................


THE ZANESVILLE OH CLIMATE NORMALS FOR TOMORROW
                         NORMAL    RECORD    YEAR
 MAXIMUM TEMPERATURE (F)   48        76      1990
 MINIMUM TEMPERATURE (F)   30         7      1950


SUNRISE AND SUNSET
NOVEMBER 26 2014......SUNRISE   725 AM EST   SUNSET   505 PM EST
NOVEMBER 27 2014......SUNRISE   726 AM EST   SUNSET   504 PM EST


-  INDICATES NEGATIVE NUMBERS.
R  INDICATES RECORD WAS SET OR TIED.
MM INDICATES DATA IS MISSING.
T  INDICATES TRACE AMOUNT.




$$
