000
CDUS41 KPBZ 300711
CLIZZV


CLIMATE REPORT
NATIONAL WEATHER SERVICE PITTSBURGH PA
311 AM EDT SAT MAY 30 2015


...................................

...THE ZANESVILLE OH CLIMATE SUMMARY FOR MAY 29 2015...

CLIMATE NORMAL PERIOD 1981 TO 2010
CLIMATE RECORD PERIOD 1946 TO 2015


WEATHER ITEM   OBSERVED TIME   RECORD YEAR NORMAL DEPARTURE LAST
                VALUE   (LST)  VALUE       VALUE  FROM      YEAR
                                                  NORMAL
..................................................................
TEMPERATURE (F)
 YESTERDAY
  MAXIMUM         84    342 PM  90    1991  76      8       79
  MINIMUM         60    322 AM  32    1949  53      7       60
  AVERAGE         72                        64      8       70

PRECIPITATION (IN)
  YESTERDAY        0.00         MM      MM   0.15  -0.15     0.00
  MONTH TO DATE    2.36                      3.90  -1.54     3.53
  SINCE JUN 1     38.16                     37.57   0.59    42.64
  SINCE JAN 1     15.75                     15.17   0.58    14.33

DEGREE DAYS
 HEATING
  YESTERDAY        0                         3     -3        0
  MONTH TO DATE  109                       175    -66      152
  SINCE MAR 1   1359                      1341     18     1419
  SINCE JUL 1   6016                      5532    484     5976

 COOLING
  YESTERDAY        7                         3      4        5
  MONTH TO DATE  104                        39     65       74
  SINCE MAR 1    105                        48     57       79
  SINCE JAN 1    105                        48     57       79
..................................................................


WIND (MPH)
  HIGHEST WIND SPEED    14   HIGHEST WIND DIRECTION     S (200)
  HIGHEST GUST SPEED    17   HIGHEST GUST DIRECTION     S (200)
  AVERAGE WIND SPEED     4.9


SKY COVER
  POSSIBLE SUNSHINE  MM
  AVERAGE SKY COVER 0.2


WEATHER CONDITIONS
 THE FOLLOWING WEATHER WAS RECORDED YESTERDAY.
  FOG
  HAZE


RELATIVE HUMIDITY (PERCENT)
 HIGHEST    90           200 AM
 LOWEST     51           400 PM
 AVERAGE    71

..........................................................


THE ZANESVILLE OH CLIMATE NORMALS FOR TODAY
                         NORMAL    RECORD    YEAR
 MAXIMUM TEMPERATURE (F)   76        91      1953
 MINIMUM TEMPERATURE (F)   53        34      1961


SUNRISE AND SUNSET
MAY 30 2015...........SUNRISE   602 AM EDT   SUNSET   849 PM EDT
MAY 31 2015...........SUNRISE   602 AM EDT   SUNSET   849 PM EDT


-  INDICATES NEGATIVE NUMBERS.
R  INDICATES RECORD WAS SET OR TIED.
MM INDICATES DATA IS MISSING.
T  INDICATES TRACE AMOUNT.




$$
