584
CDUS41 KPBZ 250701
CLIZZV


CLIMATE REPORT
NATIONAL WEATHER SERVICE PITTSBURGH PA
301 AM EDT TUE APR 25 2017


...................................

...THE ZANESVILLE OH CLIMATE SUMMARY FOR APRIL 24 2017...

CLIMATE NORMAL PERIOD 1981 TO 2010
CLIMATE RECORD PERIOD 1946 TO 2017


WEATHER ITEM   OBSERVED TIME   RECORD YEAR NORMAL DEPARTURE LAST
                VALUE   (LST)  VALUE       VALUE  FROM      YEAR
                                                  NORMAL
..................................................................
TEMPERATURE (F)
 YESTERDAY
  MAXIMUM         66    100 PM  86    1960  66      0       74
  MINIMUM         45    537 AM  24    2015  42      3       38
  AVERAGE         56                        54      2       56

PRECIPITATION (IN)
  YESTERDAY        0.00         MM      MM   0.12  -0.12     0.00
  MONTH TO DATE    1.83                      2.77  -0.94     3.11
  SINCE JUN 1     30.95                     33.00  -2.05    33.55
  SINCE JAN 1     12.33                     10.60   1.73    11.22

DEGREE DAYS
 HEATING
  YESTERDAY        9                        11     -2        9
  MONTH TO DATE  222                       352   -130      318
  SINCE MAR 1    923                      1105   -182      781
  SINCE JUL 1   4275                      5296  -1021     4127

 COOLING
  YESTERDAY        0                         0      0        0
  MONTH TO DATE   16                         0     16        3
  SINCE MAR 1     18                         1     17        8
  SINCE JAN 1     19                         1     18        8
..................................................................


WIND (MPH)
  HIGHEST WIND SPEED    21   HIGHEST WIND DIRECTION     E (100)
  HIGHEST GUST SPEED    28   HIGHEST GUST DIRECTION     E (100)
  AVERAGE WIND SPEED     9.7


SKY COVER
  POSSIBLE SUNSHINE  MM
  AVERAGE SKY COVER 0.4


WEATHER CONDITIONS
 THE FOLLOWING WEATHER WAS RECORDED YESTERDAY.
  NO SIGNIFICANT WEATHER WAS OBSERVED.


RELATIVE HUMIDITY (PERCENT)
 HIGHEST    72           800 PM
 LOWEST     45          1100 AM
 AVERAGE    59

..........................................................


THE ZANESVILLE OH CLIMATE NORMALS FOR TODAY
                         NORMAL    RECORD    YEAR
 MAXIMUM TEMPERATURE (F)   67        87      2009
                                             1948
 MINIMUM TEMPERATURE (F)   43        28      1995


SUNRISE AND SUNSET
APRIL 25 2017.........SUNRISE   635 AM EDT   SUNSET   816 PM EDT
APRIL 26 2017.........SUNRISE   634 AM EDT   SUNSET   817 PM EDT


-  INDICATES NEGATIVE NUMBERS.
R  INDICATES RECORD WAS SET OR TIED.
MM INDICATES DATA IS MISSING.
T  INDICATES TRACE AMOUNT.




$$
