000
CDUS41 KPBZ 231340
CLIZZV


CLIMATE REPORT
NATIONAL WEATHER SERVICE PITTSBURGH PA
840 AM EST THU NOV 23 2017


...................................

...THE ZANESVILLE OH CLIMATE SUMMARY FOR NOVEMBER 23 2017...
VALID AS OF 0800 AM LOCAL TIME.

CLIMATE NORMAL PERIOD 1981 TO 2010
CLIMATE RECORD PERIOD 1895 TO 2017


WEATHER ITEM   OBSERVED TIME   RECORD YEAR NORMAL DEPARTURE LAST
                VALUE   (LST)  VALUE       VALUE  FROM      YEAR
                                                  NORMAL
..................................................................
TEMPERATURE (F)
 TODAY
  MAXIMUM         26   1219 AM  72    1999
  MINIMUM         19    659 AM   7    1956  31    -12       21

PRECIPITATION (IN)
  TODAY            0.00          1.05 1961   0.11  -0.11      T
  MONTH TO DATE    4.21                      2.40   1.81     0.62
  SINCE JUN 1     21.41                     19.08   2.33    13.18
  SINCE JAN 1     39.53                     34.54   4.99    28.16

DEGREE DAYS
 HEATING
  TODAY           42

 COOLING
  TODAY            0
..................................................................







THE ZANESVILLE OH CLIMATE NORMALS FOR TOMORROW
                         NORMAL    RECORD    YEAR
 MAXIMUM TEMPERATURE (F)   49        71      1931
 MINIMUM TEMPERATURE (F)   31         6      1956


SUNRISE AND SUNSET
NOVEMBER 23 2017......SUNRISE   722 AM EST   SUNSET   506 PM EST
NOVEMBER 24 2017......SUNRISE   723 AM EST   SUNSET   505 PM EST


-  INDICATES NEGATIVE NUMBERS.
R  INDICATES RECORD WAS SET OR TIED.
MM INDICATES DATA IS MISSING.
T  INDICATES TRACE AMOUNT.




$$
