000
CDUS41 KPBZ 030701
CLIZZV


CLIMATE REPORT
NATIONAL WEATHER SERVICE PITTSBURGH PA
301 AM EDT TUE MAY 3 2016


...................................

...THE ZANESVILLE OH CLIMATE SUMMARY FOR MAY 2 2016...

CLIMATE NORMAL PERIOD 1981 TO 2010
CLIMATE RECORD PERIOD 1946 TO 2016


WEATHER ITEM   OBSERVED TIME   RECORD YEAR NORMAL DEPARTURE LAST
                VALUE   (LST)  VALUE       VALUE  FROM      YEAR
                                                  NORMAL
..................................................................
TEMPERATURE (F)
 YESTERDAY
  MAXIMUM         69   1027 AM  85    1965  69      0       73
  MINIMUM         52   1159 PM  26    1963  45      7       38
  AVERAGE         61                        57      4       56

PRECIPITATION (IN)
  YESTERDAY        0.14         MM      MM   0.12   0.02     0.00
  MONTH TO DATE    0.19                      0.24  -0.05     0.06
  SINCE JUN 1     35.06                     33.91   1.15    35.86
  SINCE JAN 1     12.73                     11.51   1.22    13.45

DEGREE DAYS
 HEATING
  YESTERDAY        4                         9     -5        9
  MONTH TO DATE    4                        18    -14       16
  SINCE MAR 1    820                      1184   -364     1266
  SINCE JUL 1   4166                      5375  -1209     5923

 COOLING
  YESTERDAY        0                         0      0        0
  MONTH TO DATE    5                         0      5        0
  SINCE MAR 1     13                         9      4        1
  SINCE JAN 1     13                         9      4        1
..................................................................


WIND (MPH)
  HIGHEST WIND SPEED    15   HIGHEST WIND DIRECTION     W (290)
  HIGHEST GUST SPEED    20   HIGHEST GUST DIRECTION     W (270)
  AVERAGE WIND SPEED     6.0


SKY COVER
  POSSIBLE SUNSHINE  MM
  AVERAGE SKY COVER 0.8


WEATHER CONDITIONS
 THE FOLLOWING WEATHER WAS RECORDED YESTERDAY.
  THUNDERSTORM
  RAIN
  LIGHT RAIN
  FOG


RELATIVE HUMIDITY (PERCENT)
 HIGHEST    90           600 AM
 LOWEST     67           400 PM
 AVERAGE    79

..........................................................


THE ZANESVILLE OH CLIMATE NORMALS FOR TODAY
                         NORMAL    RECORD    YEAR
 MAXIMUM TEMPERATURE (F)   69        88      2012
 MINIMUM TEMPERATURE (F)   45        30      1978


SUNRISE AND SUNSET
MAY  3 2016...........SUNRISE   625 AM EDT   SUNSET   825 PM EDT
MAY  4 2016...........SUNRISE   624 AM EDT   SUNSET   826 PM EDT


-  INDICATES NEGATIVE NUMBERS.
R  INDICATES RECORD WAS SET OR TIED.
MM INDICATES DATA IS MISSING.
T  INDICATES TRACE AMOUNT.




$$
