000
CXUS54 KFWD 010850
CLMACT


CLIMATE REPORT
NATIONAL WEATHER SERVICE FORT WORTH TX
350 AM CDT FRI SEP 1 2017

...................................

...THE WACO CLIMATE SUMMARY FOR THE MONTH OF AUGUST 2017...

CLIMATE NORMAL PERIOD 1981 TO 2010
CLIMATE RECORD PERIOD 1901 TO 2017

WEATHER         OBSERVED          NORMAL  DEPART  LAST YEAR`S
                 VALUE   DATE(S)  VALUE   FROM    VALUE  DATE(S)
                                          NORMAL
................................................................
TEMPERATURE (F)
RECORD
 HIGH             112   08/11/1969
 LOW               53   08/28/1992
HIGHEST           100   08/22       104      -4      105  08/12
                        08/19
LOWEST             66   08/31        66       0       71  08/29
                                                          08/28
                                                          08/15
AVG. MAXIMUM     93.5              96.8    -3.3     94.2
AVG. MINIMUM     74.1              73.8     0.3     75.2
MEAN             83.8              85.3    -1.5     84.7
DAYS MAX >= 90     26              27.9    -1.9       25
DAYS MAX <= 32      0               0.0     0.0        0
DAYS MAX >= 100     2                                 12
DAYS MIN <= 32      0               0.0     0.0        0
DAYS MIN <= 0       0               0.0     0.0        0
DAYS MIN >= 80      1                                  3

PRECIPITATION (INCHES)
RECORD
 MAXIMUM        10.33   2008
 MINIMUM         0.00   1902
TOTALS           2.57              2.05    0.52     4.61
DAILY AVG.       0.08              0.07    0.01     0.15
DAYS >= .01         9               5.0     4.0       10
DAYS >= .10         7               3.0     4.0        7
DAYS >= .50         1               1.4    -0.4        4
DAYS >= 1.00        1               0.6     0.4        2
GREATEST
 24 HR. TOTAL    1.46   08/02 TO 08/03              1.45

DEGREE_DAYS
HEATING TOTAL       0                 0       0        0
 SINCE 7/1          0                 0       0        0
COOLING TOTAL     593               629     -36      616
 SINCE 1/1       2340              2195     145     2240
.................................................................

WIND (MPH)
AVERAGE WIND SPEED              9.4
HIGHEST WIND SPEED/DIRECTION    33/320    DATE  08/17
HIGHEST GUST SPEED/DIRECTION    42/310    DATE  08/17

SKY COVER
POSSIBLE SUNSHINE (PERCENT)   MM
AVERAGE SKY COVER           0.30
NUMBER OF DAYS FAIR           22
NUMBER OF DAYS PC              7
NUMBER OF DAYS CLOUDY          2

AVERAGE RH (PERCENT)     68

WEATHER CONDITIONS. NUMBER OF DAYS WITH
THUNDERSTORM              6     MIXED PRECIP               0
HEAVY RAIN                4     RAIN                       6
LIGHT RAIN                9     FREEZING RAIN              0
LT FREEZING RAIN          0     HAIL                       0
HEAVY SNOW                0     SNOW                       0
LIGHT SNOW                0     SLEET                      0
FOG                      13     FOG W/VIS <= 1/4 MILE      0
HAZE                      0

-  INDICATES NEGATIVE NUMBERS.
R  INDICATES RECORD WAS SET OR TIED.
MM INDICATES DATA IS MISSING.
T  INDICATES TRACE AMOUNT.

$$
