000
CXUS54 KFWD 010841
CLMACT


CLIMATE REPORT
NATIONAL WEATHER SERVICE FORT WORTH TX
238 AM CST SUN MAR 1 2015

...................................

...THE WACO CLIMATE SUMMARY FOR THE MONTH OF FEBRUARY 2015...

CLIMATE NORMAL PERIOD 1981 TO 2010
CLIMATE RECORD PERIOD 1901 TO 2015

WEATHER         OBSERVED          NORMAL  DEPART  LAST YEAR`S
                 VALUE   DATE(S)  VALUE   FROM    VALUE  DATE(S)
                                          NORMAL
................................................................
TEMPERATURE (F)
RECORD
 HIGH              96   02/22/1996
                        02/21/1996
 LOW                4   02/02/1985
HIGHEST            80   02/09        81      -1       84  02/28
LOWEST             26   02/18        23       3       20  02/06
AVG. MAXIMUM     58.0              61.8    -3.8     60.1
AVG. MINIMUM     35.2              39.8    -4.6     35.5
MEAN             46.6              50.8    -4.2     47.8
DAYS MAX >= 90      0               0.1    -0.1        0
DAYS MAX <= 32      0               0.3    -0.3        1
DAYS MAX >= 100     0                                  0
DAYS MIN <= 32     11               5.4     5.6       14
DAYS MIN <= 0       0               0.0     0.0        0
DAYS MIN >= 80      0                                  0

PRECIPITATION (INCHES)
RECORD
 MAXIMUM         7.91   1997
 MINIMUM            T   1926
                        1916
TOTALS           1.25              2.63   -1.38     0.46
DAILY AVG.       0.04              0.09   -0.05     0.02
DAYS >= .01         6               6.8    -0.8        5
DAYS >= .10         4               4.1    -0.1        2
DAYS >= .50         0               1.7    -1.7        0
DAYS >= 1.00        0               0.8    -0.8        0
GREATEST
 24 HR. TOTAL    0.42   02/16 TO 02/16              0.22

SNOWFALL (INCHES)
RECORDS
 TOTAL           13.0   1924
 24 HR TOTAL     13.0   02/25/1924 TO 02/25/1924
TOTALS            0.7               0.5     0.2        T
SINCE 7/1         0.7               0.9    -0.2        T
SNOWDEPTH AVG.      0                MM      MM        0
DAYS >= TRACE       3                                  2
DAYS >= 1.0         0               0.2    -0.2        0
GREATEST
 SNOW DEPTH         T   02/24                          0  MM
 24 HR TOTAL      0.7   MM                             T

DEGREE_DAYS
HEATING TOTAL     510               404     106      473
 SINCE 7/1       1954              1812     142     2143
COOLING TOTAL       0                 6      -6        0
 SINCE 1/1          0                 9      -9        0
.................................................................

WIND (MPH)
AVERAGE WIND SPEED              10.1
HIGHEST WIND SPEED/DIRECTION    35/190    DATE  02/20
HIGHEST GUST SPEED/DIRECTION    43/320    DATE  02/16

SKY COVER
POSSIBLE SUNSHINE (PERCENT)   MM
AVERAGE SKY COVER           0.50
NUMBER OF DAYS FAIR           12
NUMBER OF DAYS PC              7
NUMBER OF DAYS CLOUDY          9

AVERAGE RH (PERCENT)     73

WEATHER CONDITIONS. NUMBER OF DAYS WITH
THUNDERSTORM              0     MIXED PRECIP               0
HEAVY RAIN                2     RAIN                       3
LIGHT RAIN                7     FREEZING RAIN              2
LT FREEZING RAIN          3     HAIL                       0
HEAVY SNOW                1     SNOW                       1
LIGHT SNOW                3     SLEET                      0
FOG                      15     FOG W/VIS <= 1/4 MILE      2
HAZE                      2

-  INDICATES NEGATIVE NUMBERS.
R  INDICATES RECORD WAS SET OR TIED.
MM INDICATES DATA IS MISSING.
T  INDICATES TRACE AMOUNT.

$$
