000
CXUS54 KFWD 010841
CLMACT


CLIMATE REPORT
NATIONAL WEATHER SERVICE FORT WORTH TX
237 AM CST THU DEC 1 2016

...................................

...THE WACO CLIMATE SUMMARY FOR THE MONTH OF NOVEMBER 2016...

CLIMATE NORMAL PERIOD 1981 TO 2010
CLIMATE RECORD PERIOD 1901 TO 2016

WEATHER         OBSERVED          NORMAL  DEPART  LAST YEAR`S
                 VALUE   DATE(S)  VALUE   FROM    VALUE  DATE(S)
                                          NORMAL
................................................................
TEMPERATURE (F)
RECORD
 HIGH              92   11/07/1988
                        11/04/1948
 LOW               17   11/29/1976
HIGHEST            90   11/01        85       5       86  11/11
LOWEST             29   11/20        29       0       31  11/22
AVG. MAXIMUM     72.5              68.5     4.0     67.7
AVG. MINIMUM     51.9              46.5     5.4     49.2
MEAN             62.2              57.5     4.7     58.4
DAYS MAX >= 90      1               0.1     0.9        0
DAYS MAX <= 32      0               0.0     0.0        0
DAYS MAX >= 100     0                                  0
DAYS MIN <= 32      2               2.6    -0.6        2
DAYS MIN <= 0       0               0.0     0.0        0
DAYS MIN >= 80      0                                  0

PRECIPITATION (INCHES)
RECORD
 MAXIMUM        10.36   1902
 MINIMUM         0.00   1903
TOTALS           4.36              2.82    1.54     6.43
DAILY AVG.       0.15              0.09    0.06     0.21
DAYS >= .01        12               7.3     4.7       13
DAYS >= .10         7               4.5     2.5       11
DAYS >= .50         3               1.8     1.2        6
DAYS >= 1.00        2               0.8     1.2        2
GREATEST
 24 HR. TOTAL    1.23   11/03 TO 11/03              1.52

SNOWFALL (INCHES)
RECORDS
 TOTAL            6.5   1937
 24 HR TOTAL      6.5   11/22/1937 TO 11/22/1937
TOTALS            0.0               0.1    -0.1      0.0
SINCE 7/1         0.0               0.1    -0.1      0.0
SNOWDEPTH AVG.      0                MM      MM        0
DAYS >= TRACE       0                                  0
DAYS >= 1.0         0               0.0     0.0        0
GREATEST
 SNOW DEPTH         0   MM                             0  MM
 24 HR TOTAL      0.0                                0.0

DEGREE_DAYS
HEATING TOTAL     134               261    -127      227
 SINCE 7/1        143               328    -185      235
COOLING TOTAL      56                36      20       34
 SINCE 1/1       3041              2792     249     3050
.................................................................

WIND (MPH)
AVERAGE WIND SPEED              8.6
HIGHEST WIND SPEED/DIRECTION    40/170    DATE  11/27
HIGHEST GUST SPEED/DIRECTION    51/170    DATE  11/27

SKY COVER
POSSIBLE SUNSHINE (PERCENT)   MM
AVERAGE SKY COVER           0.40
NUMBER OF DAYS FAIR           16
NUMBER OF DAYS PC              3
NUMBER OF DAYS CLOUDY         11

AVERAGE RH (PERCENT)     76

WEATHER CONDITIONS. NUMBER OF DAYS WITH
THUNDERSTORM              5     MIXED PRECIP               0
HEAVY RAIN                6     RAIN                       8
LIGHT RAIN               14     FREEZING RAIN              0
LT FREEZING RAIN          0     HAIL                       0
HEAVY SNOW                0     SNOW                       0
LIGHT SNOW                0     SLEET                      0
FOG                      20     FOG W/VIS <= 1/4 MILE      1
HAZE                      9

-  INDICATES NEGATIVE NUMBERS.
R  INDICATES RECORD WAS SET OR TIED.
MM INDICATES DATA IS MISSING.
T  INDICATES TRACE AMOUNT.

$$
