000
CXUS42 KFFC 031620
CLMAHN


CLIMATE REPORT
NATIONAL WEATHER SERVICE PEACHTREE CITY GA
1119 AM EST WED FEB 3 2016

...................................

...THE ATHENS CLIMATE SUMMARY FOR THE MONTH OF JANUARY 2016...

CLIMATE NORMAL PERIOD 1981 TO 2010
CLIMATE RECORD PERIOD 1898 TO 2016

WEATHER         OBSERVED          NORMAL  DEPART  LAST YEAR`S
                 VALUE   DATE(S)  VALUE   FROM    VALUE  DATE(S)
                                          NORMAL
................................................................
TEMPERATURE (F)
RECORD
 HIGH              80   MM
 LOW               -4   MM
HIGHEST            67   01/31        80     -13       MM  MM
LOWEST             20   01/19        -4      24       MM  MM
AVG. MAXIMUM     52.2              53.9    -1.7       MM
AVG. MINIMUM     31.8              33.1    -1.3       MM
MEAN             42.0              43.5    -1.5       MM
DAYS MAX >= 90      0               0.0     0.0       MM
DAYS MAX <= 32      0               0.5    -0.5       MM
DAYS MIN <= 32     18              14.7     3.3       MM
DAYS MIN <= 0       0               0.0     0.0       MM

PRECIPITATION (INCHES)
RECORD
 MAXIMUM        12.83   1936
 MINIMUM         0.64   1981
TOTALS           3.68              4.05   -0.37       MM
DAILY AVG.       0.12              0.13   -0.01       MM
GREATEST
 24 HR. TOTAL    1.90   01/21 TO 01/22                MM

SNOWFALL (INCHES)
RECORDS
 TOTAL              T   2008
                        2005
                        2001
 24 HR TOTAL        T   MM
                        01/19/2008 TO 01/19/2008
TOTALS            0.1R              1.4    -1.3       MM
SINCE 7/1         0.1               1.5    -1.4       MM
SNOWDEPTH AVG.      0                MM      MM       MM
DAYS >= TRACE       1               0.8     0.2       MM
DAYS >= 1.0         0               0.4    -0.4       MM
GREATEST
 24 HR TOTAL      0.1R  MM                            MM

DEGREE_DAYS
HEATING TOTAL     706               667      39       MM
 SINCE 7/1       1345              1757    -412       MM
.................................................................

WIND (MPH)
AVERAGE WIND SPEED              6.1
HIGHEST WIND SPEED/DIRECTION    28/080    DATE  01/15
HIGHEST GUST SPEED/DIRECTION    37/300    DATE  01/23

SKY COVER
POSSIBLE SUNSHINE (PERCENT)   MM
AVERAGE SKY COVER           0.30
NUMBER OF DAYS FAIR           18
NUMBER OF DAYS PC              7
NUMBER OF DAYS CLOUDY          6

AVERAGE RH (PERCENT)     65

WEATHER CONDITIONS. NUMBER OF DAYS WITH
THUNDERSTORM              0     MIXED PRECIP               0
HEAVY RAIN                5     RAIN                       6
LIGHT RAIN               11     FREEZING RAIN              0
LT FREEZING RAIN          0     HAIL                       0
HEAVY SNOW                0     SNOW                       0
LIGHT SNOW                2     SLEET                      0
FOG                       9     FOG W/VIS <= 1/4 MILE      1
HAZE                      1

-  INDICATES NEGATIVE NUMBERS.
R  INDICATES RECORD WAS SET OR TIED.
MM INDICATES DATA IS MISSING.
T  INDICATES TRACE AMOUNT.

$$
