000
CXUS55 KPUB 050240 CCA
CLMALS

CLIMATE REPORT...CORRECTION
NATIONAL WEATHER SERVICE PUEBLO
909 AM MDT THU JUN 1 2017

...................................

...THE ALAMOSA CO CLIMATE SUMMARY FOR THE MONTH OF MAY 2017...

CLIMATE NORMAL PERIOD 1981 TO 2010
CLIMATE RECORD PERIOD 1932 TO 2017

WEATHER         OBSERVED          NORMAL  DEPART  LAST YEAR`S
                 VALUE   DATE(S)  VALUE   FROM    VALUE  DATE(S)
                                          NORMAL
................................................................
TEMPERATURE (F)
RECORD
 HIGH              90   05/31/2002
 LOW               11   05/03/2011
                        05/01/1967
                        01/01/2000
HIGHEST            76   05/24        74       2       77  05/14
                        05/05                             05/06
LOWEST             22   05/20        27      -5       25  05/08
AVG. MAXIMUM     68.0              69.1    -1.1     66.9
AVG. MINIMUM     32.7              33.4    -0.7     33.9
MEAN             50.4              51.2    -0.8     50.4
DAYS MAX >= 90      0               0.0     0.0
DAYS MAX <= 32      0               0.0     0.0
DAYS MIN <= 32     13              12.1     0.9
DAYS MIN <= 0       0               0.0     0.0

PRECIPITATION (INCHES)
RECORD
 MAXIMUM         2.97   1935
 MINIMUM         0.00   1942
TOTALS           1.24              0.58    0.66     1.12
DAILY AVG.       0.04              0.02    0.02
DAYS >= .01         5               5.6    -0.6
DAYS >= .10         2               2.0     0.0
DAYS >= .50         1               0.2     0.8
DAYS >= 1.00        0               0.0     0.0
GREATEST
 24 HR. TOTAL    0.70   05/10 TO 05/11

SNOWFALL (INCHES)
RECORDS
 TOTAL           13.5   1978
TOTALS            1.1               0.9     0.2      0.8
SINCE 7/1        42.2              27.6    14.6     43.0
SNOWDEPTH AVG.      0
DAYS >= 1.0         0               0.4    -0.4
GREATEST
 SNOW DEPTH         1   05/10                          0
                        05/11
 24 HR TOTAL      1.1   05/10 TO 05/11               0.8

DEGREE_DAYS
HEATING TOTAL     445               426      19      444
 SINCE 7/1       7609              8426    -817     7812
COOLING TOTAL       0                 0       0        0
 SINCE 1/1          0                 0       0        0
.................................................................

WIND (MPH)
AVERAGE WIND SPEED              9.4
HIGHEST WIND SPEED/DIRECTION    37/250    DATE  05/25
HIGHEST GUST SPEED/DIRECTION    51/190    DATE  05/08

SKY COVER
POSSIBLE SUNSHINE (PERCENT)   MM
AVERAGE SKY COVER           0.20
NUMBER OF DAYS FAIR           23
NUMBER OF DAYS PC              8
NUMBER OF DAYS CLOUDY          0

AVERAGE RH (PERCENT)     52

WEATHER CONDITIONS. NUMBER OF DAYS WITH
THUNDERSTORM              4     MIXED PRECIP               0
HEAVY RAIN                0     RAIN                       3
LIGHT RAIN                9     FREEZING RAIN              0
LT FREEZING RAIN          0     HAIL                       0
HEAVY SNOW                0     SNOW                       0
LIGHT SNOW                1     SLEET                      0
FOG                       3     FOG W/VIS <= 1/4 MILE      2
HAZE                      3

-  INDICATES NEGATIVE NUMBERS.
R  INDICATES RECORD WAS SET OR TIED.
MM INDICATES DATA IS MISSING.
T  INDICATES TRACE AMOUNT.

$$
CORRECTION TO GREATEST 24 HOUR TOTAL PRECIPITATION.
