000
CXUS52 KJAX 111947 RRA
CLMAMG

CLIMATE REPORT
NATIONAL WEATHER SERVICE JACKSONVILLE FL
845 AM EDT THU SEP 1 2016

...................................

...THE ALMA CLIMATE SUMMARY FOR THE MONTH OF AUGUST 2016...

CLIMATE NORMAL PERIOD 1981 TO 2010
CLIMATE RECORD PERIOD 1948 TO 2016

WEATHER         OBSERVED          NORMAL  DEPART  LAST YEAR`S
                 VALUE   DATE(S)  VALUE   FROM    VALUE  DATE(S)
                                          NORMAL
................................................................
TEMPERATURE (F)
RECORD
 HIGH             105   08/18/1995
 LOW               57   08/25/1957
                        08/28/1952
                        08/27/1951
HIGHEST            96   08/18        91       5       96  08/22
                                                          08/21
                                                          08/12
LOWEST             64   08/27        71      -7       65  08/27
AVG. MAXIMUM     92.5              91.1     1.4     91.8
AVG. MINIMUM     72.3              71.5     0.8     72.2
MEAN             82.4              81.3     1.1     82.0
DAYS MAX >= 90     29              19.3     9.7       24
DAYS MAX <= 32      0               0.0     0.0        0
DAYS MIN <= 32      0               0.0     0.0        0
DAYS MIN <= 0       0               0.0     0.0        0

PRECIPITATION (INCHES)
RECORD
 MAXIMUM        13.17   1949
 MINIMUM         0.77   1995
TOTALS           6.39              5.41    0.98     4.65
DAILY AVG.       0.21              0.17    0.04     0.15
DAYS >= .01        15              12.0     3.0        8
DAYS >= .10         7               8.1    -1.1        6
DAYS >= .50         4               3.6     0.4        2
DAYS >= 1.00        3               1.4     1.6        2
GREATEST
 24 HR. TOTAL    2.19

SNOWFALL (INCHES)
RECORDS
 TOTAL             MM   MM
TOTALS            0.0               0.0     0.0      0.0
SINCE 7/1         0.0               0.0     0.0      0.0
SNOWDEPTH AVG.      0                MM      MM        0
DAYS >= 1.0         0               0.0     0.0        0
GREATEST
 SNOW DEPTH         0   MM                             0  MM
 24 HR TOTAL      0.0

DEGREE_DAYS
HEATING TOTAL       0                 0       0        0
 SINCE 7/1          0                 0       0        0
COOLING TOTAL     549               505      44      536
 SINCE 1/1       2081              1907     174     2107
.................................................................

WIND (MPH)
AVERAGE WIND SPEED              4.4
HIGHEST WIND SPEED/DIRECTION    24/200    DATE  08/14
HIGHEST GUST SPEED/DIRECTION    33/180    DATE  08/14

SKY COVER
POSSIBLE SUNSHINE (PERCENT)   MM
AVERAGE SKY COVER           0.30
NUMBER OF DAYS FAIR           23
NUMBER OF DAYS PC              5
NUMBER OF DAYS CLOUDY          3

AVERAGE RH (PERCENT)     75

WEATHER CONDITIONS. NUMBER OF DAYS WITH
THUNDERSTORM              0     MIXED PRECIP               0
HEAVY RAIN                8     RAIN                       9
LIGHT RAIN               15     FREEZING RAIN              0
LT FREEZING RAIN          0     HAIL                       0
HEAVY SNOW                0     SNOW                       0
LIGHT SNOW                0     SLEET                      0
FOG                      26     FOG W/VIS <= 1/4 MILE      4
HAZE                      5

-  INDICATES NEGATIVE NUMBERS.
R  INDICATES RECORD WAS SET OR TIED.
MM INDICATES DATA IS MISSING.
T  INDICATES TRACE AMOUNT.

$$
