000
CXUS54 KBMX 011018
CLMANB


CLIMATE REPORT
NATIONAL WEATHER SERVICE BIRMINGHAM, AL
518 AM CDT THU JUN 1 2017

...................................

...THE ANNISTON CLIMATE SUMMARY FOR THE MONTH OF MAY 2017...

CLIMATE NORMAL PERIOD 1981 TO 2010
CLIMATE RECORD PERIOD 1903 TO 2017

WEATHER         OBSERVED          NORMAL  DEPART  LAST YEAR`S
                 VALUE   DATE(S)  VALUE   FROM    VALUE  DATE(S)
                                          NORMAL
................................................................
TEMPERATURE (F)
RECORD
 HIGH              98   05/16/1962
 LOW               34   05/13/1960
HIGHEST            90   05/19        MM      MM       94  05/31
LOWEST             43   05/06        MM      MM       44  05/06
AVG. MAXIMUM     80.3              81.0    -0.7     81.7
AVG. MINIMUM     57.1              58.8    -1.7     58.6
MEAN             68.7                               70.2
DAYS MAX >= 90      1               1.4    -0.4        3
DAYS MAX <= 32      0               0.0     0.0        0
DAYS MIN <= 32      0               0.0     0.0        0
DAYS MIN <= 0       0               0.0     0.0        0

PRECIPITATION (INCHES)
RECORD
 MAXIMUM        11.49   2003
 MINIMUM         0.14   2007
TOTALS           5.16              4.26    0.90     4.49
DAILY AVG.       0.17              0.14    0.03
DAYS >= .01        12               9.5     2.5
DAYS >= .10        10               6.7     3.3
DAYS >= .50         3               2.8     0.2
DAYS >= 1.00        1               1.2    -0.2

DEGREE_DAYS
COOLING TOTAL     160               178     -18      191
 SINCE 1/1        320               240      80      280
.................................................................

WIND (MPH)
AVERAGE WIND SPEED              5.1
HIGHEST WIND SPEED/DIRECTION    26/250    DATE  05/01
HIGHEST GUST SPEED/DIRECTION    38/340    DATE  05/28

AVERAGE RH (PERCENT)     75

WEATHER CONDITIONS. NUMBER OF DAYS WITH
THUNDERSTORM              0     MIXED PRECIP               0
HEAVY RAIN                8     RAIN                       8
LIGHT RAIN               15     FREEZING RAIN              0
LT FREEZING RAIN          0     HAIL                       0
HEAVY SNOW                0     SNOW                       0
LIGHT SNOW                0     SLEET                      0
FOG                      19     FOG W/VIS <= 1/4 MILE      0
HAZE                      3

-  INDICATES NEGATIVE NUMBERS.
R  INDICATES RECORD WAS SET OR TIED.
MM INDICATES DATA IS MISSING.
T  INDICATES TRACE AMOUNT.

$$
