597
CXUS53 KAPX 020141
CLMANJ


CLIMATE REPORT
NATIONAL WEATHER SERVICE GAYLORD MI
941 PM EDT FRI APR 1 2016

...................................

...THE SAULT STE MARIE MI CLIMATE SUMMARY FOR THE MONTH OF MARCH 2016...

CLIMATE NORMAL PERIOD 1981 TO 2010
CLIMATE RECORD PERIOD 1888 TO 2016

WEATHER         OBSERVED          NORMAL  DEPART  LAST YEAR`S
                 VALUE   DATE(S)  VALUE   FROM    VALUE  DATE(S)
                                          NORMAL
................................................................
TEMPERATURE (F)
RECORD
 HIGH              83   03/21/2012
 LOW              -28   03/11/1948
HIGHEST            55   03/12        MM      MM       47  03/16
LOWEST              4   03/03        MM      MM      -15  03/05
                        03/02
AVG. MAXIMUM     39.3              34.7     4.6     31.8
AVG. MINIMUM     25.2              17.9     7.3     12.2
MEAN             32.2              26.3     5.9     22.0
DAYS MAX >= 90      0               0.0     0.0        0
DAYS MAX <= 32      5              11.7    -6.7       13
DAYS MIN <= 32     23              27.8    -4.8       30
DAYS MIN <= 0       0               2.5    -2.5        5

PRECIPITATION (INCHES)
RECORD
 MAXIMUM           MM   MM
 MINIMUM           MM   MM
TOTALS           2.65              1.95    0.70     1.42
DAILY AVG.       0.09              0.06    0.03     0.05
DAYS >= .01        14              12.3     1.7       12
DAYS >= .10         9               5.3     3.7        3
DAYS >= .50         1               1.0     0.0        0
DAYS >= 1.00        0               0.1    -0.1        0
GREATEST
 24 HR. TOTAL    0.54   03/16 TO 03/17
 STORM TOTAL       MM
 (MM/DD(HH))            MM

SNOWFALL (INCHES)
RECORDS
 TOTAL             MM   MM
TOTALS           10.1              13.4    -3.3     17.1
SINCE 7/1        74.3             113.6   -39.3    165.8
SNOWDEPTH AVG.      6                16     -10       26
DAYS >= TRACE      14              10.1     3.9       16
DAYS >= 1.0         3               4.1    -1.1        5
GREATEST
 SNOW DEPTH        20   03/01                         32  03/04
 24 HR TOTAL      5.5   03/24 TO 03/24               4.5

DEGREE_DAYS
HEATING TOTAL    1008              1200    -192
 SINCE 7/1       6149              7326   -1177
COOLING TOTAL       0                 0       0
 SINCE 1/1          0                 0       0

FREEZE DATES
RECORD
 EARLIEST     MM
 LATEST       MM
EARLIEST                        MM
LATEST                          MM
.................................................................

WIND (MPH)
AVERAGE WIND SPEED              6.2
HIGHEST WIND SPEED/DIRECTION    23/090    DATE  03/16
HIGHEST GUST SPEED/DIRECTION    39/100    DATE  03/16

SKY COVER
POSSIBLE SUNSHINE (PERCENT)   MM
AVERAGE SKY COVER           0.60
NUMBER OF DAYS FAIR            9
NUMBER OF DAYS PC              8
NUMBER OF DAYS CLOUDY         14

AVERAGE RH (PERCENT)     70

WEATHER CONDITIONS. NUMBER OF DAYS WITH
THUNDERSTORM              0     MIXED PRECIP               0
HEAVY RAIN                1     RAIN                       5
LIGHT RAIN               11     FREEZING RAIN              0
LT FREEZING RAIN          0     HAIL                       0
HEAVY SNOW                1     SNOW                       1
LIGHT SNOW               12     SLEET                      0
FOG                      20     FOG W/VIS <= 1/4 MILE      5
HAZE                      8

-  INDICATES NEGATIVE NUMBERS.
R  INDICATES RECORD WAS SET OR TIED.
MM INDICATES DATA IS MISSING.
T  INDICATES TRACE AMOUNT.

$$
