581
CXUS51 KCTP 011143
CLMAOO

PHLCLMAOO 000
TTAA00 KCTP 011020


CLIMATE REPORT
NATIONAL WEATHER SERVICE STATE COLLEGE PA
740 AM EDT MON AUG 1 2016

...................................

...THE ALTOONA CLIMATE SUMMARY FOR THE MONTH OF JULY 2016...

CLIMATE NORMAL PERIOD 1981 TO 2010
CLIMATE RECORD PERIOD 1948 TO 2016

WEATHER         OBSERVED          NORMAL  DEPART  LAST YEAR`S
                 VALUE   DATE(S)  VALUE   FROM    VALUE  DATE(S)
                                          NORMAL
................................................................
TEMPERATURE (F)
RECORD
 HIGH             103   07/22/2011
 LOW               41   07/21/1966
HIGHEST            95   07/25                         88  07/19
                        07/24
LOWEST             51   07/03                         48  07/16
AVG. MAXIMUM     85.2              81.4     3.8     81.1
AVG. MINIMUM     62.4              59.9     2.5     60.2
MEAN             73.8              70.6     3.2     70.6
DAYS MAX >= 90      8                MM      MM        0
DAYS MAX <= 32      0                MM      MM        0
DAYS MIN <= 32      0                MM      MM        0
DAYS MIN <= 0       0                MM      MM        0

PRECIPITATION (INCHES)
RECORD
 MAXIMUM         8.74   1989
 MINIMUM         0.98   2002
TOTALS           1.78              3.26   -1.48     5.66
DAILY AVG.       0.06              0.11   -0.05     0.18
DAYS >= .01         8                MM      MM       12
DAYS >= .10         5                MM      MM        8
DAYS >= .50         1                MM      MM        4
DAYS >= 1.00        0                MM      MM        3
GREATEST
 24 HR. TOTAL    0.53   07/30 TO 07/30
                        07/29 TO 07/30
                        07/30 TO 07/30

DEGREE_DAYS
HEATING TOTAL       4                10      -6        3
 SINCE 7/1          4                10      -6        3
COOLING TOTAL     287               185     102      186
 SINCE 1/1        471               327     144      438
......................................................

WIND (MPH)
AVERAGE WIND SPEED              5.3
HIGHEST WIND SPEED/DIRECTION    30/310    DATE  07/25
HIGHEST GUST SPEED/DIRECTION    42/320    DATE  07/24

SKY COVER
POSSIBLE SUNSHINE (PERCENT)   MM
AVERAGE SKY COVER           0.30
NUMBER OF DAYS FAIR           22
NUMBER OF DAYS PC              7
NUMBER OF DAYS CLOUDY          2

AVERAGE RH (PERCENT)     67

WEATHER CONDITIONS. NUMBER OF DAYS WITH
THUNDERSTORM              7     MIXED PRECIP               0
HEAVY RAIN                3     RAIN                       7
LIGHT RAIN               11     FREEZING RAIN              0
LT FREEZING RAIN          0     HAIL                       0
HEAVY SNOW                0     SNOW                       0
LIGHT SNOW                0     SLEET                      0
FOG                      15     FOG W/VIS <= 1/4 MILE      3
HAZE                      2

-  INDICATES NEGATIVE NUMBERS.
R  INDICATES RECORD WAS SET OR TIED.
MM INDICATES DATA IS MISSING.
T  INDICATES TRACE AMOUNT.

&&

A WARM JULY. 8 DAYS WITH HIGH TEMPERATURE OF 90 DEGREES OR HIGHER.

$$

MARTIN
