300
CXUS51 KCTP 010921
CLMAOO

CLIMATE REPORT
NATIONAL WEATHER SERVICE STATE COLLEGE PA
420 AM EST THU DEC 1 2016

...................................

...THE ALTOONA CLIMATE SUMMARY FOR THE MONTH OF NOVEMBER 2016...

CLIMATE NORMAL PERIOD 1981 TO 2010
CLIMATE RECORD PERIOD 1948 TO 2016

WEATHER         OBSERVED          NORMAL  DEPART  LAST YEAR`S
                 VALUE   DATE(S)  VALUE   FROM    VALUE  DATE(S)
                                          NORMAL
................................................................
TEMPERATURE (F)
RECORD
 HIGH              79   11/01/1950
 LOW                7   11/26/1950
                        11/25/1950
HIGHEST            76   11/02                         77  11/05
LOWEST             23   11/23                         23  11/23
AVG. MAXIMUM     55.1              49.7     5.4     57.1
AVG. MINIMUM     34.4              33.4     1.0     38.1
MEAN             44.8              41.6     3.2     47.6
DAYS MAX >= 90      0                MM      MM        0
DAYS MAX <= 32      1                MM      MM        0
DAYS MIN <= 32     10                MM      MM        9
DAYS MIN <= 0       0                MM      MM        0

PRECIPITATION (INCHES)
RECORD
 MAXIMUM        10.90   1997
 MINIMUM         0.47   2012
TOTALS           1.63              3.23   -1.60     1.32
DAILY AVG.       0.05              0.11   -0.06     0.04
DAYS >= .01         7                MM      MM        9
DAYS >= .10         4                MM      MM        3
DAYS >= .50         1                MM      MM        1
DAYS >= 1.00        0                MM      MM        0
GREATEST
 24 HR. TOTAL    0.81   11/30 TO 11/30


DEGREE_DAYS
HEATING TOTAL     598               704    -106      515
 SINCE 7/1        991              1310    -319      993
COOLING TOTAL       0                 0       0        0
 SINCE 1/1        873               522     351      696
.......................................................

WIND (MPH)
AVERAGE WIND SPEED              7.2
HIGHEST WIND SPEED/DIRECTION    38/290    DATE  11/21
HIGHEST GUST SPEED/DIRECTION    57/300    DATE  11/20

SKY COVER
POSSIBLE SUNSHINE (PERCENT)   MM
AVERAGE SKY COVER           0.40
NUMBER OF DAYS FAIR           16
NUMBER OF DAYS PC              6
NUMBER OF DAYS CLOUDY          8

AVERAGE RH (PERCENT)     66

WEATHER CONDITIONS. NUMBER OF DAYS WITH
THUNDERSTORM              0     MIXED PRECIP               0
HEAVY RAIN                3     RAIN                       3
LIGHT RAIN                9     FREEZING RAIN              0
LT FREEZING RAIN          0     HAIL                       0
HEAVY SNOW                0     SNOW                       0
LIGHT SNOW                3     SLEET                      0
FOG                      13     FOG W/VIS <= 1/4 MILE      3
HAZE                      5

-  INDICATES NEGATIVE NUMBERS.
R  INDICATES RECORD WAS SET OR TIED.
MM INDICATES DATA IS MISSING.
T  INDICATES TRACE AMOUNT.

$$

LA CORTE
