000
CXUS52 KMFL 011412
CLMAPF


CLIMATE REPORT
NATIONAL WEATHER SERVICE MIAMI, FL
1005 AM EDT SUN MAY 1 2016

...................................

...THE NAPLES CLIMATE SUMMARY FOR THE MONTH OF APRIL 2016...

CLIMATE NORMAL PERIOD 1981 TO 2010
CLIMATE RECORD PERIOD 1942 TO 2016

WEATHER         OBSERVED          NORMAL  DEPART  LAST YEAR`S
                 VALUE   DATE(S)  VALUE   FROM    VALUE  DATE(S)
                                          NORMAL
................................................................
TEMPERATURE (F)
RECORD
 HIGH              95   04/14/1965
 LOW               39   04/08/1971
HIGHEST            91   04/30                         90  04/27
LOWEST             55   04/10                         62  04/01
AVG. MAXIMUM     84.9              83.2     1.7     86.5
AVG. MINIMUM     66.0              63.4     2.6     70.4
MEAN             75.4              73.3     2.1     78.5
DAYS MAX >= 90      1                                  1
DAYS MAX <= 32      0                                  0
DAYS MIN <= 32      0                                  0
DAYS MIN <= 0       0                                  0

PRECIPITATION (INCHES)
RECORD
 MAXIMUM         7.73   1997
 MINIMUM         0.00   1970
                        1967
                        1946
TOTALS           0.47              2.36   -1.89     1.75
DAILY AVG.       0.02              0.08   -0.06     0.06
DAYS >= .01         4                                  8
DAYS >= .10         3                                  3
DAYS >= .50         0                                  1
DAYS >= 1.00        0                                  1
GREATEST
 24 HR. TOTAL    0.19   04/26 TO 04/26              1.40

DEGREE_DAYS
HEATING TOTAL       0                 4      -4        0
 SINCE 7/1        142               260    -118      198
COOLING TOTAL     322               253      69      413
 SINCE 1/1        744               620     124      893
.................................................................

WIND (MPH)
AVERAGE WIND SPEED              8.5
HIGHEST WIND SPEED/DIRECTION    24/080    DATE  04/17
HIGHEST GUST SPEED/DIRECTION    30/070    DATE  04/17

SKY COVER
POSSIBLE SUNSHINE (PERCENT)   MM
AVERAGE SKY COVER           0.30
NUMBER OF DAYS FAIR           21
NUMBER OF DAYS PC              9
NUMBER OF DAYS CLOUDY          0

AVERAGE RH (PERCENT)     68

WEATHER CONDITIONS. NUMBER OF DAYS WITH
THUNDERSTORM              2     MIXED PRECIP               0
HEAVY RAIN                1     RAIN                       3
LIGHT RAIN                4     FREEZING RAIN              0
LT FREEZING RAIN          0     HAIL                       0
HEAVY SNOW                0     SNOW                       0
LIGHT SNOW                0     SLEET                      0
FOG                       5     FOG W/VIS <= 1/4 MILE      0
HAZE                      3

-  INDICATES NEGATIVE NUMBERS.
R  INDICATES RECORD WAS SET OR TIED.
MM INDICATES DATA IS MISSING.
T  INDICATES TRACE AMOUNT.

$$
