000
CXUS51 KBUF 020026
CLMART


CLIMATE REPORT
NATIONAL WEATHER SERVICE BUFFALO NY
607 PM EDT MON JUN 1 2015

...................................

...THE WATERTOWN NY CLIMATE SUMMARY FOR THE MONTH OF MAY 2015...

CLIMATE NORMAL PERIOD 1981 TO 2010
CLIMATE RECORD PERIOD 1949 TO 2015

WEATHER         OBSERVED          NORMAL  DEPART  LAST YEAR`S
                 VALUE   DATE(S)  VALUE   FROM    VALUE  DATE(S)
                                          NORMAL
................................................................
TEMPERATURE (F)
RECORD
 HIGH              88   05/31/2013
                        05/31/2010
                        07/09/1936
 LOW               18   05/07/1966
HIGHEST            87   05/09                         86  05/15
LOWEST             26   05/23                         30  05/07
AVG. MAXIMUM     72.3              65.8     6.5     67.9
AVG. MINIMUM     46.1              43.4     2.7     46.0
MEAN             59.2              54.6     4.6     57.0
DAYS MAX >= 90      0               0.0     0.0        0
DAYS MAX <= 32      0               0.0     0.0        0
DAYS MIN <= 32      3               2.4     0.6        1
DAYS MIN <= 0       0               0.0     0.0        0

PRECIPITATION (INCHES)
RECORD
 MAXIMUM         6.22   1982
 MINIMUM         0.33   1973
TOTALS           1.79              3.07   -1.28     3.46
DAYS >= .01        12              12.4    -0.4       16
DAYS >= .10         5               7.7    -2.7       11
DAYS >= .50         1               1.8    -0.8        1
DAYS >= 1.00        0               0.3    -0.3        0
GREATEST
 24 HR. TOTAL    0.61   05/31 TO 05/31

DEGREE_DAYS
HEATING TOTAL     217               333    -116      266
 SINCE 7/1       7545              7476      69     7861
COOLING TOTAL      46                10      36       23
 SINCE 1/1         46                11      35       23
..................................................

WIND (MPH)
AVERAGE WIND SPEED              7.9
HIGHEST WIND SPEED/DIRECTION    28/260    DATE  05/12
HIGHEST GUST SPEED/DIRECTION    35/260    DATE  05/12
                                35/210    DATE  05/30

SKY COVER
POSSIBLE SUNSHINE (PERCENT)   MM
AVERAGE SKY COVER           0.30
NUMBER OF DAYS FAIR           15
NUMBER OF DAYS PC             13
NUMBER OF DAYS CLOUDY          3

AVERAGE RH (PERCENT)     66

WEATHER CONDITIONS. NUMBER OF DAYS WITH
THUNDERSTORM              3     MIXED PRECIP               0
HEAVY RAIN                5     RAIN                       5
LIGHT RAIN               13     FREEZING RAIN              0
LT FREEZING RAIN          0     HAIL                       0
HEAVY SNOW                0     SNOW                       0
LIGHT SNOW                0     SLEET                      0
FOG                      19     FOG W/VIS <= 1/4 MILE      2
HAZE                      2

-  INDICATES NEGATIVE NUMBERS.
R  INDICATES RECORD WAS SET OR TIED.
MM INDICATES DATA IS MISSING.
T  INDICATES TRACE AMOUNT.

$$
