000
CXUS42 KFFC 011311
CLMATL


CLIMATE REPORT
NATIONAL WEATHER SERVICE PEACHTREE CITY GA
911 AM EDT SAT OCT 1 2016

...................................

...THE ATLANTA CLIMATE SUMMARY FOR THE MONTH OF SEPTEMBER 2016...

CLIMATE NORMAL PERIOD 1981 TO 2010
CLIMATE RECORD PERIOD 1878 TO 2016

WEATHER         OBSERVED          NORMAL  DEPART  LAST YEAR`S
                 VALUE   DATE(S)  VALUE   FROM    VALUE  DATE(S)
                                          NORMAL
................................................................
TEMPERATURE (F)
RECORD
 HIGH             102   09/08/1925
                        09/07/1925
                        09/05/1925
 LOW               36   09/30/1967
HIGHEST            93   09/15        MM      MM       92  09/04
                        09/09
                        09/08
LOWEST             52   09/30        MM      MM       53  09/13
AVG. MAXIMUM     88.2              82.2     6.0     81.4
AVG. MINIMUM     69.3              64.8     4.5     65.7
MEAN             78.8              73.5     5.3     73.5
DAYS MAX >= 90     14               2.4    11.6        2
DAYS MAX <= 32      0               0.0     0.0        0
DAYS MIN <= 32      0               0.0     0.0        0
DAYS MIN <= 0       0               0.0     0.0        0

PRECIPITATION (INCHES)
RECORD
 MAXIMUM        14.26   1888
 MINIMUM         0.04   1984
TOTALS           3.43              4.47   -1.04     3.93
DAILY AVG.       0.11              0.15   -0.04     0.13
DAYS >= .01         4               7.5    -3.5       12
DAYS >= .10         3               5.1    -2.1        9
DAYS >= .50         3               2.7     0.3        3
DAYS >= 1.00        1               1.4    -0.4        0
GREATEST
 24 HR. TOTAL    2.66   09/01 TO 09/02           09/24 TO 09/25
                                                          09/30 TO 09/30
                                                          09/30 TO 09/30

DEGREE_DAYS
HEATING TOTAL       1                11     -10        1
 SINCE 7/1          1                11     -10        1
COOLING TOTAL     421               266     155      266
 SINCE 1/1       2371              1805     566     2058
.................................................

WIND (MPH)
AVERAGE WIND SPEED              6.2
HIGHEST WIND SPEED/DIRECTION    31/180    DATE  09/01
HIGHEST GUST SPEED/DIRECTION    42/190    DATE  09/01

SKY COVER
POSSIBLE SUNSHINE (PERCENT)   MM
AVERAGE SKY COVER           0.40
NUMBER OF DAYS FAIR           14
NUMBER OF DAYS PC             13
NUMBER OF DAYS CLOUDY          3

AVERAGE RH (PERCENT)     64

WEATHER CONDITIONS. NUMBER OF DAYS WITH
THUNDERSTORM              0     MIXED PRECIP               0
HEAVY RAIN                2     RAIN                       2
LIGHT RAIN                4     FREEZING RAIN              0
LT FREEZING RAIN          0     HAIL                       0
HEAVY SNOW                0     SNOW                       0
LIGHT SNOW                0     SLEET                      0
FOG                       4     FOG W/VIS <= 1/4 MILE      0
HAZE                      0

-  INDICATES NEGATIVE NUMBERS.
R  INDICATES RECORD WAS SET OR TIED.
MM INDICATES DATA IS MISSING.
T  INDICATES TRACE AMOUNT.

$$
