000
CXUS42 KFFC 060807
CLMATL


CLIMATE REPORT
NATIONAL WEATHER SERVICE PEACHTREE CITY GA
406 AM EDT WED APR 6 2016

...................................

...THE ATLANTA CLIMATE SUMMARY FOR THE MONTH OF MARCH 2016...

CLIMATE NORMAL PERIOD 1981 TO 2010
CLIMATE RECORD PERIOD 1878 TO 2016

WEATHER         OBSERVED          NORMAL  DEPART  LAST YEAR`S
                 VALUE   DATE(S)  VALUE   FROM    VALUE  DATE(S)
                                          NORMAL
................................................................
TEMPERATURE (F)
RECORD
 HIGH              89   03/23/1995
 LOW               10   03/05/1960
HIGHEST            85   03/15        89      -4       83  03/16
LOWEST             35   03/05        11      24       27  03/06
AVG. MAXIMUM     70.4              64.6     5.8     67.6
AVG. MINIMUM     50.5              44.1     6.4     47.6
MEAN             60.5              54.3     6.2     57.6
DAYS MAX >= 90      0               0.0     0.0        0
DAYS MAX <= 32      0               0.0     0.0        0
DAYS MIN <= 32      0               2.9    -2.9        4
DAYS MIN <= 0       0               0.0     0.0        0

PRECIPITATION (INCHES)
RECORD
 MAXIMUM        13.28   1929
 MINIMUM         0.88   1905
TOTALS           2.21              4.81   -2.60     2.98
DAILY AVG.       0.07              0.16   -0.09     0.10
DAYS >= .01         8               9.7    -1.7       17
DAYS >= .10         5               6.4    -1.4        7
DAYS >= .50         1               3.1    -2.1        1
DAYS >= 1.00        1               1.6    -0.6        1
GREATEST
 24 HR. TOTAL    1.16   03/02 TO 03/03           03/22 TO 03/22
                                                          03/30 TO 03/30
                                                          03/30 TO 03/30

SNOWFALL (INCHES)
RECORDS
 TOTAL              T   2013
                        2008
 24 HR TOTAL        T   03/26/2013 TO 03/26/2013
TOTALS              TR              0.8    -0.8      0.0
SINCE 7/1         0.3               2.9    -2.6        T
SNOWDEPTH AVG.      0                MM      MM        0
DAYS >= TRACE       1               0.3     0.7        0
DAYS >= 1.0         0               0.2    -0.2        0
GREATEST
 24 HR TOTAL        TR  03/03 TO 03/03           03/30 TO 03/30
                                                          03/30 TO 03/30
                                                          03/30 TO 03/30

DEGREE_DAYS
HEATING TOTAL     170               342    -172      237
 SINCE 7/1       1885              2597    -712     2595
COOLING TOTAL      38                12      26       15
 SINCE 1/1         38                13      25       15
.................................................

WIND (MPH)
AVERAGE WIND SPEED              8.8
HIGHEST WIND SPEED/DIRECTION    46/170    DATE  03/24
HIGHEST GUST SPEED/DIRECTION    57/170    DATE  03/24

SKY COVER
POSSIBLE SUNSHINE (PERCENT)   MM
AVERAGE SKY COVER           0.60
NUMBER OF DAYS FAIR            8
NUMBER OF DAYS PC             13
NUMBER OF DAYS CLOUDY         10

AVERAGE RH (PERCENT)     61

WEATHER CONDITIONS. NUMBER OF DAYS WITH
THUNDERSTORM              0     MIXED PRECIP               0
HEAVY RAIN                1     RAIN                       5
LIGHT RAIN               14     FREEZING RAIN              0
LT FREEZING RAIN          0     HAIL                       0
HEAVY SNOW                0     SNOW                       0
LIGHT SNOW                0     SLEET                      1
FOG                      10     FOG W/VIS <= 1/4 MILE      4
HAZE                      3

-  INDICATES NEGATIVE NUMBERS.
R  INDICATES RECORD WAS SET OR TIED.
MM INDICATES DATA IS MISSING.
T  INDICATES TRACE AMOUNT.

$$
