000
CXUS42 KFFC 050321
CLMATL


CLIMATE REPORT
NATIONAL WEATHER SERVICE PEACHTREE CITY GA
1121 PM EDT SAT JUL 4 2015

...................................

...THE ATLANTA CLIMATE SUMMARY FOR THE MONTH OF JUNE 2015...

CLIMATE NORMAL PERIOD 1981 TO 2010
CLIMATE RECORD PERIOD 1878 TO 2015

WEATHER         OBSERVED          NORMAL  DEPART  LAST YEAR`S
                 VALUE   DATE(S)  VALUE   FROM    VALUE  DATE(S)
                                          NORMAL
................................................................
TEMPERATURE (F)
RECORD
 HIGH             106   06/30/2012
 LOW               39   06/01/1889
HIGHEST            95   06/18        99      -4       93  06/19
LOWEST             64   06/04        48      16       65  06/14
                                                          06/02
AVG. MAXIMUM     88.5              86.4     2.1     86.9
AVG. MINIMUM     70.7              68.2     2.5     69.5
MEAN             79.6              77.3     2.3     78.2
DAYS MAX >= 90     12               8.6     3.4        6
DAYS MAX <= 32      0               0.0     0.0        0
DAYS MIN <= 32      0               0.0     0.0        0
DAYS MIN <= 0       0               0.0     0.0        0

PRECIPITATION (INCHES)
RECORD
 MAXIMUM        11.21   1912
 MINIMUM         0.16   1988
TOTALS           6.91              3.95    2.96     5.10
DAILY AVG.       0.23              0.13    0.10     0.17
DAYS >= .01        12               9.9     2.1       16
DAYS >= .10         8               6.6     1.4       10
DAYS >= .50         5               2.7     2.3        4
DAYS >= 1.00        4               1.0     3.0        0
GREATEST
 24 HR. TOTAL    1.95   06/10 TO 06/11           06/29 TO 06/30
                                                          06/30 TO 06/30
                                                          06/30 TO 06/30

DEGREE_DAYS
HEATING TOTAL       0                 2      -2        0
 SINCE 7/1       2656              2768    -112     2929
COOLING TOTAL     446               371      75      405
 SINCE 1/1        805               621     184      688
.................................................

WIND (MPH)
AVERAGE WIND SPEED              6.0
HIGHEST WIND SPEED/DIRECTION    37/340    DATE  06/24
HIGHEST GUST SPEED/DIRECTION    45/330    DATE  06/24

SKY COVER
POSSIBLE SUNSHINE (PERCENT)    0
AVERAGE SKY COVER           0.50
NUMBER OF DAYS FAIR            4
NUMBER OF DAYS PC             21
NUMBER OF DAYS CLOUDY          5

AVERAGE RH (PERCENT)     67

WEATHER CONDITIONS. NUMBER OF DAYS WITH
THUNDERSTORM              0     MIXED PRECIP               0
HEAVY RAIN                7     RAIN                       9
LIGHT RAIN               12     FREEZING RAIN              0
LT FREEZING RAIN          0     HAIL                       0
HEAVY SNOW                0     SNOW                       0
LIGHT SNOW                0     SLEET                      0
FOG                       6     FOG W/VIS <= 1/4 MILE      0
HAZE                      2

-  INDICATES NEGATIVE NUMBERS.
R  INDICATES RECORD WAS SET OR TIED.
MM INDICATES DATA IS MISSING.
T  INDICATES TRACE AMOUNT.

$$
