000
CXUS53 KABR 011558
CLMATY


CLIMATE REPORT
NATIONAL WEATHER SERVICE ABERDEEN SD
1058 AM CDT WED JUL 1 2015

...................................

...THE WATERTOWN SD CLIMATE SUMMARY FOR THE MONTH OF JUNE 2015...

CLIMATE NORMAL PERIOD 1981 TO 2010
CLIMATE RECORD PERIOD 1898 TO 2015

WEATHER         OBSERVED          NORMAL  DEPART  LAST YEAR`S
                 VALUE   DATE(S)  VALUE   FROM    VALUE  DATE(S)
                                          NORMAL
................................................................
TEMPERATURE (F)
RECORD
 HIGH             107   06/28/1931
 LOW               30   06/02/1946
                        06/09/1915
HIGHEST            96   06/09        MM      MM       86  06/21
LOWEST             45   06/12        MM      MM       42  06/08
AVG. MAXIMUM     78.2              76.7     1.5     74.9
AVG. MINIMUM     56.0              54.5     1.5     54.5
MEAN             67.1              65.6     1.5     64.7
DAYS MAX >= 90      1               1.5    -0.5        0
DAYS MAX <= 32      0               0.0     0.0        0
DAYS MIN <= 32      0               0.0     0.0        0
DAYS MIN <= 0       0               0.0     0.0        0

PRECIPITATION (INCHES)
RECORD
 MAXIMUM        11.37   1991
 MINIMUM         0.33   1950
TOTALS           2.93              3.58   -0.65     4.60
DAYS >= .01         9              11.2    -2.2       13
DAYS >= .10         7               7.0     0.0        9
DAYS >= .50         3               2.4     0.6        3
DAYS >= 1.00        0               1.0    -1.0        1

SNOWFALL (INCHES)
RECORDS
 TOTAL             MM   MM
 SNOW DEPTH        MM   MM
TOTALS            0.0               0.0     0.0      0.0
SINCE 7/1        25.3              35.9   -10.6     28.2
SNOWDEPTH AVG.      0                MM      MM        0
DAYS >= TRACE       0               0.0     0.0        0
DAYS >= 1.0         0               0.0     0.0        0
GREATEST
 SNOW DEPTH         0   MM                             0  MM

DEGREE_DAYS
HEATING TOTAL      27                78     -51       63
 SINCE 7/1       8223              8525    -302     9336
COOLING TOTAL      97                96       1       61
 SINCE 1/1        105               118     -13      102

FREEZE DATES
RECORD
 EARLIEST     MM
 LATEST       MM
EARLIEST      11/01             MM
LATEST        05/09             MM
.................................................................

WIND (MPH)
AVERAGE WIND SPEED              8.6
RESULTANT WIND SPEED/DIRECTION   1/100
HIGHEST WIND SPEED/DIRECTION    35/340    DATE  06/22
HIGHEST GUST SPEED/DIRECTION    53/160    DATE  06/14

SKY COVER
POSSIBLE SUNSHINE (PERCENT)   MM
AVERAGE SKY COVER           0.30
NUMBER OF DAYS FAIR           21
NUMBER OF DAYS PC              7
NUMBER OF DAYS CLOUDY          2

AVERAGE RH (PERCENT)     70

WEATHER CONDITIONS. NUMBER OF DAYS WITH
THUNDERSTORM              0     MIXED PRECIP               0
HEAVY RAIN                4     RAIN                       8
LIGHT RAIN                8     FREEZING RAIN              0
LT FREEZING RAIN          0     HAIL                       0
HEAVY SNOW                0     SNOW                       0
LIGHT SNOW                0     SLEET                      0
FOG                      15     FOG W/VIS <= 1/4 MILE      3
HAZE                      2

-  INDICATES NEGATIVE NUMBERS.
R  INDICATES RECORD WAS SET OR TIED.
MM INDICATES DATA IS MISSING.
T  INDICATES TRACE AMOUNT.

$$
