000
CXUS52 KGSP 011230 CCA
CLMAVL

CLIMATE REPORT
NATIONAL WEATHER SERVICE GREENVILLE-SPARTANBURG SC
742 AM EDT MON AUG 1 2016

...................................

...THE ASHEVILLE CLIMATE SUMMARY FOR THE MONTH OF JULY 2016...

CLIMATE NORMAL PERIOD 1981 TO 2010
CLIMATE RECORD PERIOD 1869 TO 2016

WEATHER         OBSERVED          NORMAL  DEPART  LAST YEAR`S
                 VALUE   DATE(S)  VALUE   FROM    VALUE  DATE(S)
                                          NORMAL
................................................................
TEMPERATURE (F)
RECORD
 HIGH              99   07/10/1936
 LOW               44   07/02/1988
HIGHEST            92   07/27        MM      MM       92  07/09
                        07/08
LOWEST             62   07/02        MM      MM       60  07/07
AVG. MAXIMUM     88.0              84.0     4.0     85.6
AVG. MINIMUM     66.3              63.7     2.6     65.8
MEAN             77.1              73.8     3.3     75.7
DAYS MAX >= 90      9               3.1     5.9        7
DAYS MAX <= 32      0               0.0     0.0        0
DAYS MIN <= 32      0               0.0     0.0        0
DAYS MIN <= 0       0               0.0     0.0        0

PRECIPITATION (INCHES)
RECORD
 MAXIMUM        13.69   2013
 MINIMUM         0.46   1986
TOTALS           4.39              4.31    0.08     2.66
DAILY AVG.       0.14              0.14    0.00     0.09
DAYS >= .01        19              12.9     6.1       14
DAYS >= .10         9               8.1     0.9        5
DAYS >= .50         3               3.0     0.0        2
DAYS >= 1.00        0               0.9    -0.9        0

GREATEST
24 HR. TOTAL    0.97   07/06 TO 07/07               07/18 TO 07/18

STORM TOTAL      MM                                      MM
(MM/DD(HH))      MM                           07/18(00) TO 07/18(00)

DEGREE_DAYS
HEATING TOTAL       0                 0       0        0
 SINCE 7/1          0                 0       0        0
COOLING TOTAL     383               275     108      340
 SINCE 1/1        733               510     223      725

FREEZE DATES
RECORD
 EARLIEST     MM
 LATEST       MM
EARLIEST      10/19                  MM
LATEST        04/10                  MM
..................................................

WIND (MPH)
AVERAGE WIND SPEED              4.6
HIGHEST WIND SPEED/DIRECTION    38/300    DATE  07/06
HIGHEST GUST SPEED/DIRECTION    55/230    DATE  07/06

SKY COVER
POSSIBLE SUNSHINE (PERCENT)   MM
AVERAGE SKY COVER           0.30
NUMBER OF DAYS FAIR           22
NUMBER OF DAYS PC              9
NUMBER OF DAYS CLOUDY          0

AVERAGE RH (PERCENT)     69

WEATHER CONDITIONS. NUMBER OF DAYS WITH
THUNDERSTORM        22    MIXED PRECIP           0
HEAVY RAIN          9     RAIN                   10
LIGHT RAIN          22    FREEZING RAIN          0
LT. FREEZING RAIN   0     HAIL                   0
HEAVY SNOW          0     SNOW                   0
LIGHT SNOW          0     SLEET                  0
FOG                 19    FOG W/VIS <= 1/4 MILE  5
HAZE                9


-  INDICATES NEGATIVE NUMBERS.
R  INDICATES RECORD WAS SET OR TIED.
MM INDICATES DATA IS MISSING.
T  INDICATES TRACE AMOUNT.

$$

LEV
